{"id":400371,"date":"2023-02-27T04:26:08","date_gmt":"2023-02-27T03:26:08","guid":{"rendered":"https:\/\/www.claret.cat\/llibre\/aliu-alau-9788447922789\/"},"modified":"2024-08-30T17:45:28","modified_gmt":"2024-08-30T15:45:28","slug":"aliu-alau-9788447922789","status":"publish","type":"product","link":"https:\/\/www.claret.cat\/es\/libro\/aliu-alau-9788447922789\/","title":{"rendered":"ALIU, ALAU"},"content":{"rendered":"<p>En el llibre s&#8221;hi troben una selecci\u00f3 de deu can\u00e7ons. Per passar-ho b\u00e9 escoltant-les, cantant-leso ballant-les i per aprofundir en l&#8221;estimaci\u00f3 i el respecte cap a tots els \u00e9ssers vius.<\/p>\n","protected":false},"excerpt":{"rendered":"<p>GIM\u00c9NEZ I FAJARDO, TONI<\/p>\n","protected":false},"featured_media":976992,"template":"","meta":{"_acf_changed":false,"om_disable_all_campaigns":false,"rs_blank_template":"","rs_page_bg_color":"","slide_template_v7":"","inline_featured_image":false,"_monsterinsights_skip_tracking":false,"_monsterinsights_sitenote_active":false,"_monsterinsights_sitenote_note":"","_monsterinsights_sitenote_category":0},"product_brand":[],"product_cat":[86,352],"product_tag":[],"class_list":{"0":"post-400371","1":"product","2":"type-product","3":"status-publish","4":"has-post-thumbnail","6":"product_cat-infantil","7":"product_cat-infantil-3_infantil-juvenil-spa","9":"first","10":"outofstock","11":"taxable","12":"shipping-taxable","13":"purchasable","14":"product-type-simple"},"acf":{"autor":"GIM\u00c9NEZ I FAJARDO, TONI","codart":"844792278","libros-coleccion":"","ediciones":"1","encuadernacion":"Carton\u00e9","fecha_de_publicacion":"01\/03\/2011","novedad":"0","paginas":"28","subtitulo":"","orden":"999","portada":"0","idioma":"cat","editorial":[{"ID":262028,"post_author":"3","post_date":"2022-10-24 11:18:59","post_date_gmt":"2022-10-24 09:18:59","post_content":"","post_title":"Edicions Baula","post_excerpt":"","post_status":"publish","comment_status":"closed","ping_status":"closed","post_password":"","post_name":"edicions-baula","to_ping":"","pinged":"","post_modified":"2022-10-24 11:18:59","post_modified_gmt":"2022-10-24 09:18:59","post_content_filtered":"","post_parent":0,"guid":"http:\/\/dev.claret.cat\/editorial\/edicions-baula\/","menu_order":0,"post_type":"editorial","post_mime_type":"","comment_count":"0","filter":"raw"}],"autores-libros":[{"ID":400370,"post_author":"3","post_date":"2023-02-27 04:26:06","post_date_gmt":"2023-02-27 03:26:06","post_content":"","post_title":"MERCE ARANEGA","post_excerpt":"","post_status":"publish","comment_status":"closed","ping_status":"closed","post_password":"","post_name":"merce-aranega","to_ping":"","pinged":"","post_modified":"2023-02-27 04:26:06","post_modified_gmt":"2023-02-27 03:26:06","post_content_filtered":"","post_parent":0,"guid":"https:\/\/www.claret.cat\/autor\/merce-aranega\/","menu_order":0,"post_type":"autor","post_mime_type":"","comment_count":"0","filter":"raw"},{"ID":170542,"post_author":"3","post_date":"2022-10-14 22:36:11","post_date_gmt":"2022-10-14 20:36:11","post_content":"","post_title":"TONI GIMENEZ","post_excerpt":"","post_status":"publish","comment_status":"closed","ping_status":"closed","post_password":"","post_name":"toni-gimenez","to_ping":"","pinged":"","post_modified":"2022-10-14 22:36:11","post_modified_gmt":"2022-10-14 20:36:11","post_content_filtered":"","post_parent":0,"guid":"http:\/\/dev.claret.cat\/autor\/toni-gimenez\/","menu_order":0,"post_type":"autor","post_mime_type":"","comment_count":"0","filter":"raw"}]},"aioseo_notices":[],"_links":{"self":[{"href":"https:\/\/www.claret.cat\/es\/wp-json\/wp\/v2\/product\/400371","targetHints":{"allow":["GET"]}}],"collection":[{"href":"https:\/\/www.claret.cat\/es\/wp-json\/wp\/v2\/product"}],"about":[{"href":"https:\/\/www.claret.cat\/es\/wp-json\/wp\/v2\/types\/product"}],"wp:featuredmedia":[{"embeddable":true,"href":"https:\/\/www.claret.cat\/es\/wp-json\/wp\/v2\/media\/976992"}],"wp:attachment":[{"href":"https:\/\/www.claret.cat\/es\/wp-json\/wp\/v2\/media?parent=400371"}],"wp:term":[{"taxonomy":"product_brand","embeddable":true,"href":"https:\/\/www.claret.cat\/es\/wp-json\/wp\/v2\/product_brand?post=400371"},{"taxonomy":"product_cat","embeddable":true,"href":"https:\/\/www.claret.cat\/es\/wp-json\/wp\/v2\/product_cat?post=400371"},{"taxonomy":"product_tag","embeddable":true,"href":"https:\/\/www.claret.cat\/es\/wp-json\/wp\/v2\/product_tag?post=400371"}],"curies":[{"name":"wp","href":"https:\/\/api.w.org\/{rel}","templated":true}]}}

<p>En el llibre s&#8221;hi troben una selecció de deu cançons. Per passar-ho bé escoltant-les, cantant-leso ballant-les i per aprofundir en l&#8221;estimació i el respecte cap a tots els éssers vius.</p>

<p>GIMÉNEZ I FAJARDO, TONI</p>

GIMÉNEZ I FAJARDO, TONI

Cartoné
