{"id":40044,"date":"2022-10-02T19:17:35","date_gmt":"2022-10-02T17:17:35","guid":{"rendered":"http:\/\/dev.claret.cat\/producte\/tinc-un-volca-edicio-especial-llibre-figura\/"},"modified":"2025-02-19T17:46:40","modified_gmt":"2025-02-19T16:46:40","slug":"tinc-un-volca-edicio-especial-llibre-figura-9788418522420","status":"publish","type":"product","link":"https:\/\/www.claret.cat\/es\/libro\/tinc-un-volca-edicio-especial-llibre-figura-9788418522420\/","title":{"rendered":"TINC UN VOLC\u00c0 (EDICI\u00d3 ESPECIAL LLIBRE + FIGURA)"},"content":{"rendered":"<p>L&#8217;\u00e8xit de Tinc un volc\u00e0 ha fet que la fada hagi pogut sortir del conte i arribar a tots els nens i nenes que la necessitin per poder apagar els volcans que tenen al seu interior.<\/p>\n","protected":false},"excerpt":{"rendered":"<p>TIRADO, M\u00cdRIAM \/ TURU, JOAN<\/p>\n","protected":false},"featured_media":313697,"template":"","meta":{"_acf_changed":false,"om_disable_all_campaigns":false,"rs_blank_template":"","rs_page_bg_color":"","slide_template_v7":"","inline_featured_image":false,"_monsterinsights_skip_tracking":false,"_monsterinsights_sitenote_active":false,"_monsterinsights_sitenote_note":"","_monsterinsights_sitenote_category":0},"product_brand":[],"product_cat":[131,361],"product_tag":[],"class_list":{"0":"post-40044","1":"product","2":"type-product","3":"status-publish","4":"has-post-thumbnail","6":"product_cat-contes-per-infants-0-6-anys","7":"product_cat-cuentos-para-ninos-0-6-anos","9":"first","10":"instock","11":"taxable","12":"shipping-taxable","13":"purchasable","14":"product-type-simple"},"acf":{"autor":"TIRADO, M\u00cdRIAM \/ TURU, JOAN","codart":"841852242","libros-coleccion":"Caleta","ediciones":"1","encuadernacion":"Carpeta","fecha_de_publicacion":"01\/03\/2022","novedad":"1","paginas":"28","subtitulo":"","orden":"0","portada":"0","idioma":"cat","autores-libros":[{"ID":5862,"post_author":"3","post_date":"2022-07-28 17:33:05","post_date_gmt":"2022-07-28 15:33:05","post_content":"","post_title":"M\u00cdRIAM TIRADO","post_excerpt":"","post_status":"publish","comment_status":"closed","ping_status":"closed","post_password":"","post_name":"miriam-tirado","to_ping":"","pinged":"","post_modified":"2022-07-28 17:33:05","post_modified_gmt":"2022-07-28 15:33:05","post_content_filtered":"","post_parent":0,"guid":"http:\/\/dev.claret.cat\/autor\/miriam-tirado\/","menu_order":0,"post_type":"autor","post_mime_type":"","comment_count":"0","filter":"raw"},{"ID":159442,"post_author":"3","post_date":"2022-10-14 15:44:53","post_date_gmt":"2022-10-14 13:44:53","post_content":"","post_title":"JOAN TURU","post_excerpt":"","post_status":"publish","comment_status":"closed","ping_status":"closed","post_password":"","post_name":"joan-turu","to_ping":"","pinged":"","post_modified":"2022-10-14 15:44:53","post_modified_gmt":"2022-10-14 13:44:53","post_content_filtered":"","post_parent":0,"guid":"http:\/\/dev.claret.cat\/autor\/joan-turu\/","menu_order":0,"post_type":"autor","post_mime_type":"","comment_count":"0","filter":"raw"}],"editorial":[{"ID":148063,"post_author":"3","post_date":"2022-10-14 11:55:21","post_date_gmt":"2022-10-14 09:55:21","post_content":"","post_title":"EL CEP I LA NANSA EDICIONS","post_excerpt":"","post_status":"publish","comment_status":"closed","ping_status":"closed","post_password":"","post_name":"el-cep-i-la-nansa-edicions","to_ping":"","pinged":"","post_modified":"2022-10-14 11:55:21","post_modified_gmt":"2022-10-14 09:55:21","post_content_filtered":"","post_parent":0,"guid":"http:\/\/dev.claret.cat\/editorial\/el-cep-i-la-nansa-edicions\/","menu_order":0,"post_type":"editorial","post_mime_type":"","comment_count":"0","filter":"raw"}]},"aioseo_notices":[],"_links":{"self":[{"href":"https:\/\/www.claret.cat\/es\/wp-json\/wp\/v2\/product\/40044","targetHints":{"allow":["GET"]}}],"collection":[{"href":"https:\/\/www.claret.cat\/es\/wp-json\/wp\/v2\/product"}],"about":[{"href":"https:\/\/www.claret.cat\/es\/wp-json\/wp\/v2\/types\/product"}],"wp:featuredmedia":[{"embeddable":true,"href":"https:\/\/www.claret.cat\/es\/wp-json\/wp\/v2\/media\/313697"}],"wp:attachment":[{"href":"https:\/\/www.claret.cat\/es\/wp-json\/wp\/v2\/media?parent=40044"}],"wp:term":[{"taxonomy":"product_brand","embeddable":true,"href":"https:\/\/www.claret.cat\/es\/wp-json\/wp\/v2\/product_brand?post=40044"},{"taxonomy":"product_cat","embeddable":true,"href":"https:\/\/www.claret.cat\/es\/wp-json\/wp\/v2\/product_cat?post=40044"},{"taxonomy":"product_tag","embeddable":true,"href":"https:\/\/www.claret.cat\/es\/wp-json\/wp\/v2\/product_tag?post=40044"}],"curies":[{"name":"wp","href":"https:\/\/api.w.org\/{rel}","templated":true}]}}

TINC UN VOLCÀ (EDICIÓ ESPECIAL LLIBRE + FIGURA)

<p>L&#8217;èxit de Tinc un volcà ha fet que la fada hagi pogut sortir del conte i arribar a tots els nens i nenes que la necessitin per poder apagar els volcans que tenen al seu interior.</p>

<p>TIRADO, MÍRIAM / TURU, JOAN</p>

TIRADO, MÍRIAM / TURU, JOAN

MÍRIAM TIRADO
