{"id":401049,"date":"2023-02-27T05:09:07","date_gmt":"2023-02-27T04:09:07","guid":{"rendered":"https:\/\/www.claret.cat\/llibre\/el-follet-oriol-i-la-llanca-magica-9788448931438\/"},"modified":"2023-02-27T05:09:12","modified_gmt":"2023-02-27T04:09:12","slug":"el-follet-oriol-i-la-llanca-magica-9788448931438","status":"publish","type":"product","link":"https:\/\/www.claret.cat\/es\/libro\/el-follet-oriol-i-la-llanca-magica-9788448931438\/","title":{"rendered":"EL FOLLET ORIOL I LA LLAN\u00c7A M\u00c0GICA"},"content":{"rendered":"<p>En aquesta nova aventura, el follet Oriol surt a la recerca de la llan\u00e7a que custodiava el seu poble, que ha estat robada per un cavaller per tal de defensar el seu poble d &apos; un temible drac. Per\u00f2 res no \u00e9s el que sembla: la llan\u00e7a no \u00e9s una simple llan\u00e7a i el drac no \u00e9s pas tan ferotge com el pinten. Aconseguir\u00e0 el follet Oriol recuperar la llan\u00e7a, conv\u00e8ncer el cavaller perqu\u00e8 no ataqui el drac i retornar la tranquil\u00b7litat al regne de Babalot? Si llegiu aquesta aventura trepidant ho descobrireu.<\/p>\n","protected":false},"excerpt":{"rendered":"<p>SARD\u00c0, \u00d2SCAR<\/p>\n","protected":false},"featured_media":401050,"template":"","meta":{"_acf_changed":false,"om_disable_all_campaigns":false,"rs_blank_template":"","rs_page_bg_color":"","slide_template_v7":"","inline_featured_image":false,"_monsterinsights_skip_tracking":false,"_monsterinsights_sitenote_active":false,"_monsterinsights_sitenote_note":"","_monsterinsights_sitenote_category":0},"product_brand":[],"product_cat":[86,352],"product_tag":[],"class_list":{"0":"post-401049","1":"product","2":"type-product","3":"status-publish","4":"has-post-thumbnail","6":"product_cat-infantil","7":"product_cat-infantil-3_infantil-juvenil-spa","9":"first","10":"instock","11":"taxable","12":"shipping-taxable","13":"purchasable","14":"product-type-simple"},"acf":{"autor":"SARD\u00c0, \u00d2SCAR","codart":"844893143","libros-coleccion":"","ediciones":"1","encuadernacion":"Carton\u00e9","fecha_de_publicacion":"01\/02\/2013","novedad":"0","paginas":"38","subtitulo":"","orden":"999","portada":"0","idioma":"cat","editorial":[{"ID":147526,"post_author":"3","post_date":"2022-10-14 11:51:15","post_date_gmt":"2022-10-14 09:51:15","post_content":"","post_title":"BARCANOVA, EDITORIAL","post_excerpt":"","post_status":"publish","comment_status":"closed","ping_status":"closed","post_password":"","post_name":"barcanova-editorial","to_ping":"","pinged":"","post_modified":"2022-10-14 11:51:15","post_modified_gmt":"2022-10-14 09:51:15","post_content_filtered":"","post_parent":0,"guid":"http:\/\/dev.claret.cat\/editorial\/barcanova-editorial\/","menu_order":0,"post_type":"editorial","post_mime_type":"","comment_count":"0","filter":"raw"}],"autores-libros":[{"ID":166329,"post_author":"3","post_date":"2022-10-14 18:02:17","post_date_gmt":"2022-10-14 16:02:17","post_content":"","post_title":"\u00d2SCAR SARD\u00c0","post_excerpt":"","post_status":"publish","comment_status":"closed","ping_status":"closed","post_password":"","post_name":"oscar-sarda","to_ping":"","pinged":"","post_modified":"2022-10-14 18:02:17","post_modified_gmt":"2022-10-14 16:02:17","post_content_filtered":"","post_parent":0,"guid":"http:\/\/dev.claret.cat\/autor\/oscar-sarda\/","menu_order":0,"post_type":"autor","post_mime_type":"","comment_count":"0","filter":"raw"}]},"aioseo_notices":[],"_links":{"self":[{"href":"https:\/\/www.claret.cat\/es\/wp-json\/wp\/v2\/product\/401049","targetHints":{"allow":["GET"]}}],"collection":[{"href":"https:\/\/www.claret.cat\/es\/wp-json\/wp\/v2\/product"}],"about":[{"href":"https:\/\/www.claret.cat\/es\/wp-json\/wp\/v2\/types\/product"}],"wp:featuredmedia":[{"embeddable":true,"href":"https:\/\/www.claret.cat\/es\/wp-json\/wp\/v2\/media\/401050"}],"wp:attachment":[{"href":"https:\/\/www.claret.cat\/es\/wp-json\/wp\/v2\/media?parent=401049"}],"wp:term":[{"taxonomy":"product_brand","embeddable":true,"href":"https:\/\/www.claret.cat\/es\/wp-json\/wp\/v2\/product_brand?post=401049"},{"taxonomy":"product_cat","embeddable":true,"href":"https:\/\/www.claret.cat\/es\/wp-json\/wp\/v2\/product_cat?post=401049"},{"taxonomy":"product_tag","embeddable":true,"href":"https:\/\/www.claret.cat\/es\/wp-json\/wp\/v2\/product_tag?post=401049"}],"curies":[{"name":"wp","href":"https:\/\/api.w.org\/{rel}","templated":true}]}}

EL FOLLET ORIOL I LA LLANÇA MÀGICA

<p>En aquesta nova aventura, el follet Oriol surt a la recerca de la llança que custodiava el seu poble, que ha estat robada per un cavaller per tal de defensar el seu poble d &apos; un temible drac. Però res no és el que sembla: la llança no és una simple llança i el drac no és pas tan ferotge com el pinten. Aconseguirà el follet Oriol recuperar la llança, convèncer el cavaller perquè no ataqui el drac i retornar la tranquil·litat al regne de Babalot? Si llegiu aquesta aventura trepidant ho descobrireu.</p>

<p>SARDÀ, ÒSCAR</p>

SARDÀ, ÒSCAR

Cartoné

ÒSCAR SARDÀ
