{"id":401207,"date":"2023-02-27T05:18:33","date_gmt":"2023-02-27T04:18:33","guid":{"rendered":"https:\/\/www.claret.cat\/llibre\/el-respirar-dels-dies-9788449322266\/"},"modified":"2026-04-01T17:59:51","modified_gmt":"2026-04-01T15:59:51","slug":"el-respirar-dels-dies-9788449322266","status":"publish","type":"product","link":"https:\/\/www.claret.cat\/es\/libro\/el-respirar-dels-dies-9788449322266\/","title":{"rendered":"EL RESPIRAR DELS DIES"},"content":{"rendered":"<p>Per qu\u00e8 el ritme determinat pel pas del dia i la nit \u00e9s tan rellevant per a la nostra orientaci\u00f3 i la nostra salut? En quin sentit el temps es pot \u00abperdre\u00bb o \u00abdonar\u00bb? \u00c9s cert que \u00abel temps tot ho cura\u00bb? Quant de temps \u00abens queda\u00bb? Qu\u00e8 vol dir, de veritat, \u00abviure el present\u00bb? Com \u00e9s que, avui, a l&#8217;\u00e8poca de la mesura m\u00e9s precisa del temps gaireb\u00e9 que no tenim \u00abtemps\u00bb per a res? <br \/>Vet aqu\u00ed algunes de les preguntes que es plantegen en aquest assaig sobre l&#8217;experi\u00e8ncia del temps, l&#8217;originalitat del qual rau no nom\u00e9s en la peculiar manera d&#8217;abordar i d&#8217;articular el tema, sin\u00f3 tamb\u00e9 en l&#8217;\u00fas d&#8217;un llenguatge entenedor i am\u00e8 per expressar idees de llarg abast tot i la seva aparent senzillesa.<\/p>\n","protected":false},"excerpt":{"rendered":"<p>ESQUIROL, JOSEPH MARIA<\/p>\n","protected":false},"featured_media":401208,"template":"","meta":{"_acf_changed":false,"om_disable_all_campaigns":false,"rs_blank_template":"","rs_page_bg_color":"","slide_template_v7":"","inline_featured_image":false,"_monsterinsights_skip_tracking":false,"_monsterinsights_sitenote_active":false,"_monsterinsights_sitenote_note":"","_monsterinsights_sitenote_category":0},"product_brand":[],"product_cat":[83,349],"product_tag":[],"class_list":{"0":"post-401207","1":"product","2":"type-product","3":"status-publish","4":"has-post-thumbnail","6":"product_cat-filosofia","7":"product_cat-filosofia-2_humanidades","9":"first","10":"instock","11":"taxable","12":"shipping-taxable","13":"purchasable","14":"product-type-simple"},"acf":{"autor":"ESQUIROL, JOSEPH MARIA","codart":"844932226","libros-coleccion":"","ediciones":"1","encuadernacion":"R\u00fastica","fecha_de_publicacion":"06\/03\/2009","novedad":"0","paginas":"171","subtitulo":"UAN REFLEXIO FILOSOFICA SOBRE EL TEMPS I LA VIDA","orden":"999","portada":"0","idioma":"cat","editorial":[{"ID":148619,"post_author":"3","post_date":"2022-10-14 11:59:40","post_date_gmt":"2022-10-14 09:59:40","post_content":"","post_title":"PAIDOS, EDITORIAL","post_excerpt":"","post_status":"publish","comment_status":"closed","ping_status":"closed","post_password":"","post_name":"paidos-editorial","to_ping":"","pinged":"","post_modified":"2022-10-14 11:59:40","post_modified_gmt":"2022-10-14 09:59:40","post_content_filtered":"","post_parent":0,"guid":"http:\/\/dev.claret.cat\/editorial\/paidos-editorial\/","menu_order":0,"post_type":"editorial","post_mime_type":"","comment_count":"0","filter":"raw"}],"autores-libros":[{"ID":401206,"post_author":"3","post_date":"2023-02-27 05:18:30","post_date_gmt":"2023-02-27 04:18:30","post_content":"","post_title":"JOSEPH MARIA ESQUIROL","post_excerpt":"","post_status":"publish","comment_status":"closed","ping_status":"closed","post_password":"","post_name":"joseph-maria-esquirol","to_ping":"","pinged":"","post_modified":"2023-02-27 05:18:30","post_modified_gmt":"2023-02-27 04:18:30","post_content_filtered":"","post_parent":0,"guid":"https:\/\/www.claret.cat\/autor\/joseph-maria-esquirol\/","menu_order":0,"post_type":"autor","post_mime_type":"","comment_count":"0","filter":"raw"}],"booktrailer":"","resenas":""},"aioseo_notices":[],"_links":{"self":[{"href":"https:\/\/www.claret.cat\/es\/wp-json\/wp\/v2\/product\/401207","targetHints":{"allow":["GET"]}}],"collection":[{"href":"https:\/\/www.claret.cat\/es\/wp-json\/wp\/v2\/product"}],"about":[{"href":"https:\/\/www.claret.cat\/es\/wp-json\/wp\/v2\/types\/product"}],"wp:featuredmedia":[{"embeddable":true,"href":"https:\/\/www.claret.cat\/es\/wp-json\/wp\/v2\/media\/401208"}],"wp:attachment":[{"href":"https:\/\/www.claret.cat\/es\/wp-json\/wp\/v2\/media?parent=401207"}],"wp:term":[{"taxonomy":"product_brand","embeddable":true,"href":"https:\/\/www.claret.cat\/es\/wp-json\/wp\/v2\/product_brand?post=401207"},{"taxonomy":"product_cat","embeddable":true,"href":"https:\/\/www.claret.cat\/es\/wp-json\/wp\/v2\/product_cat?post=401207"},{"taxonomy":"product_tag","embeddable":true,"href":"https:\/\/www.claret.cat\/es\/wp-json\/wp\/v2\/product_tag?post=401207"}],"curies":[{"name":"wp","href":"https:\/\/api.w.org\/{rel}","templated":true}]}}

<p>Per què el ritme determinat pel pas del dia i la nit és tan rellevant per a la nostra orientació i la nostra salut? En quin sentit el temps es pot «perdre» o «donar»? És cert que «el temps tot ho cura»? Quant de temps «ens queda»? Què vol dir, de veritat, «viure el present»? Com és que, avui, a l&#8217;època de la mesura més precisa del temps gairebé que no tenim «temps» per a res? <br />Vet aquí algunes de les preguntes que es plantegen en aquest assaig sobre l&#8217;experiència del temps, l&#8217;originalitat del qual rau no només en la peculiar manera d&#8217;abordar i d&#8217;articular el tema, sinó també en l&#8217;ús d&#8217;un llenguatge entenedor i amè per expressar idees de llarg abast tot i la seva aparent senzillesa.</p>

Rústica
