{"id":401359,"date":"2023-02-27T05:27:52","date_gmt":"2023-02-27T04:27:52","guid":{"rendered":"https:\/\/www.claret.cat\/llibre\/pequeno-libro-de-la-amistad-9788461283569\/"},"modified":"2023-02-27T05:27:58","modified_gmt":"2023-02-27T04:27:58","slug":"pequeno-libro-de-la-amistad-9788461283569","status":"publish","type":"product","link":"https:\/\/www.claret.cat\/es\/libro\/pequeno-libro-de-la-amistad-9788461283569\/","title":{"rendered":"PEQUE\u00d1O LIBRO DE LA AMISTAD"},"content":{"rendered":"<p>La confianza y la sinceridad, el mutuo inter\u00e9s y preocupaci\u00f3n por el otro, la comprensi\u00f3n y la aceptaci\u00f3n rec\u00edprocas de sus valores, ideas, miedos, aciertos, errores, son los elementos que hacen posible la existencia de este sentimiento tan bello y especial que es la amistad. La amistad nos impulsa a crecer y a mejorar como personas y enriquece enormemente nuestras vidas.<\/p>\n<p>Este peque\u00f1o libro nos acerca pensamientos y reflexiones de pensadores y sabios de todas las \u00e9pocas, desde los fil\u00f3sofos cl\u00e1sicos hasta los personajes m\u00e1s contempor\u00e1neos.<\/p>\n<p>\u201cLa amistad es una alma que habita en dos cuerpos; un coraz\u00f3n que habita en dos almas.\u201d<br \/>Arist\u00f3teles<\/p>\n","protected":false},"excerpt":{"rendered":"<p>RAMOS AUT\u00d3, DANIEL  \/ RAM<\/p>\n","protected":false},"featured_media":401360,"template":"","meta":{"_acf_changed":false,"om_disable_all_campaigns":false,"rs_blank_template":"","rs_page_bg_color":"","slide_template_v7":"","inline_featured_image":false,"_monsterinsights_skip_tracking":false,"_monsterinsights_sitenote_active":false,"_monsterinsights_sitenote_note":"","_monsterinsights_sitenote_category":0},"product_brand":[],"product_cat":[81,347],"product_tag":[],"class_list":{"0":"post-401359","1":"product","2":"type-product","3":"status-publish","4":"has-post-thumbnail","6":"product_cat-psicologia","7":"product_cat-psicologia-2_humanidades","9":"first","10":"instock","11":"taxable","12":"shipping-taxable","13":"purchasable","14":"product-type-simple"},"acf":{"autor":"RAMOS AUT\u00d3, DANIEL  \/ RAM","codart":"846128356","libros-coleccion":"","ediciones":"2","encuadernacion":"R\u00fastica","fecha_de_publicacion":"01\/01\/2009","novedad":"0","paginas":"32","subtitulo":"","orden":"999","portada":"0","idioma":"spa","editorial":[{"ID":262569,"post_author":"3","post_date":"2022-10-24 11:26:05","post_date_gmt":"2022-10-24 09:26:05","post_content":"","post_title":"VERSOS Y REVERSOS, EDITORIAL","post_excerpt":"","post_status":"publish","comment_status":"closed","ping_status":"closed","post_password":"","post_name":"versos-y-reversos-editorial","to_ping":"","pinged":"","post_modified":"2022-10-24 11:26:05","post_modified_gmt":"2022-10-24 09:26:05","post_content_filtered":"","post_parent":0,"guid":"http:\/\/dev.claret.cat\/editorial\/versos-y-reversos-editorial\/","menu_order":0,"post_type":"editorial","post_mime_type":"","comment_count":"0","filter":"raw"}],"autores-libros":[{"ID":401355,"post_author":"3","post_date":"2023-02-27 05:27:39","post_date_gmt":"2023-02-27 04:27:39","post_content":"","post_title":"DANIEL RAMOS AUT\u00d3","post_excerpt":"","post_status":"publish","comment_status":"closed","ping_status":"closed","post_password":"","post_name":"daniel-ramos-auto","to_ping":"","pinged":"","post_modified":"2023-02-27 05:27:39","post_modified_gmt":"2023-02-27 04:27:39","post_content_filtered":"","post_parent":0,"guid":"https:\/\/www.claret.cat\/autor\/daniel-ramos-auto\/","menu_order":0,"post_type":"autor","post_mime_type":"","comment_count":"0","filter":"raw"},{"ID":401354,"post_author":"3","post_date":"2023-02-27 05:27:37","post_date_gmt":"2023-02-27 04:27:37","post_content":"","post_title":"DANIEL ED. LIT. RAMOS AUT\u00d3","post_excerpt":"","post_status":"publish","comment_status":"closed","ping_status":"closed","post_password":"","post_name":"daniel-ed-lit-ramos-auto","to_ping":"","pinged":"","post_modified":"2023-02-27 05:27:37","post_modified_gmt":"2023-02-27 04:27:37","post_content_filtered":"","post_parent":0,"guid":"https:\/\/www.claret.cat\/autor\/daniel-ed-lit-ramos-auto\/","menu_order":0,"post_type":"autor","post_mime_type":"","comment_count":"0","filter":"raw"}]},"aioseo_notices":[],"_links":{"self":[{"href":"https:\/\/www.claret.cat\/es\/wp-json\/wp\/v2\/product\/401359","targetHints":{"allow":["GET"]}}],"collection":[{"href":"https:\/\/www.claret.cat\/es\/wp-json\/wp\/v2\/product"}],"about":[{"href":"https:\/\/www.claret.cat\/es\/wp-json\/wp\/v2\/types\/product"}],"wp:featuredmedia":[{"embeddable":true,"href":"https:\/\/www.claret.cat\/es\/wp-json\/wp\/v2\/media\/401360"}],"wp:attachment":[{"href":"https:\/\/www.claret.cat\/es\/wp-json\/wp\/v2\/media?parent=401359"}],"wp:term":[{"taxonomy":"product_brand","embeddable":true,"href":"https:\/\/www.claret.cat\/es\/wp-json\/wp\/v2\/product_brand?post=401359"},{"taxonomy":"product_cat","embeddable":true,"href":"https:\/\/www.claret.cat\/es\/wp-json\/wp\/v2\/product_cat?post=401359"},{"taxonomy":"product_tag","embeddable":true,"href":"https:\/\/www.claret.cat\/es\/wp-json\/wp\/v2\/product_tag?post=401359"}],"curies":[{"name":"wp","href":"https:\/\/api.w.org\/{rel}","templated":true}]}}

PEQUEÑO LIBRO DE LA AMISTAD

<p>La confianza y la sinceridad, el mutuo interés y preocupación por el otro, la comprensión y la aceptación recíprocas de sus valores, ideas, miedos, aciertos, errores, son los elementos que hacen posible la existencia de este sentimiento tan bello y especial que es la amistad. La amistad nos impulsa a crecer y a mejorar como personas y enriquece enormemente nuestras vidas.</p>
<p>Este pequeño libro nos acerca pensamientos y reflexiones de pensadores y sabios de todas las épocas, desde los filósofos clásicos hasta los personajes más contemporáneos.</p>
<p>“La amistad es una alma que habita en dos cuerpos; un corazón que habita en dos almas.”<br />Aristóteles</p>

<p>RAMOS AUTÓ, DANIEL  / RAM</p>

RAMOS AUTÓ, DANIEL  / RAM

Rústica

DANIEL RAMOS AUTÓ

DANIEL ED. LIT. RAMOS AUTÓ
