{"id":401363,"date":"2023-02-27T05:28:11","date_gmt":"2023-02-27T04:28:11","guid":{"rendered":"https:\/\/www.claret.cat\/llibre\/pequeno-libro-del-amor-9788461283590\/"},"modified":"2023-02-27T05:28:16","modified_gmt":"2023-02-27T04:28:16","slug":"pequeno-libro-del-amor-9788461283590","status":"publish","type":"product","link":"https:\/\/www.claret.cat\/es\/libro\/pequeno-libro-del-amor-9788461283590\/","title":{"rendered":"PEQUE\u00d1O LIBRO DEL AMOR"},"content":{"rendered":"<p>El amor est\u00e1 en todos. De nosotros depende encontrarlo en nuestro interior, desarrollarlo, cuidarlo y proyectarlo. El amor da esperanza, une a las personas, nos impulsa a compartir, es, en definitiva, una potente fuente de aprendizaje y crecimiento personal.<\/p>\n<p>Este peque\u00f1o libro contiene una cuidada selecci\u00f3n de frases y pensamientos acerca del amor de personajes, sabios y pensadores de todos los tiempos, desde los m\u00e1s antiguos hasta los m\u00e1s contempor\u00e1neos.<\/p>\n<p>\u201cAmar no es mirarse el uno al otro; es mirar juntos en la misma direcci\u00f3n.\u201d Antoine de Saint-Exup\u00e9ry<\/p>\n","protected":false},"excerpt":{"rendered":"<p>RAMOS AUT\u00d3, DANIEL  \/ RAM<\/p>\n","protected":false},"featured_media":401364,"template":"","meta":{"_acf_changed":false,"om_disable_all_campaigns":false,"rs_blank_template":"","rs_page_bg_color":"","slide_template_v7":"","inline_featured_image":false,"_monsterinsights_skip_tracking":false,"_monsterinsights_sitenote_active":false,"_monsterinsights_sitenote_note":"","_monsterinsights_sitenote_category":0},"product_brand":[],"product_cat":[81,347],"product_tag":[],"class_list":{"0":"post-401363","1":"product","2":"type-product","3":"status-publish","4":"has-post-thumbnail","6":"product_cat-psicologia","7":"product_cat-psicologia-2_humanidades","9":"first","10":"instock","11":"taxable","12":"shipping-taxable","13":"purchasable","14":"product-type-simple"},"acf":{"autor":"RAMOS AUT\u00d3, DANIEL  \/ RAM","codart":"846128359","libros-coleccion":"","ediciones":"3","encuadernacion":"R\u00fastica","fecha_de_publicacion":"01\/04\/2010","novedad":"0","paginas":"24","subtitulo":"","orden":"999","portada":"0","idioma":"spa","autores-libros":[{"ID":401355,"post_author":"3","post_date":"2023-02-27 05:27:39","post_date_gmt":"2023-02-27 04:27:39","post_content":"","post_title":"DANIEL RAMOS AUT\u00d3","post_excerpt":"","post_status":"publish","comment_status":"closed","ping_status":"closed","post_password":"","post_name":"daniel-ramos-auto","to_ping":"","pinged":"","post_modified":"2023-02-27 05:27:39","post_modified_gmt":"2023-02-27 04:27:39","post_content_filtered":"","post_parent":0,"guid":"https:\/\/www.claret.cat\/autor\/daniel-ramos-auto\/","menu_order":0,"post_type":"autor","post_mime_type":"","comment_count":"0","filter":"raw"},{"ID":401354,"post_author":"3","post_date":"2023-02-27 05:27:37","post_date_gmt":"2023-02-27 04:27:37","post_content":"","post_title":"DANIEL ED. LIT. RAMOS AUT\u00d3","post_excerpt":"","post_status":"publish","comment_status":"closed","ping_status":"closed","post_password":"","post_name":"daniel-ed-lit-ramos-auto","to_ping":"","pinged":"","post_modified":"2023-02-27 05:27:37","post_modified_gmt":"2023-02-27 04:27:37","post_content_filtered":"","post_parent":0,"guid":"https:\/\/www.claret.cat\/autor\/daniel-ed-lit-ramos-auto\/","menu_order":0,"post_type":"autor","post_mime_type":"","comment_count":"0","filter":"raw"}]},"aioseo_notices":[],"_links":{"self":[{"href":"https:\/\/www.claret.cat\/es\/wp-json\/wp\/v2\/product\/401363","targetHints":{"allow":["GET"]}}],"collection":[{"href":"https:\/\/www.claret.cat\/es\/wp-json\/wp\/v2\/product"}],"about":[{"href":"https:\/\/www.claret.cat\/es\/wp-json\/wp\/v2\/types\/product"}],"wp:featuredmedia":[{"embeddable":true,"href":"https:\/\/www.claret.cat\/es\/wp-json\/wp\/v2\/media\/401364"}],"wp:attachment":[{"href":"https:\/\/www.claret.cat\/es\/wp-json\/wp\/v2\/media?parent=401363"}],"wp:term":[{"taxonomy":"product_brand","embeddable":true,"href":"https:\/\/www.claret.cat\/es\/wp-json\/wp\/v2\/product_brand?post=401363"},{"taxonomy":"product_cat","embeddable":true,"href":"https:\/\/www.claret.cat\/es\/wp-json\/wp\/v2\/product_cat?post=401363"},{"taxonomy":"product_tag","embeddable":true,"href":"https:\/\/www.claret.cat\/es\/wp-json\/wp\/v2\/product_tag?post=401363"}],"curies":[{"name":"wp","href":"https:\/\/api.w.org\/{rel}","templated":true}]}}

PEQUEÑO LIBRO DEL AMOR

<p>El amor está en todos. De nosotros depende encontrarlo en nuestro interior, desarrollarlo, cuidarlo y proyectarlo. El amor da esperanza, une a las personas, nos impulsa a compartir, es, en definitiva, una potente fuente de aprendizaje y crecimiento personal.</p>
<p>Este pequeño libro contiene una cuidada selección de frases y pensamientos acerca del amor de personajes, sabios y pensadores de todos los tiempos, desde los más antiguos hasta los más contemporáneos.</p>
<p>“Amar no es mirarse el uno al otro; es mirar juntos en la misma dirección.” Antoine de Saint-Exupéry</p>

<p>RAMOS AUTÓ, DANIEL  / RAM</p>

RAMOS AUTÓ, DANIEL  / RAM

Rústica

DANIEL RAMOS AUTÓ

DANIEL ED. LIT. RAMOS AUTÓ
