{"id":401415,"date":"2023-02-27T05:31:46","date_gmt":"2023-02-27T04:31:46","guid":{"rendered":"https:\/\/www.claret.cat\/llibre\/una-primera-mirada-a-adrienne-von-speyr-oraciones-marianas-cuaderno-de-temas-spa-9788461533435\/"},"modified":"2024-07-12T13:10:45","modified_gmt":"2024-07-12T11:10:45","slug":"una-primera-mirada-a-adrienne-von-speyr-oraciones-marianas-cuaderno-de-temas-spa-9788461533435","status":"publish","type":"product","link":"https:\/\/www.claret.cat\/es\/libro\/una-primera-mirada-a-adrienne-von-speyr-oraciones-marianas-cuaderno-de-temas-spa-9788461533435\/","title":{"rendered":"UNA PRIMERA MIRADA A ADRIENNE VON SPEYR ; ORACIONES MARIANAS ; CUADERNO DE TEMAS (SPA)"},"content":{"rendered":"<p>Este libro es una \u00abobra doble\u00bb.<\/p>\n<p>En la primera parte, Hans Urs von Balthasar nos presenta la vida y la misi\u00f3n de Adrienne von Speyr en tres momentos: \u00e9l habla sobre ella, ella nos dice algo sobre s\u00ed misma y, en tercer lugar, unas oraciones nos abren el di\u00e1logo de ella con Dios. La segunda parte est\u00e1 compuesta por diversos textos de la autora que contin\u00faan la \u00abprimera mirada\u00bb permiti\u00e9ndonos permanecer un poco m\u00e1s en algunas realidades cat\u00f3licas centrales. As\u00ed, esta obra representa un homenaje sincero \u2013tambi\u00e9n en la nobleza de su formato, materiales y precio\u2013 a la \u00abmisi\u00f3n doble\u00bb de ambos autores.<\/p>\n<p>Hans Urs von Balthasar<\/p>\n<p>Dice el autor en el pr\u00f3logo: \u00abEste libro es la presentaci\u00f3n de un testimonio: expone lo que yo viv\u00ed durante los veintisiete a\u00f1os de estrecha colaboraci\u00f3n con Adrienne von Speyr\u2026 Estoy convencido de que cuando esta obra [de Adrienne] est\u00e9 disponible, aquellos en los que encuentre adecuada consonancia y cuyo juicio importa aprobar\u00e1n mi valoraci\u00f3n y agradecer\u00e1n conmigo a Dios por haber regalado tales gracias tambi\u00e9n a la Iglesia de nuestro tiempo\u2026 Si en la vida y en la obra de Adrienne existe algo significativo, entonces es precisamente esa revitalizaci\u00f3n medular de la revelaci\u00f3n cristiana: la obediencia de amor del Hijo, la vida trinitaria, el mundo de la oraci\u00f3n, el s\u00ed inmaculado de Mar\u00eda\u00bb.<\/p>\n<p>San Juan Pablo II y el cardenal Ratzinger<\/p>\n<p>Por el enorme don para la Iglesia y el mundo que supon\u00eda la obra de Adrienne von Speyr, San Juan Pablo II quiso en 1985 que se celebrara en Roma un simposio internacional sobre ella y su misi\u00f3n eclesial, dando asimismo la aprobaci\u00f3n directa de la Santa Sede para la publicaci\u00f3n de toda su obra. De ella dijo con admiraci\u00f3n el Santo Padre que \u00abpenetr\u00f3 con gran profundidad en la comuni\u00f3n de fe y coraz\u00f3n entre Mar\u00eda y Juan\u00bb. El entonces cardenal Ratzinger reconoci\u00f3 en 1988 que lo que Balthasar \u00abescribi\u00f3 sobre el S\u00e1bado Santo nos remite evidentemente al encuentro con la experiencia m\u00edstica de Adrienne von Speyr\u00bb. En esta unidad de obra y misi\u00f3n, Benedicto XVI expres\u00f3 su deseo de que se continuara \u00abcon inter\u00e9s y entusiasmo el estudio de la obra de von Balthasar, encontrando los caminos para su aplicaci\u00f3n eficaz\u00bb.<\/p>\n","protected":false},"excerpt":{"rendered":"<p>BALTHASAR, HANS URS VON \/ SPEYR, ADRIENNE VON<\/p>\n","protected":false},"featured_media":974733,"template":"","meta":{"_acf_changed":false,"om_disable_all_campaigns":false,"rs_blank_template":"","rs_page_bg_color":"","slide_template_v7":"","inline_featured_image":false,"_monsterinsights_skip_tracking":false,"_monsterinsights_sitenote_active":false,"_monsterinsights_sitenote_note":"","_monsterinsights_sitenote_category":0},"product_brand":[],"product_cat":[275,413],"product_tag":[],"class_list":{"0":"post-401415","1":"product","2":"type-product","3":"status-publish","4":"has-post-thumbnail","6":"product_cat-fonamental","7":"product_cat-fundamental","9":"first","10":"instock","11":"taxable","12":"shipping-taxable","13":"purchasable","14":"product-type-simple"},"acf":{"autor":"BALTHASAR, HANS URS VON \/ SPEYR, ADRIENNE VON","codart":"846153343","libros-coleccion":"","ediciones":"1","encuadernacion":"Carton\u00e9","fecha_de_publicacion":"01\/11\/2011","novedad":"0","paginas":"447","subtitulo":"","orden":"999","portada":"0","idioma":"spa","editorial":[{"ID":147849,"post_author":"3","post_date":"2022-10-14 11:53:41","post_date_gmt":"2022-10-14 09:53:41","post_content":"","post_title":"EDICIONES SAN JUAN","post_excerpt":"","post_status":"publish","comment_status":"closed","ping_status":"closed","post_password":"","post_name":"ediciones-san-juan","to_ping":"","pinged":"","post_modified":"2022-10-14 11:53:41","post_modified_gmt":"2022-10-14 09:53:41","post_content_filtered":"","post_parent":0,"guid":"http:\/\/dev.claret.cat\/editorial\/ediciones-san-juan\/","menu_order":0,"post_type":"editorial","post_mime_type":"","comment_count":"0","filter":"raw"}],"autores-libros":[{"ID":157363,"post_author":"3","post_date":"2022-10-14 15:28:14","post_date_gmt":"2022-10-14 13:28:14","post_content":"","post_title":"HANS URS VON BALTHASAR","post_excerpt":"","post_status":"publish","comment_status":"closed","ping_status":"closed","post_password":"","post_name":"hans-urs-von-balthasar","to_ping":"","pinged":"","post_modified":"2022-10-14 15:28:14","post_modified_gmt":"2022-10-14 13:28:14","post_content_filtered":"","post_parent":0,"guid":"http:\/\/dev.claret.cat\/autor\/hans-urs-von-balthasar\/","menu_order":0,"post_type":"autor","post_mime_type":"","comment_count":"0","filter":"raw"},{"ID":401414,"post_author":"3","post_date":"2023-02-27 05:31:44","post_date_gmt":"2023-02-27 04:31:44","post_content":"","post_title":"ADRIENNE VON SPEYR","post_excerpt":"","post_status":"publish","comment_status":"closed","ping_status":"closed","post_password":"","post_name":"adrienne-von-speyr","to_ping":"","pinged":"","post_modified":"2023-02-27 05:31:44","post_modified_gmt":"2023-02-27 04:31:44","post_content_filtered":"","post_parent":0,"guid":"https:\/\/www.claret.cat\/autor\/adrienne-von-speyr\/","menu_order":0,"post_type":"autor","post_mime_type":"","comment_count":"0","filter":"raw"}]},"aioseo_notices":[],"_links":{"self":[{"href":"https:\/\/www.claret.cat\/es\/wp-json\/wp\/v2\/product\/401415","targetHints":{"allow":["GET"]}}],"collection":[{"href":"https:\/\/www.claret.cat\/es\/wp-json\/wp\/v2\/product"}],"about":[{"href":"https:\/\/www.claret.cat\/es\/wp-json\/wp\/v2\/types\/product"}],"wp:featuredmedia":[{"embeddable":true,"href":"https:\/\/www.claret.cat\/es\/wp-json\/wp\/v2\/media\/974733"}],"wp:attachment":[{"href":"https:\/\/www.claret.cat\/es\/wp-json\/wp\/v2\/media?parent=401415"}],"wp:term":[{"taxonomy":"product_brand","embeddable":true,"href":"https:\/\/www.claret.cat\/es\/wp-json\/wp\/v2\/product_brand?post=401415"},{"taxonomy":"product_cat","embeddable":true,"href":"https:\/\/www.claret.cat\/es\/wp-json\/wp\/v2\/product_cat?post=401415"},{"taxonomy":"product_tag","embeddable":true,"href":"https:\/\/www.claret.cat\/es\/wp-json\/wp\/v2\/product_tag?post=401415"}],"curies":[{"name":"wp","href":"https:\/\/api.w.org\/{rel}","templated":true}]}}

<p>Este libro es una «obra doble».</p>
<p>En la primera parte, Hans Urs von Balthasar nos presenta la vida y la misión de Adrienne von Speyr en tres momentos: él habla sobre ella, ella nos dice algo sobre sí misma y, en tercer lugar, unas oraciones nos abren el diálogo de ella con Dios. La segunda parte está compuesta por diversos textos de la autora que continúan la «primera mirada» permitiéndonos permanecer un poco más en algunas realidades católicas centrales. Así, esta obra representa un homenaje sincero –también en la nobleza de su formato, materiales y precio– a la «misión doble» de ambos autores.</p>
<p>Hans Urs von Balthasar</p>
<p>Dice el autor en el prólogo: «Este libro es la presentación de un testimonio: expone lo que yo viví durante los veintisiete años de estrecha colaboración con Adrienne von Speyr… Estoy convencido de que cuando esta obra [de Adrienne] esté disponible, aquellos en los que encuentre adecuada consonancia y cuyo juicio importa aprobarán mi valoración y agradecerán conmigo a Dios por haber regalado tales gracias también a la Iglesia de nuestro tiempo… Si en la vida y en la obra de Adrienne existe algo significativo, entonces es precisamente esa revitalización medular de la revelación cristiana: la obediencia de amor del Hijo, la vida trinitaria, el mundo de la oración, el sí inmaculado de María».</p>
<p>San Juan Pablo II y el cardenal Ratzinger</p>
<p>Por el enorme don para la Iglesia y el mundo que suponía la obra de Adrienne von Speyr, San Juan Pablo II quiso en 1985 que se celebrara en Roma un simposio internacional sobre ella y su misión eclesial, dando asimismo la aprobación directa de la Santa Sede para la publicación de toda su obra. De ella dijo con admiración el Santo Padre que «penetró con gran profundidad en la comunión de fe y corazón entre María y Juan». El entonces cardenal Ratzinger reconoció en 1988 que lo que Balthasar «escribió sobre el Sábado Santo nos remite evidentemente al encuentro con la experiencia mística de Adrienne von Speyr». En esta unidad de obra y misión, Benedicto XVI expresó su deseo de que se continuara «con interés y entusiasmo el estudio de la obra de von Balthasar, encontrando los caminos para su aplicación eficaz».</p>

Cartoné
