{"id":401717,"date":"2023-02-27T05:49:22","date_gmt":"2023-02-27T04:49:22","guid":{"rendered":"https:\/\/www.claret.cat\/llibre\/el-reencantament-postmodern-9788466130974\/"},"modified":"2023-02-27T05:49:28","modified_gmt":"2023-02-27T04:49:28","slug":"el-reencantament-postmodern-9788466130974","status":"publish","type":"product","link":"https:\/\/www.claret.cat\/es\/libro\/el-reencantament-postmodern-9788466130974\/","title":{"rendered":"EL REENCANTAMENT POSTMODERN"},"content":{"rendered":"<p>El terme \u00abpostmodernitat\u00bb ?propi dels anys vuitanta del segle passat, per\u00f2 encara vigent avui dia? indica un canvi de tend\u00e8ncia respecte de la modernitat, marcada per la secularitzaci\u00f3 i el desencantament del m\u00f3n. A m\u00e9s, aspectes caracter\u00edstics, com la desconfian\u00e7a envers el racionalisme, la fragmentaci\u00f3 del discurs i la ruptura amb la tradici\u00f3, tenen una incid\u00e8ncia especial en l&#8217;\u00e0mbit religi\u00f3s. Aix\u00ed, la crisi del racionalisme ha propiciat el ressorgiment d&#8217;una mentalitat premoderna, predisposada a acollir els elements m\u00e0gics, m\u00edtics, m\u00edstics o supersticiosos que semblaven haver desaparegut del panorama cultural d&#8217;Occident. Ara b\u00e9, no podem reduir l&#8217;actual efervesc\u00e8ncia religiosa a un simple fenomen regressiu. Les noves recerques religioses poden ser una de les sortides existencials a la nova situaci\u00f3 canviant, dispersa, m\u00f2bil i plural.<\/p>\n","protected":false},"excerpt":{"rendered":"<p>OT\u00d3N, JOSEP<\/p>\n","protected":false},"featured_media":401718,"template":"","meta":{"_acf_changed":false,"om_disable_all_campaigns":false,"rs_blank_template":"","rs_page_bg_color":"","slide_template_v7":"","inline_featured_image":false,"_monsterinsights_skip_tracking":false,"_monsterinsights_sitenote_active":false,"_monsterinsights_sitenote_note":"","_monsterinsights_sitenote_category":0},"product_brand":[],"product_cat":[90,540],"product_tag":[],"class_list":{"0":"post-401717","1":"product","2":"type-product","3":"status-publish","4":"has-post-thumbnail","6":"product_cat-altres","7":"product_cat-otros","9":"first","10":"outofstock","11":"taxable","12":"shipping-taxable","13":"purchasable","14":"product-type-simple"},"acf":{"autor":"OT\u00d3N, JOSEP","codart":"846613097","libros-coleccion":"","ediciones":"1","encuadernacion":"R\u00fastica","fecha_de_publicacion":"01\/08\/2012","novedad":"0","paginas":"168","subtitulo":"","orden":"999","portada":"0","idioma":"cat","editorial":[{"ID":147680,"post_author":"3","post_date":"2022-10-14 11:52:25","post_date_gmt":"2022-10-14 09:52:25","post_content":"","post_title":"CRUILLA, EDITORIAL","post_excerpt":"","post_status":"publish","comment_status":"closed","ping_status":"closed","post_password":"","post_name":"cruilla-editorial","to_ping":"","pinged":"","post_modified":"2022-10-14 11:52:25","post_modified_gmt":"2022-10-14 09:52:25","post_content_filtered":"","post_parent":0,"guid":"http:\/\/dev.claret.cat\/editorial\/cruilla-editorial\/","menu_order":0,"post_type":"editorial","post_mime_type":"","comment_count":"0","filter":"raw"}],"autores-libros":[{"ID":5668,"post_author":"3","post_date":"2022-07-28 17:28:55","post_date_gmt":"2022-07-28 15:28:55","post_content":"","post_title":"JOSEP OT\u00d3N","post_excerpt":"","post_status":"publish","comment_status":"closed","ping_status":"closed","post_password":"","post_name":"josep-oton","to_ping":"","pinged":"","post_modified":"2022-07-28 17:28:55","post_modified_gmt":"2022-07-28 15:28:55","post_content_filtered":"","post_parent":0,"guid":"http:\/\/dev.claret.cat\/autor\/josep-oton\/","menu_order":0,"post_type":"autor","post_mime_type":"","comment_count":"0","filter":"raw"}]},"aioseo_notices":[],"_links":{"self":[{"href":"https:\/\/www.claret.cat\/es\/wp-json\/wp\/v2\/product\/401717","targetHints":{"allow":["GET"]}}],"collection":[{"href":"https:\/\/www.claret.cat\/es\/wp-json\/wp\/v2\/product"}],"about":[{"href":"https:\/\/www.claret.cat\/es\/wp-json\/wp\/v2\/types\/product"}],"wp:featuredmedia":[{"embeddable":true,"href":"https:\/\/www.claret.cat\/es\/wp-json\/wp\/v2\/media\/401718"}],"wp:attachment":[{"href":"https:\/\/www.claret.cat\/es\/wp-json\/wp\/v2\/media?parent=401717"}],"wp:term":[{"taxonomy":"product_brand","embeddable":true,"href":"https:\/\/www.claret.cat\/es\/wp-json\/wp\/v2\/product_brand?post=401717"},{"taxonomy":"product_cat","embeddable":true,"href":"https:\/\/www.claret.cat\/es\/wp-json\/wp\/v2\/product_cat?post=401717"},{"taxonomy":"product_tag","embeddable":true,"href":"https:\/\/www.claret.cat\/es\/wp-json\/wp\/v2\/product_tag?post=401717"}],"curies":[{"name":"wp","href":"https:\/\/api.w.org\/{rel}","templated":true}]}}

<p>El terme «postmodernitat» ?propi dels anys vuitanta del segle passat, però encara vigent avui dia? indica un canvi de tendència respecte de la modernitat, marcada per la secularització i el desencantament del món. A més, aspectes característics, com la desconfiança envers el racionalisme, la fragmentació del discurs i la ruptura amb la tradició, tenen una incidència especial en l&#8217;àmbit religiós. Així, la crisi del racionalisme ha propiciat el ressorgiment d&#8217;una mentalitat premoderna, predisposada a acollir els elements màgics, mítics, místics o supersticiosos que semblaven haver desaparegut del panorama cultural d&#8217;Occident. Ara bé, no podem reduir l&#8217;actual efervescència religiosa a un simple fenomen regressiu. Les noves recerques religioses poden ser una de les sortides existencials a la nova situació canviant, dispersa, mòbil i plural.</p>

<p>OTÓN, JOSEP</p>

OTÓN, JOSEP

Rústica

JOSEP OTÓN
