{"id":401877,"date":"2023-02-27T05:59:35","date_gmt":"2023-02-27T04:59:35","guid":{"rendered":"https:\/\/www.claret.cat\/llibre\/la-bruixeta-rosaura-9788466140027\/"},"modified":"2026-01-20T14:15:56","modified_gmt":"2026-01-20T13:15:56","slug":"la-bruixeta-rosaura-9788466140027","status":"publish","type":"product","link":"https:\/\/www.claret.cat\/es\/libro\/la-bruixeta-rosaura-9788466140027\/","title":{"rendered":"LA BRUIXETA ROSAURA"},"content":{"rendered":"<p>La Rosaura \u00e9s una bruixeta que t\u00e9 tres tresors: un de molt perfumat, un de molt suau i un de molt gran. A trav\u00e9s d&#8217;aquestes hist\u00f2ries, sabrem com s&#8217;ho fa per ajudar la lluna, que ha caigut del cel, o com treu del seu jard\u00ed tot un ramat de cabres que se li mengen les flors, o com passa el dia del seu aniversari.<\/p>\n","protected":false},"excerpt":{"rendered":"<p>SALA I VILA, CARLES<\/p>\n","protected":false},"featured_media":1074909,"template":"","meta":{"_acf_changed":false,"om_disable_all_campaigns":false,"rs_blank_template":"","rs_page_bg_color":"","slide_template_v7":"","inline_featured_image":false,"_monsterinsights_skip_tracking":false,"_monsterinsights_sitenote_active":false,"_monsterinsights_sitenote_note":"","_monsterinsights_sitenote_category":0},"product_brand":[],"product_cat":[86,352],"product_tag":[],"class_list":{"0":"post-401877","1":"product","2":"type-product","3":"status-publish","4":"has-post-thumbnail","6":"product_cat-infantil","7":"product_cat-infantil-3_infantil-juvenil-spa","9":"first","10":"instock","11":"taxable","12":"shipping-taxable","13":"purchasable","14":"product-type-simple"},"acf":{"autor":"SALA I VILA, CARLES","codart":"846614002","libros-coleccion":"","ediciones":"1","encuadernacion":"R\u00fastica","fecha_de_publicacion":"01\/03\/2016","novedad":"0","paginas":"60","subtitulo":"","orden":"999","portada":"0","idioma":"cat","editorial":[{"ID":261923,"post_author":"3","post_date":"2022-10-24 11:17:38","post_date_gmt":"2022-10-24 09:17:38","post_content":"","post_title":"CRU\u00cfLLA","post_excerpt":"","post_status":"publish","comment_status":"closed","ping_status":"closed","post_password":"","post_name":"cruilla","to_ping":"","pinged":"","post_modified":"2022-10-24 11:17:38","post_modified_gmt":"2022-10-24 09:17:38","post_content_filtered":"","post_parent":0,"guid":"http:\/\/dev.claret.cat\/editorial\/cruilla\/","menu_order":0,"post_type":"editorial","post_mime_type":"","comment_count":"0","filter":"raw"}],"autores-libros":[{"ID":152173,"post_author":"3","post_date":"2022-10-14 14:46:40","post_date_gmt":"2022-10-14 12:46:40","post_content":"","post_title":"CARLES SALA I VILA","post_excerpt":"","post_status":"publish","comment_status":"closed","ping_status":"closed","post_password":"","post_name":"carles-sala-i-vila","to_ping":"","pinged":"","post_modified":"2022-10-14 14:46:40","post_modified_gmt":"2022-10-14 12:46:40","post_content_filtered":"","post_parent":0,"guid":"http:\/\/dev.claret.cat\/autor\/carles-sala-i-vila\/","menu_order":0,"post_type":"autor","post_mime_type":"","comment_count":"0","filter":"raw"}],"booktrailer":"","resenas":""},"aioseo_notices":[],"_links":{"self":[{"href":"https:\/\/www.claret.cat\/es\/wp-json\/wp\/v2\/product\/401877","targetHints":{"allow":["GET"]}}],"collection":[{"href":"https:\/\/www.claret.cat\/es\/wp-json\/wp\/v2\/product"}],"about":[{"href":"https:\/\/www.claret.cat\/es\/wp-json\/wp\/v2\/types\/product"}],"wp:featuredmedia":[{"embeddable":true,"href":"https:\/\/www.claret.cat\/es\/wp-json\/wp\/v2\/media\/1074909"}],"wp:attachment":[{"href":"https:\/\/www.claret.cat\/es\/wp-json\/wp\/v2\/media?parent=401877"}],"wp:term":[{"taxonomy":"product_brand","embeddable":true,"href":"https:\/\/www.claret.cat\/es\/wp-json\/wp\/v2\/product_brand?post=401877"},{"taxonomy":"product_cat","embeddable":true,"href":"https:\/\/www.claret.cat\/es\/wp-json\/wp\/v2\/product_cat?post=401877"},{"taxonomy":"product_tag","embeddable":true,"href":"https:\/\/www.claret.cat\/es\/wp-json\/wp\/v2\/product_tag?post=401877"}],"curies":[{"name":"wp","href":"https:\/\/api.w.org\/{rel}","templated":true}]}}

<p>La Rosaura és una bruixeta que té tres tresors: un de molt perfumat, un de molt suau i un de molt gran. A través d&#8217;aquestes històries, sabrem com s&#8217;ho fa per ajudar la lluna, que ha caigut del cel, o com treu del seu jardí tot un ramat de cabres que se li mengen les flors, o com passa el dia del seu aniversari.</p>

Rústica

CRUÏLLA
