{"id":402251,"date":"2023-02-27T06:21:46","date_gmt":"2023-02-27T05:21:46","guid":{"rendered":"https:\/\/www.claret.cat\/llibre\/hasday-el-medico-del-califa-9788466658461\/"},"modified":"2023-02-27T06:21:51","modified_gmt":"2023-02-27T05:21:51","slug":"hasday-el-medico-del-califa-9788466658461","status":"publish","type":"product","link":"https:\/\/www.claret.cat\/es\/libro\/hasday-el-medico-del-califa-9788466658461\/","title":{"rendered":"HASDAY. EL M\u00c9DICO DEL CALIFA"},"content":{"rendered":"<p>A\u00f1o 924. Hasday ben Shaprut es un muchacho de solo trece a\u00f1os, despierto, precoz y \u00e1vido por comprender el mundo que lo rodea. Tanto es as\u00ed que no dudar\u00e1 en transgredir las estrictas normas sociales y religiosas que coartan sus ansias de conocimiento.<\/p>\n<p>Adolescente jud\u00edo en una madina musulmana, hijo de un pr\u00f3spero comerciante y con una fuerte personalidad, pronto descubrir\u00e1 que no le van a faltar enemigos.<\/p>\n<p>Tres son los hilos conductores de la trama: una esclava jud\u00eda por la que Hasday es capaz de traicionar la confianza de su propio padre; una enconada enemistad que lo perseguir\u00e1 durante toda su vida, y un libro, la valiosa copia de un antiguo compendio de medicina, el Tratado de los simples, que bien podr\u00eda dar t\u00edtulo a esta novela.<\/p>\n<p>El m\u00e9dico del califa es una historia de descubrimientos en una \u00e9poca apasionante, el inicio del esplendor de la C\u00f3rdoba de Abd al Rahman III, que Hasday tendr\u00e1 la oportunidad de vivir junto a sus art\u00edfices.<\/p>\n<p>Mercaderes, bibliotecas, traductores, la madr\u00e1sa y el bimarist\u00e1n, embajadas y conflictos b\u00e9licos, avances cient\u00edficos, la construcci\u00f3n de la Madinat al Zahra\u2026 son pinceladas que completan el fresco de una Al \u00c1ndalus en su periodo de esplendor, cuando C\u00f3rdoba se convirti\u00f3 en la luz que iluminaba Occidente.<\/p>\n","protected":false},"excerpt":{"rendered":"<p>AURENSANZ, CARLOS<\/p>\n","protected":false},"featured_media":402252,"template":"","meta":{"_acf_changed":false,"om_disable_all_campaigns":false,"rs_blank_template":"","rs_page_bg_color":"","slide_template_v7":"","inline_featured_image":false,"_monsterinsights_skip_tracking":false,"_monsterinsights_sitenote_active":false,"_monsterinsights_sitenote_note":"","_monsterinsights_sitenote_category":0},"product_brand":[],"product_cat":[87,353],"product_tag":[],"class_list":{"0":"post-402251","1":"product","2":"type-product","3":"status-publish","4":"has-post-thumbnail","6":"product_cat-literatura","7":"product_cat-literatura-2_humanidades","9":"first","10":"instock","11":"taxable","12":"shipping-taxable","13":"purchasable","14":"product-type-simple"},"acf":{"autor":"AURENSANZ, CARLOS","codart":"846665846","libros-coleccion":"","ediciones":"1","encuadernacion":"Carton\u00e9","fecha_de_publicacion":"01\/02\/2016","novedad":"0","paginas":"669","subtitulo":"","orden":"999","portada":"0","idioma":"spa","editorial":[{"ID":147506,"post_author":"3","post_date":"2022-10-14 11:51:06","post_date_gmt":"2022-10-14 09:51:06","post_content":"","post_title":"B EDICIONES","post_excerpt":"","post_status":"publish","comment_status":"closed","ping_status":"closed","post_password":"","post_name":"b-ediciones","to_ping":"","pinged":"","post_modified":"2022-10-14 11:51:06","post_modified_gmt":"2022-10-14 09:51:06","post_content_filtered":"","post_parent":0,"guid":"http:\/\/dev.claret.cat\/editorial\/b-ediciones\/","menu_order":0,"post_type":"editorial","post_mime_type":"","comment_count":"0","filter":"raw"}],"autores-libros":[{"ID":152213,"post_author":"3","post_date":"2022-10-14 14:46:59","post_date_gmt":"2022-10-14 12:46:59","post_content":"","post_title":"CARLOS AURENSANZ","post_excerpt":"","post_status":"publish","comment_status":"closed","ping_status":"closed","post_password":"","post_name":"carlos-aurensanz","to_ping":"","pinged":"","post_modified":"2022-10-14 14:46:59","post_modified_gmt":"2022-10-14 12:46:59","post_content_filtered":"","post_parent":0,"guid":"http:\/\/dev.claret.cat\/autor\/carlos-aurensanz\/","menu_order":0,"post_type":"autor","post_mime_type":"","comment_count":"0","filter":"raw"}]},"aioseo_notices":[],"_links":{"self":[{"href":"https:\/\/www.claret.cat\/es\/wp-json\/wp\/v2\/product\/402251","targetHints":{"allow":["GET"]}}],"collection":[{"href":"https:\/\/www.claret.cat\/es\/wp-json\/wp\/v2\/product"}],"about":[{"href":"https:\/\/www.claret.cat\/es\/wp-json\/wp\/v2\/types\/product"}],"wp:featuredmedia":[{"embeddable":true,"href":"https:\/\/www.claret.cat\/es\/wp-json\/wp\/v2\/media\/402252"}],"wp:attachment":[{"href":"https:\/\/www.claret.cat\/es\/wp-json\/wp\/v2\/media?parent=402251"}],"wp:term":[{"taxonomy":"product_brand","embeddable":true,"href":"https:\/\/www.claret.cat\/es\/wp-json\/wp\/v2\/product_brand?post=402251"},{"taxonomy":"product_cat","embeddable":true,"href":"https:\/\/www.claret.cat\/es\/wp-json\/wp\/v2\/product_cat?post=402251"},{"taxonomy":"product_tag","embeddable":true,"href":"https:\/\/www.claret.cat\/es\/wp-json\/wp\/v2\/product_tag?post=402251"}],"curies":[{"name":"wp","href":"https:\/\/api.w.org\/{rel}","templated":true}]}}

HASDAY. EL MÉDICO DEL CALIFA

<p>Año 924. Hasday ben Shaprut es un muchacho de solo trece años, despierto, precoz y ávido por comprender el mundo que lo rodea. Tanto es así que no dudará en transgredir las estrictas normas sociales y religiosas que coartan sus ansias de conocimiento.</p>
<p>Adolescente judío en una madina musulmana, hijo de un próspero comerciante y con una fuerte personalidad, pronto descubrirá que no le van a faltar enemigos.</p>
<p>Tres son los hilos conductores de la trama: una esclava judía por la que Hasday es capaz de traicionar la confianza de su propio padre; una enconada enemistad que lo perseguirá durante toda su vida, y un libro, la valiosa copia de un antiguo compendio de medicina, el Tratado de los simples, que bien podría dar título a esta novela.</p>
<p>El médico del califa es una historia de descubrimientos en una época apasionante, el inicio del esplendor de la Córdoba de Abd al Rahman III, que Hasday tendrá la oportunidad de vivir junto a sus artífices.</p>
<p>Mercaderes, bibliotecas, traductores, la madrása y el bimaristán, embajadas y conflictos bélicos, avances científicos, la construcción de la Madinat al Zahra… son pinceladas que completan el fresco de una Al Ándalus en su periodo de esplendor, cuando Córdoba se convirtió en la luz que iluminaba Occidente.</p>

Cartoné
