{"id":404161,"date":"2023-02-27T08:19:22","date_gmt":"2023-02-27T07:19:22","guid":{"rendered":"https:\/\/www.claret.cat\/llibre\/once-grandes-mensajes-9788479140601\/"},"modified":"2026-02-19T17:50:17","modified_gmt":"2026-02-19T16:50:17","slug":"once-grandes-mensajes-9788479140601","status":"publish","type":"product","link":"https:\/\/www.claret.cat\/es\/libro\/once-grandes-mensajes-9788479140601\/","title":{"rendered":"ONCE GRANDES MENSAJES"},"content":{"rendered":"<p>Edici\u00f3n preparada por Jes\u00fas Iribarren y Jos\u00e9 Luis Guti\u00e9rrez Garc\u00eda. Pr\u00f3logo de mons. Emilio Benavent.<br \/>En estos once grandes mensajes, cuyo contenido podr\u00edamos resumir en siete conceptos \u2013justicia social, libertad, responsabilidad ante el bien com\u00fan, democracia, participaci\u00f3n, solidaridad y humanismo integral\u2013, hallar\u00e1 el lector la sustancia completa del magisterio pontificio y conciliar en materia econ\u00f3mico-social. Y encontrar\u00e1 tambi\u00e9n pistas que conducen a la consecuci\u00f3n de una sociedad con mayor y mejor reparto del bienestar, donde las personas se sientan protagonistas responsables de su destino individual y colectivo y acojan gozosamente, sin que se lo impidan las trabas exteriores de las injusticias, el mensaje de salvaci\u00f3n del Evangelio de Cristo.<br \/>En 1967 con el t\u00edtulo: Cinco grandes mensajes (se publicaron cuatro ediciones, la 4\u00aa en 1970) En 1971 con el t\u00edtulo: Siete grandes mensajes (se public\u00f3 una edici\u00f3n en junio). De 1972 a 1981 con el t\u00edtulo: Ocho grandes mensajes (se publicaron once ediciones). En 1986 con el t\u00edtulo: Nueve grandes mensajes (se public\u00f3 una edici\u00f3n).<br \/>Contiene: Rerum novarum &#8211; Quadragesimo anno &#8211; Mater et magistra &#8211; Pacem in terris &#8211; Ecclesiam suam &#8211; Populorum progressio &#8211; Laborem exercens &#8211; Sollicitudo rei socialis &#8211; Centesimus annus &#8211; Gaudium et spes &#8211; Octogesima adveniens<\/p>\n","protected":false},"excerpt":{"rendered":"<p>BIBLIOTECA DE AUTORES CRI<\/p>\n","protected":false},"featured_media":1085101,"template":"","meta":{"_acf_changed":false,"om_disable_all_campaigns":false,"rs_blank_template":"","rs_page_bg_color":"","slide_template_v7":"","inline_featured_image":false,"_monsterinsights_skip_tracking":false,"_monsterinsights_sitenote_active":false,"_monsterinsights_sitenote_note":"","_monsterinsights_sitenote_category":0},"product_brand":[],"product_cat":[543,93,350,84],"product_tag":[],"class_list":{"0":"post-404161","1":"product","2":"type-product","3":"status-publish","4":"has-post-thumbnail","6":"product_cat-eclesiologia-es","7":"product_cat-eclesiologia","8":"product_cat-sociologia-2_humanidades","9":"product_cat-sociologia","11":"first","12":"instock","13":"taxable","14":"shipping-taxable","15":"purchasable","16":"product-type-simple"},"acf":{"autor":"BIBLIOTECA DE AUTORES CRI","codart":"847914060","libros-coleccion":"BAC BIBLIOTECA DE AUTORES CRISTIANOS","ediciones":"1","encuadernacion":"[EditValue is null]","fecha_de_publicacion":"01\/03\/1992","novedad":"0","paginas":"836","subtitulo":"","orden":"999","portada":"0","idioma":"spa","editorial":[{"ID":147509,"post_author":"3","post_date":"2022-10-14 11:51:07","post_date_gmt":"2022-10-14 09:51:07","post_content":"","post_title":"B.A.C.","post_excerpt":"","post_status":"publish","comment_status":"closed","ping_status":"closed","post_password":"","post_name":"b-a-c","to_ping":"","pinged":"","post_modified":"2022-10-14 11:51:07","post_modified_gmt":"2022-10-14 09:51:07","post_content_filtered":"","post_parent":0,"guid":"http:\/\/dev.claret.cat\/editorial\/b-a-c\/","menu_order":0,"post_type":"editorial","post_mime_type":"","comment_count":"0","filter":"raw"}],"autores-libros":[{"ID":151702,"post_author":"3","post_date":"2022-10-14 14:42:57","post_date_gmt":"2022-10-14 12:42:57","post_content":"","post_title":"BIBLIOTECA DE AUTORES CRISTIANOS","post_excerpt":"","post_status":"publish","comment_status":"closed","ping_status":"closed","post_password":"","post_name":"biblioteca-de-autores-cristianos","to_ping":"","pinged":"","post_modified":"2022-10-14 14:42:57","post_modified_gmt":"2022-10-14 12:42:57","post_content_filtered":"","post_parent":0,"guid":"http:\/\/dev.claret.cat\/autor\/biblioteca-de-autores-cristianos\/","menu_order":0,"post_type":"autor","post_mime_type":"","comment_count":"0","filter":"raw"}],"booktrailer":"","resenas":""},"aioseo_notices":[],"_links":{"self":[{"href":"https:\/\/www.claret.cat\/es\/wp-json\/wp\/v2\/product\/404161","targetHints":{"allow":["GET"]}}],"collection":[{"href":"https:\/\/www.claret.cat\/es\/wp-json\/wp\/v2\/product"}],"about":[{"href":"https:\/\/www.claret.cat\/es\/wp-json\/wp\/v2\/types\/product"}],"wp:featuredmedia":[{"embeddable":true,"href":"https:\/\/www.claret.cat\/es\/wp-json\/wp\/v2\/media\/1085101"}],"wp:attachment":[{"href":"https:\/\/www.claret.cat\/es\/wp-json\/wp\/v2\/media?parent=404161"}],"wp:term":[{"taxonomy":"product_brand","embeddable":true,"href":"https:\/\/www.claret.cat\/es\/wp-json\/wp\/v2\/product_brand?post=404161"},{"taxonomy":"product_cat","embeddable":true,"href":"https:\/\/www.claret.cat\/es\/wp-json\/wp\/v2\/product_cat?post=404161"},{"taxonomy":"product_tag","embeddable":true,"href":"https:\/\/www.claret.cat\/es\/wp-json\/wp\/v2\/product_tag?post=404161"}],"curies":[{"name":"wp","href":"https:\/\/api.w.org\/{rel}","templated":true}]}}

<p>Edición preparada por Jesús Iribarren y José Luis Gutiérrez García. Prólogo de mons. Emilio Benavent.<br />En estos once grandes mensajes, cuyo contenido podríamos resumir en siete conceptos –justicia social, libertad, responsabilidad ante el bien común, democracia, participación, solidaridad y humanismo integral–, hallará el lector la sustancia completa del magisterio pontificio y conciliar en materia económico-social. Y encontrará también pistas que conducen a la consecución de una sociedad con mayor y mejor reparto del bienestar, donde las personas se sientan protagonistas responsables de su destino individual y colectivo y acojan gozosamente, sin que se lo impidan las trabas exteriores de las injusticias, el mensaje de salvación del Evangelio de Cristo.<br />En 1967 con el título: Cinco grandes mensajes (se publicaron cuatro ediciones, la 4ª en 1970) En 1971 con el título: Siete grandes mensajes (se publicó una edición en junio). De 1972 a 1981 con el título: Ocho grandes mensajes (se publicaron once ediciones). En 1986 con el título: Nueve grandes mensajes (se publicó una edición).<br />Contiene: Rerum novarum &#8211; Quadragesimo anno &#8211; Mater et magistra &#8211; Pacem in terris &#8211; Ecclesiam suam &#8211; Populorum progressio &#8211; Laborem exercens &#8211; Sollicitudo rei socialis &#8211; Centesimus annus &#8211; Gaudium et spes &#8211; Octogesima adveniens</p>
