{"id":404588,"date":"2023-02-28T00:20:43","date_gmt":"2023-02-27T23:20:43","guid":{"rendered":"https:\/\/www.claret.cat\/llibre\/en-defensa-del-altruismo-9788479538880\/"},"modified":"2023-02-28T00:20:54","modified_gmt":"2023-02-27T23:20:54","slug":"en-defensa-del-altruismo-9788479538880","status":"publish","type":"product","link":"https:\/\/www.claret.cat\/es\/libro\/en-defensa-del-altruismo-9788479538880\/","title":{"rendered":"EN DEFENSA DEL ALTRUISMO"},"content":{"rendered":"<p>Tras el \u00e9xito de El arte de la meditaci\u00f3n y En defensa de la felicidad, vuelve Matthieu Ricard con una de las obras m\u00e1s urgentes de nuestro tiempo: un completo tratado del altruismo como soluci\u00f3n a la crisis personal y social que asola al individuo occidental. Ricard, asesor personal del Dalai Lama y uno de los pensadores m\u00e1s influyentes de nuestro tiempo, no tiene dudas: el ser humano posee un enorme potencial de bondad y felicidad. Solo cultivando esta empat\u00eda innata seremos capaces de superar un modelo basado en el narcisismo que nos ha abocado al fracaso personal y global. La cristalizaci\u00f3n del ego, la violencia, la deshumanizaci\u00f3n o el ego\u00edsmo institucional frente a la meditaci\u00f3n, la educaci\u00f3n, el compromiso o la econom\u00eda altruista son algunos de los temas que, con el rigor de un cient\u00edfico y la cercan\u00eda de un maestro, aborda el autor en su libro m\u00e1s importante hasta el momento. Una obra optimista y generosa, indispensable para superar el desaliento que se impone hoy en nuestra sociedad.<\/p>\n","protected":false},"excerpt":{"rendered":"<p>RICARD, MATTHIEU<\/p>\n","protected":false},"featured_media":404589,"template":"","meta":{"_acf_changed":false,"om_disable_all_campaigns":false,"rs_blank_template":"","rs_page_bg_color":"","slide_template_v7":"","inline_featured_image":false,"_monsterinsights_skip_tracking":false,"_monsterinsights_sitenote_active":false,"_monsterinsights_sitenote_note":"","_monsterinsights_sitenote_category":0},"product_brand":[],"product_cat":[345,79,544,94],"product_tag":[],"class_list":{"0":"post-404588","1":"product","2":"type-product","3":"status-publish","4":"has-post-thumbnail","6":"product_cat-espiritualidad","7":"product_cat-espiritualitat","8":"product_cat-religiones","9":"product_cat-religions","11":"first","12":"instock","13":"taxable","14":"shipping-taxable","15":"purchasable","16":"product-type-simple"},"acf":{"autor":"RICARD, MATTHIEU","codart":"847953888","libros-coleccion":"","ediciones":"1","encuadernacion":"R\u00fastica","fecha_de_publicacion":"01\/03\/2016","novedad":"0","paginas":"814","subtitulo":"EL PODER DE LA BONDAD","orden":"999","portada":"0","idioma":"spa","editorial":[{"ID":262565,"post_author":"3","post_date":"2022-10-24 11:26:02","post_date_gmt":"2022-10-24 09:26:02","post_content":"","post_title":"URANO, EDICIONES S.A.","post_excerpt":"","post_status":"publish","comment_status":"closed","ping_status":"closed","post_password":"","post_name":"urano-ediciones-s-a","to_ping":"","pinged":"","post_modified":"2022-10-24 11:26:02","post_modified_gmt":"2022-10-24 09:26:02","post_content_filtered":"","post_parent":0,"guid":"http:\/\/dev.claret.cat\/editorial\/urano-ediciones-s-a\/","menu_order":0,"post_type":"editorial","post_mime_type":"","comment_count":"0","filter":"raw"}],"autores-libros":[{"ID":164503,"post_author":"3","post_date":"2022-10-14 17:47:35","post_date_gmt":"2022-10-14 15:47:35","post_content":"","post_title":"MATTHIEU RICARD","post_excerpt":"","post_status":"publish","comment_status":"closed","ping_status":"closed","post_password":"","post_name":"matthieu-ricard","to_ping":"","pinged":"","post_modified":"2022-10-14 17:47:35","post_modified_gmt":"2022-10-14 15:47:35","post_content_filtered":"","post_parent":0,"guid":"http:\/\/dev.claret.cat\/autor\/matthieu-ricard\/","menu_order":0,"post_type":"autor","post_mime_type":"","comment_count":"0","filter":"raw"}]},"aioseo_notices":[],"_links":{"self":[{"href":"https:\/\/www.claret.cat\/es\/wp-json\/wp\/v2\/product\/404588","targetHints":{"allow":["GET"]}}],"collection":[{"href":"https:\/\/www.claret.cat\/es\/wp-json\/wp\/v2\/product"}],"about":[{"href":"https:\/\/www.claret.cat\/es\/wp-json\/wp\/v2\/types\/product"}],"wp:featuredmedia":[{"embeddable":true,"href":"https:\/\/www.claret.cat\/es\/wp-json\/wp\/v2\/media\/404589"}],"wp:attachment":[{"href":"https:\/\/www.claret.cat\/es\/wp-json\/wp\/v2\/media?parent=404588"}],"wp:term":[{"taxonomy":"product_brand","embeddable":true,"href":"https:\/\/www.claret.cat\/es\/wp-json\/wp\/v2\/product_brand?post=404588"},{"taxonomy":"product_cat","embeddable":true,"href":"https:\/\/www.claret.cat\/es\/wp-json\/wp\/v2\/product_cat?post=404588"},{"taxonomy":"product_tag","embeddable":true,"href":"https:\/\/www.claret.cat\/es\/wp-json\/wp\/v2\/product_tag?post=404588"}],"curies":[{"name":"wp","href":"https:\/\/api.w.org\/{rel}","templated":true}]}}

<p>Tras el éxito de El arte de la meditación y En defensa de la felicidad, vuelve Matthieu Ricard con una de las obras más urgentes de nuestro tiempo: un completo tratado del altruismo como solución a la crisis personal y social que asola al individuo occidental. Ricard, asesor personal del Dalai Lama y uno de los pensadores más influyentes de nuestro tiempo, no tiene dudas: el ser humano posee un enorme potencial de bondad y felicidad. Solo cultivando esta empatía innata seremos capaces de superar un modelo basado en el narcisismo que nos ha abocado al fracaso personal y global. La cristalización del ego, la violencia, la deshumanización o el egoísmo institucional frente a la meditación, la educación, el compromiso o la economía altruista son algunos de los temas que, con el rigor de un científico y la cercanía de un maestro, aborda el autor en su libro más importante hasta el momento. Una obra optimista y generosa, indispensable para superar el desaliento que se impone hoy en nuestra sociedad.</p>

Rústica
