{"id":405250,"date":"2023-02-28T02:25:51","date_gmt":"2023-02-28T01:25:51","guid":{"rendered":"https:\/\/www.claret.cat\/llibre\/estaciones-de-paso-9788483835159\/"},"modified":"2024-05-29T16:47:31","modified_gmt":"2024-05-29T14:47:31","slug":"estaciones-de-paso-9788483835159","status":"publish","type":"product","link":"https:\/\/www.claret.cat\/es\/libro\/estaciones-de-paso-9788483835159\/","title":{"rendered":"ESTACIONES DE PASO"},"content":{"rendered":"<p>Una galer\u00eda inolvidable de j\u00f3venes, aturdidos y desorientados, pero empe\u00f1ados en salir adelante, magistralmente retratados a partir de pretextos tan dispares como el f\u00fatbol, los toros, la pol\u00edtica, la cocina o la m\u00fasica&#8230;<\/p>\n<p>Tal vez las verdaderas experiencias emocionales, las que nunca se olvidan, sean las que se producen en la adolescencia, ese territorio quebradizo en el que uno se asoma por primera vez a la vida adulta. Estaciones de paso recoge cinco historias de adolescentes abocados a vivir circunstancias que les sobrepasan, pero que, sin sospecharlo, acabar\u00e1n forj\u00e1ndoles como adultos. Son historias de determinaci\u00f3n y coraje, de conflicto con el entorno familiar, pero tambi\u00e9n de amor, de educaci\u00f3n sentimental y de formaci\u00f3n de la conciencia. Como el muchacho de \u00abDemostraci\u00f3n de la existencia de Dios\u00bb, que mediante el relato ingenuo de un partido de f\u00fatbol narra su tragedia. O la joven que en \u00abTabaco y negro\u00bb se siente heredera de un don y de un oficio legendarios. O Carlos, que evoca en \u00abEl capit\u00e1n de la fila india\u00bb las vacaciones que vieron nacer su compromiso pol\u00edtico. O Maite, que en \u00abReceta de verano\u00bb cocina su confusi\u00f3n interior mientras cuida de un padre inv\u00e1lido. O Tom\u00e1s, que en \u00abMozart, y Brahms, y Corelli\u00bb consigue seducir a una mujer tan bella que era pura m\u00fasica. En Estaciones de paso, Almudena Grandes ofrece una galer\u00eda inolvidable de j\u00f3venes, aturdidos y desorientados, pero empe\u00f1ados en salir adelante, magistralmente retratados aqu\u00ed a partir de pretextos tan dispares como el f\u00fatbol, los toros, la pol\u00edtica, la cocina o la m\u00fasica&#8230;<\/p>\n","protected":false},"excerpt":{"rendered":"<p>GRANDES, ALMUDENA<\/p>\n","protected":false},"featured_media":967416,"template":"","meta":{"_acf_changed":false,"om_disable_all_campaigns":false,"rs_blank_template":"","rs_page_bg_color":"","slide_template_v7":"","inline_featured_image":false,"_monsterinsights_skip_tracking":false,"_monsterinsights_sitenote_active":false,"_monsterinsights_sitenote_note":"","_monsterinsights_sitenote_category":0},"product_brand":[],"product_cat":[127,357],"product_tag":[],"class_list":{"0":"post-405250","1":"product","2":"type-product","3":"status-publish","4":"has-post-thumbnail","6":"product_cat-novella-contemporania","7":"product_cat-novela-contemporanea","9":"first","10":"instock","11":"taxable","12":"shipping-taxable","13":"purchasable","14":"product-type-simple"},"acf":{"autor":"GRANDES, ALMUDENA","codart":"848383515","libros-coleccion":"","ediciones":"1","encuadernacion":"Carpeta","fecha_de_publicacion":"30\/12\/2010","novedad":"0","paginas":"284","subtitulo":"","orden":"999","portada":"0","idioma":"spa","editorial":[{"ID":8271,"post_author":"3","post_date":"2022-09-30 09:21:39","post_date_gmt":"2022-09-30 07:21:39","post_content":"","post_title":"TUSQUETS EDITORES","post_excerpt":"","post_status":"publish","comment_status":"closed","ping_status":"closed","post_password":"","post_name":"tusquets-editores","to_ping":"","pinged":"","post_modified":"2022-09-30 09:21:39","post_modified_gmt":"2022-09-30 07:21:39","post_content_filtered":"","post_parent":0,"guid":"http:\/\/dev.claret.cat\/editorial\/tusquets-editores\/","menu_order":0,"post_type":"editorial","post_mime_type":"","comment_count":"0","filter":"raw"}],"autores-libros":[{"ID":149904,"post_author":"3","post_date":"2022-10-14 14:28:37","post_date_gmt":"2022-10-14 12:28:37","post_content":"","post_title":"ALMUDENA GRANDES","post_excerpt":"","post_status":"publish","comment_status":"closed","ping_status":"closed","post_password":"","post_name":"almudena-grandes","to_ping":"","pinged":"","post_modified":"2022-10-14 14:28:37","post_modified_gmt":"2022-10-14 12:28:37","post_content_filtered":"","post_parent":0,"guid":"http:\/\/dev.claret.cat\/autor\/almudena-grandes\/","menu_order":0,"post_type":"autor","post_mime_type":"","comment_count":"0","filter":"raw"}]},"aioseo_notices":[],"_links":{"self":[{"href":"https:\/\/www.claret.cat\/es\/wp-json\/wp\/v2\/product\/405250","targetHints":{"allow":["GET"]}}],"collection":[{"href":"https:\/\/www.claret.cat\/es\/wp-json\/wp\/v2\/product"}],"about":[{"href":"https:\/\/www.claret.cat\/es\/wp-json\/wp\/v2\/types\/product"}],"wp:featuredmedia":[{"embeddable":true,"href":"https:\/\/www.claret.cat\/es\/wp-json\/wp\/v2\/media\/967416"}],"wp:attachment":[{"href":"https:\/\/www.claret.cat\/es\/wp-json\/wp\/v2\/media?parent=405250"}],"wp:term":[{"taxonomy":"product_brand","embeddable":true,"href":"https:\/\/www.claret.cat\/es\/wp-json\/wp\/v2\/product_brand?post=405250"},{"taxonomy":"product_cat","embeddable":true,"href":"https:\/\/www.claret.cat\/es\/wp-json\/wp\/v2\/product_cat?post=405250"},{"taxonomy":"product_tag","embeddable":true,"href":"https:\/\/www.claret.cat\/es\/wp-json\/wp\/v2\/product_tag?post=405250"}],"curies":[{"name":"wp","href":"https:\/\/api.w.org\/{rel}","templated":true}]}}

<p>Una galería inolvidable de jóvenes, aturdidos y desorientados, pero empeñados en salir adelante, magistralmente retratados a partir de pretextos tan dispares como el fútbol, los toros, la política, la cocina o la música&#8230;</p>
<p>Tal vez las verdaderas experiencias emocionales, las que nunca se olvidan, sean las que se producen en la adolescencia, ese territorio quebradizo en el que uno se asoma por primera vez a la vida adulta. Estaciones de paso recoge cinco historias de adolescentes abocados a vivir circunstancias que les sobrepasan, pero que, sin sospecharlo, acabarán forjándoles como adultos. Son historias de determinación y coraje, de conflicto con el entorno familiar, pero también de amor, de educación sentimental y de formación de la conciencia. Como el muchacho de «Demostración de la existencia de Dios», que mediante el relato ingenuo de un partido de fútbol narra su tragedia. O la joven que en «Tabaco y negro» se siente heredera de un don y de un oficio legendarios. O Carlos, que evoca en «El capitán de la fila india» las vacaciones que vieron nacer su compromiso político. O Maite, que en «Receta de verano» cocina su confusión interior mientras cuida de un padre inválido. O Tomás, que en «Mozart, y Brahms, y Corelli» consigue seducir a una mujer tan bella que era pura música. En Estaciones de paso, Almudena Grandes ofrece una galería inolvidable de jóvenes, aturdidos y desorientados, pero empeñados en salir adelante, magistralmente retratados aquí a partir de pretextos tan dispares como el fútbol, los toros, la política, la cocina o la música&#8230;</p>
