{"id":405304,"date":"2023-02-28T02:36:37","date_gmt":"2023-02-28T01:36:37","guid":{"rendered":"https:\/\/www.claret.cat\/llibre\/lletres-i-paraules-5-9788484124597\/"},"modified":"2026-01-23T13:23:21","modified_gmt":"2026-01-23T12:23:21","slug":"lletres-i-paraules-5-9788484124597","status":"publish","type":"product","link":"https:\/\/www.claret.cat\/es\/libro\/lletres-i-paraules-5-9788484124597\/","title":{"rendered":"LLETRES I PARAULES 5"},"content":{"rendered":"<p>Aquests quaderns de cal\u00b7ligrafia van adre\u00e7ats als nens que s&#8221;inicien en la lletra de pal.<br \/> Cada lletra comen\u00e7ant per les vocals va acompanyada d&#8221;una onomatopeia que servir\u00e0 per treballar la correspond\u00e8ncia so\/grafia.<\/p>\n","protected":false},"excerpt":{"rendered":"<p>SABAT\u00c9 RODI\u00c9, TERESA \/ CULLA PERARNAU, RITA<\/p>\n","protected":false},"featured_media":1076666,"template":"","meta":{"_acf_changed":false,"om_disable_all_campaigns":false,"rs_blank_template":"","rs_page_bg_color":"","slide_template_v7":"","inline_featured_image":false,"_monsterinsights_skip_tracking":false,"_monsterinsights_sitenote_active":false,"_monsterinsights_sitenote_note":"","_monsterinsights_sitenote_category":0},"product_brand":[],"product_cat":[90,540],"product_tag":[],"class_list":{"0":"post-405304","1":"product","2":"type-product","3":"status-publish","4":"has-post-thumbnail","6":"product_cat-altres","7":"product_cat-otros","9":"first","10":"instock","11":"taxable","12":"shipping-taxable","13":"purchasable","14":"product-type-simple"},"acf":{"autor":"SABAT\u00c9 RODI\u00c9, TERESA \/ CULLA PERARNAU, RITA","codart":"848412459","libros-coleccion":"FORA DE COL.LECCI\u00d3","ediciones":"1","encuadernacion":"R\u00fastica","fecha_de_publicacion":"01\/04\/2008","novedad":"0","paginas":"0","subtitulo":"","orden":"999","portada":"0","idioma":"cat","editorial":[{"ID":148775,"post_author":"3","post_date":"2022-10-14 12:00:53","post_date_gmt":"2022-10-14 10:00:53","post_content":"","post_title":"Salvatella","post_excerpt":"","post_status":"publish","comment_status":"closed","ping_status":"closed","post_password":"","post_name":"salvatella","to_ping":"","pinged":"","post_modified":"2022-10-14 12:00:53","post_modified_gmt":"2022-10-14 10:00:53","post_content_filtered":"","post_parent":0,"guid":"http:\/\/dev.claret.cat\/editorial\/salvatella\/","menu_order":0,"post_type":"editorial","post_mime_type":"","comment_count":"0","filter":"raw"}],"autores-libros":[{"ID":296628,"post_author":"3","post_date":"2022-12-15 18:25:54","post_date_gmt":"2022-12-15 17:25:54","post_content":"","post_title":"TERESA SABATE","post_excerpt":"","post_status":"publish","comment_status":"closed","ping_status":"closed","post_password":"","post_name":"teresa-sabate","to_ping":"","pinged":"","post_modified":"2022-12-15 18:25:54","post_modified_gmt":"2022-12-15 17:25:54","post_content_filtered":"","post_parent":0,"guid":"http:\/\/dev.claret.cat\/autor\/teresa-sabate\/","menu_order":0,"post_type":"autor","post_mime_type":"","comment_count":"0","filter":"raw"}],"booktrailer":"","resenas":""},"aioseo_notices":[],"_links":{"self":[{"href":"https:\/\/www.claret.cat\/es\/wp-json\/wp\/v2\/product\/405304","targetHints":{"allow":["GET"]}}],"collection":[{"href":"https:\/\/www.claret.cat\/es\/wp-json\/wp\/v2\/product"}],"about":[{"href":"https:\/\/www.claret.cat\/es\/wp-json\/wp\/v2\/types\/product"}],"wp:featuredmedia":[{"embeddable":true,"href":"https:\/\/www.claret.cat\/es\/wp-json\/wp\/v2\/media\/1076666"}],"wp:attachment":[{"href":"https:\/\/www.claret.cat\/es\/wp-json\/wp\/v2\/media?parent=405304"}],"wp:term":[{"taxonomy":"product_brand","embeddable":true,"href":"https:\/\/www.claret.cat\/es\/wp-json\/wp\/v2\/product_brand?post=405304"},{"taxonomy":"product_cat","embeddable":true,"href":"https:\/\/www.claret.cat\/es\/wp-json\/wp\/v2\/product_cat?post=405304"},{"taxonomy":"product_tag","embeddable":true,"href":"https:\/\/www.claret.cat\/es\/wp-json\/wp\/v2\/product_tag?post=405304"}],"curies":[{"name":"wp","href":"https:\/\/api.w.org\/{rel}","templated":true}]}}

<p>Aquests quaderns de cal·ligrafia van adreçats als nens que s&#8221;inicien en la lletra de pal.<br /> Cada lletra començant per les vocals va acompanyada d&#8221;una onomatopeia que servirà per treballar la correspondència so/grafia.</p>

<p>SABATÉ RODIÉ, TERESA / CULLA PERARNAU, RITA</p>

SABATÉ RODIÉ, TERESA / CULLA PERARNAU, RITA

FORA DE COL.LECCIÓ

Rústica
