{"id":406129,"date":"2023-02-28T04:56:48","date_gmt":"2023-02-28T03:56:48","guid":{"rendered":"https:\/\/www.claret.cat\/llibre\/1952-el-ano-que-tu-naciste-9788488907899\/"},"modified":"2026-01-29T19:05:26","modified_gmt":"2026-01-29T18:05:26","slug":"1952-el-ano-que-tu-naciste-9788488907899","status":"publish","type":"product","link":"https:\/\/www.claret.cat\/es\/libro\/1952-el-ano-que-tu-naciste-9788488907899\/","title":{"rendered":"1952 EL A\u00d1O QUE T\u00da NACISTE"},"content":{"rendered":"<p>El a\u00f1o que t\u00fa naciste es una divertida colecci\u00f3n que transporta al lector al a\u00f1o de su nacimiento con im\u00e1genes, fotos, titulares y curiosas noticias de los acontecimientos que ocurrieron en ese a\u00f1o. Una colecci\u00f3n de 79 libros, desde 1920 hasta 1999.<\/p>\n","protected":false},"excerpt":{"rendered":"<p>COLLADO BASCOMPTE, ROSA<\/p>\n","protected":false},"featured_media":1025169,"template":"","meta":{"_acf_changed":false,"om_disable_all_campaigns":false,"rs_blank_template":"","rs_page_bg_color":"","slide_template_v7":"","inline_featured_image":false,"_monsterinsights_skip_tracking":false,"_monsterinsights_sitenote_active":false,"_monsterinsights_sitenote_note":"","_monsterinsights_sitenote_category":0},"product_brand":[],"product_cat":[105,555],"product_tag":[],"class_list":{"0":"post-406129","1":"product","2":"type-product","3":"status-publish","4":"has-post-thumbnail","6":"product_cat-regal","7":"product_cat-regalo","9":"first","10":"instock","11":"taxable","12":"shipping-taxable","13":"purchasable","14":"product-type-simple"},"acf":{"autor":"COLLADO BASCOMPTE, ROSA","codart":"848890789","libros-coleccion":"El a\u00f1o que tu naciste","ediciones":"1","encuadernacion":"R\u00fastica","fecha_de_publicacion":"01\/01\/1996","novedad":"0","paginas":"24","subtitulo":"","orden":"0","portada":"0","idioma":"spa","editorial":[{"ID":147374,"post_author":"3","post_date":"2022-10-14 11:50:05","post_date_gmt":"2022-10-14 09:50:05","post_content":"","post_title":"ACV EDICIONS","post_excerpt":"","post_status":"publish","comment_status":"closed","ping_status":"closed","post_password":"","post_name":"acv-edicions","to_ping":"","pinged":"","post_modified":"2022-10-14 11:50:05","post_modified_gmt":"2022-10-14 09:50:05","post_content_filtered":"","post_parent":0,"guid":"http:\/\/dev.claret.cat\/editorial\/acv-edicions\/","menu_order":0,"post_type":"editorial","post_mime_type":"","comment_count":"0","filter":"raw"}],"autores-libros":[{"ID":168483,"post_author":"3","post_date":"2022-10-14 22:19:28","post_date_gmt":"2022-10-14 20:19:28","post_content":"","post_title":"ROSA COLLADO BASCOMPTE","post_excerpt":"","post_status":"publish","comment_status":"closed","ping_status":"closed","post_password":"","post_name":"rosa-collado-bascompte","to_ping":"","pinged":"","post_modified":"2022-10-14 22:19:28","post_modified_gmt":"2022-10-14 20:19:28","post_content_filtered":"","post_parent":0,"guid":"http:\/\/dev.claret.cat\/autor\/rosa-collado-bascompte\/","menu_order":0,"post_type":"autor","post_mime_type":"","comment_count":"0","filter":"raw"}],"booktrailer":"","resenas":""},"aioseo_notices":[],"_links":{"self":[{"href":"https:\/\/www.claret.cat\/es\/wp-json\/wp\/v2\/product\/406129","targetHints":{"allow":["GET"]}}],"collection":[{"href":"https:\/\/www.claret.cat\/es\/wp-json\/wp\/v2\/product"}],"about":[{"href":"https:\/\/www.claret.cat\/es\/wp-json\/wp\/v2\/types\/product"}],"wp:featuredmedia":[{"embeddable":true,"href":"https:\/\/www.claret.cat\/es\/wp-json\/wp\/v2\/media\/1025169"}],"wp:attachment":[{"href":"https:\/\/www.claret.cat\/es\/wp-json\/wp\/v2\/media?parent=406129"}],"wp:term":[{"taxonomy":"product_brand","embeddable":true,"href":"https:\/\/www.claret.cat\/es\/wp-json\/wp\/v2\/product_brand?post=406129"},{"taxonomy":"product_cat","embeddable":true,"href":"https:\/\/www.claret.cat\/es\/wp-json\/wp\/v2\/product_cat?post=406129"},{"taxonomy":"product_tag","embeddable":true,"href":"https:\/\/www.claret.cat\/es\/wp-json\/wp\/v2\/product_tag?post=406129"}],"curies":[{"name":"wp","href":"https:\/\/api.w.org\/{rel}","templated":true}]}}

1952 EL AÑO QUE TÚ NACISTE

<p>El año que tú naciste es una divertida colección que transporta al lector al año de su nacimiento con imágenes, fotos, titulares y curiosas noticias de los acontecimientos que ocurrieron en ese año. Una colección de 79 libros, desde 1920 hasta 1999.</p>

El año que tu naciste

Rústica
