{"id":407092,"date":"2023-02-28T06:05:03","date_gmt":"2023-02-28T05:05:03","guid":{"rendered":"https:\/\/www.claret.cat\/llibre\/el-lado-oscuro-del-adios-adn-9788491815341\/"},"modified":"2023-02-28T06:05:10","modified_gmt":"2023-02-28T05:05:10","slug":"el-lado-oscuro-del-adios-adn-9788491815341","status":"publish","type":"product","link":"https:\/\/www.claret.cat\/es\/libro\/el-lado-oscuro-del-adios-adn-9788491815341\/","title":{"rendered":"EL LADO OSCURO DEL ADI\u00d3S [ADN]"},"content":{"rendered":"<p>Harry Bosch es el \u00faltimo investigador privado de California. No se anuncia, no tiene oficina y es quisquilloso con la gente para la que trabaja, pero no importa. Su talento de treinta a\u00f1os en el Departamento de Polic\u00eda de Los \u00c1ngeles habla por s\u00ed solo. Pronto, uno de los mayores magnates del sur de California acude a buscarlo. El hura\u00f1o multimillonario se acerca al final de su vida y se siente atormentado por un remordimiento. En su juventud tuvo una relaci\u00f3n con una joven mexicana, su gran amor. Poco despu\u00e9s de quedar embarazada, ella desapareci\u00f3. \u00bfTuvo el beb\u00e9? Y en ese caso \u00bfqu\u00e9 ocurri\u00f3 con \u00e9l? Desesperado por saber si tiene un heredero, el multimillonario moribundo contrata a Bosch, la \u00fanica persona en la que puede confiar. Con una fortuna tan enorme en juego, Harry se da cuenta de que su misi\u00f3n podr\u00eda ser arriesgada no s\u00f3lo para \u00e9l, sino tambi\u00e9n para la persona a la que est\u00e1 buscando. Sin embargo, cuando empieza a descubrir la obsesionante historia, y a hallar sorprendentes v\u00ednculos con su propio pasado, sabe que no podr\u00e1 descansar hasta que encuentre la verdad.<\/p>\n","protected":false},"excerpt":{"rendered":"<p>CONNELLY, MICHAEL<\/p>\n","protected":false},"featured_media":407093,"template":"","meta":{"_acf_changed":false,"om_disable_all_campaigns":false,"rs_blank_template":"","rs_page_bg_color":"","slide_template_v7":"","inline_featured_image":false,"_monsterinsights_skip_tracking":false,"_monsterinsights_sitenote_active":false,"_monsterinsights_sitenote_note":"","_monsterinsights_sitenote_category":0},"product_brand":[],"product_cat":[87,353],"product_tag":[],"class_list":{"0":"post-407092","1":"product","2":"type-product","3":"status-publish","4":"has-post-thumbnail","6":"product_cat-literatura","7":"product_cat-literatura-2_humanidades","9":"first","10":"instock","11":"taxable","12":"shipping-taxable","13":"purchasable","14":"product-type-simple"},"acf":{"autor":"CONNELLY, MICHAEL","codart":"849181534","libros-coleccion":"13\/20","ediciones":"1","encuadernacion":"R\u00fastica","fecha_de_publicacion":"01\/05\/2019","novedad":"1","paginas":"425","subtitulo":"","orden":"0","portada":"0","idioma":"spa","editorial":[{"ID":6119,"post_author":"3","post_date":"2022-07-28 17:45:18","post_date_gmt":"2022-07-28 15:45:18","post_content":"","post_title":"Alianza Editorial","post_excerpt":"","post_status":"publish","comment_status":"closed","ping_status":"closed","post_password":"","post_name":"alianza-editorial","to_ping":"","pinged":"","post_modified":"2022-07-28 17:45:18","post_modified_gmt":"2022-07-28 15:45:18","post_content_filtered":"","post_parent":0,"guid":"http:\/\/dev.claret.cat\/editorial\/alianza-editorial\/","menu_order":0,"post_type":"editorial","post_mime_type":"","comment_count":"0","filter":"raw"}],"autores-libros":[{"ID":164789,"post_author":"3","post_date":"2022-10-14 17:49:54","post_date_gmt":"2022-10-14 15:49:54","post_content":"","post_title":"MICHAEL CONNELLY","post_excerpt":"","post_status":"publish","comment_status":"closed","ping_status":"closed","post_password":"","post_name":"michael-connelly","to_ping":"","pinged":"","post_modified":"2022-10-14 17:49:54","post_modified_gmt":"2022-10-14 15:49:54","post_content_filtered":"","post_parent":0,"guid":"http:\/\/dev.claret.cat\/autor\/michael-connelly\/","menu_order":0,"post_type":"autor","post_mime_type":"","comment_count":"0","filter":"raw"}]},"aioseo_notices":[],"_links":{"self":[{"href":"https:\/\/www.claret.cat\/es\/wp-json\/wp\/v2\/product\/407092","targetHints":{"allow":["GET"]}}],"collection":[{"href":"https:\/\/www.claret.cat\/es\/wp-json\/wp\/v2\/product"}],"about":[{"href":"https:\/\/www.claret.cat\/es\/wp-json\/wp\/v2\/types\/product"}],"wp:featuredmedia":[{"embeddable":true,"href":"https:\/\/www.claret.cat\/es\/wp-json\/wp\/v2\/media\/407093"}],"wp:attachment":[{"href":"https:\/\/www.claret.cat\/es\/wp-json\/wp\/v2\/media?parent=407092"}],"wp:term":[{"taxonomy":"product_brand","embeddable":true,"href":"https:\/\/www.claret.cat\/es\/wp-json\/wp\/v2\/product_brand?post=407092"},{"taxonomy":"product_cat","embeddable":true,"href":"https:\/\/www.claret.cat\/es\/wp-json\/wp\/v2\/product_cat?post=407092"},{"taxonomy":"product_tag","embeddable":true,"href":"https:\/\/www.claret.cat\/es\/wp-json\/wp\/v2\/product_tag?post=407092"}],"curies":[{"name":"wp","href":"https:\/\/api.w.org\/{rel}","templated":true}]}}

EL LADO OSCURO DEL ADIÓS [ADN]

<p>Harry Bosch es el último investigador privado de California. No se anuncia, no tiene oficina y es quisquilloso con la gente para la que trabaja, pero no importa. Su talento de treinta años en el Departamento de Policía de Los Ángeles habla por sí solo. Pronto, uno de los mayores magnates del sur de California acude a buscarlo. El huraño multimillonario se acerca al final de su vida y se siente atormentado por un remordimiento. En su juventud tuvo una relación con una joven mexicana, su gran amor. Poco después de quedar embarazada, ella desapareció. ¿Tuvo el bebé? Y en ese caso ¿qué ocurrió con él? Desesperado por saber si tiene un heredero, el multimillonario moribundo contrata a Bosch, la única persona en la que puede confiar. Con una fortuna tan enorme en juego, Harry se da cuenta de que su misión podría ser arriesgada no sólo para él, sino también para la persona a la que está buscando. Sin embargo, cuando empieza a descubrir la obsesionante historia, y a hallar sorprendentes vínculos con su propio pasado, sabe que no podrá descansar hasta que encuentre la verdad.</p>

Rústica
