{"id":407352,"date":"2023-02-28T06:22:48","date_gmt":"2023-02-28T05:22:48","guid":{"rendered":"https:\/\/www.claret.cat\/llibre\/sadhana-el-sentit-de-la-vida-9788492416813\/"},"modified":"2023-02-28T06:23:16","modified_gmt":"2023-02-28T05:23:16","slug":"sadhana-el-sentit-de-la-vida-9788492416813","status":"publish","type":"product","link":"https:\/\/www.claret.cat\/es\/libro\/sadhana-el-sentit-de-la-vida-9788492416813\/","title":{"rendered":"SADHANA. EL SENTIT DE LA VIDA"},"content":{"rendered":"<p>Poeta i profeta, Rabindranath Tagore aborda en aquesta obra els grans temes del pensament indi: la relaci\u00f3 de l&#8217;individu amb l&#8217;univers i amb l&#8217;absolut, la consci\u00e8ncia de l&#8217;\u00e0nima, el problema del mal, la realitat del jo, els camins de l&#8217;amor, de l&#8217;acci\u00f3 i de la bellesa, i, finalment, l&#8217;obertura a l&#8217;infinit, que \u00e9s el que d\u00f3na acompliment a tota la resta.<\/p>\n<p> Amb una prosa \u00abdensa, elegant i majestuosa\u00bb, l&#8217;obra ofereix \u00abuna visi\u00f3 de la vida d&#8217;alg\u00fa que ha apr\u00e8s a veure i a viure amb un sentit d&#8217;infinit que t\u00e9 el tast de plenitud que molts anhelem\u00bb, diu, en el pr\u00f2leg, Xavier Melloni.<\/p>\n<p> Aquesta primera traducci\u00f3 catalana de Sadhana. El sentit de la vida apareix cent anys despr\u00e9s de la primera edici\u00f3. Amb aquesta publicaci\u00f3, Fragmenta vol contribuir a la difusi\u00f3 del pensament indi a trav\u00e9s d&#8217;un dels seus m\u00e9s grans representants i coneixedors.<\/p>\n","protected":false},"excerpt":{"rendered":"<p>TAGORE, RABINDRANATH<\/p>\n","protected":false},"featured_media":407353,"template":"","meta":{"_acf_changed":false,"om_disable_all_campaigns":false,"rs_blank_template":"","rs_page_bg_color":"","slide_template_v7":"","inline_featured_image":false,"_monsterinsights_skip_tracking":false,"_monsterinsights_sitenote_active":false,"_monsterinsights_sitenote_note":"","_monsterinsights_sitenote_category":0},"product_brand":[],"product_cat":[345,79,544,94],"product_tag":[],"class_list":{"0":"post-407352","1":"product","2":"type-product","3":"status-publish","4":"has-post-thumbnail","6":"product_cat-espiritualidad","7":"product_cat-espiritualitat","8":"product_cat-religiones","9":"product_cat-religions","11":"first","12":"instock","13":"taxable","14":"shipping-taxable","15":"purchasable","16":"product-type-simple"},"acf":{"autor":"TAGORE, RABINDRANATH","codart":"849241681","libros-coleccion":"","ediciones":"1","encuadernacion":"R\u00fastica","fecha_de_publicacion":"01\/11\/2013","novedad":"0","paginas":"152","subtitulo":"EL SENTIT DE LA VIDA","orden":"999","portada":"0","idioma":"cat","editorial":[{"ID":6258,"post_author":"3","post_date":"2022-07-28 17:48:20","post_date_gmt":"2022-07-28 15:48:20","post_content":"","post_title":"FRAGMENTA EDITORIAL","post_excerpt":"","post_status":"publish","comment_status":"closed","ping_status":"closed","post_password":"","post_name":"fragmenta-editorial","to_ping":"","pinged":"","post_modified":"2022-07-28 17:48:20","post_modified_gmt":"2022-07-28 15:48:20","post_content_filtered":"","post_parent":0,"guid":"http:\/\/dev.claret.cat\/editorial\/fragmenta-editorial\/","menu_order":0,"post_type":"editorial","post_mime_type":"","comment_count":"0","filter":"raw"}],"autores-libros":[{"ID":167509,"post_author":"3","post_date":"2022-10-14 18:11:46","post_date_gmt":"2022-10-14 16:11:46","post_content":"","post_title":"RABINDRANATH TAGORE","post_excerpt":"","post_status":"publish","comment_status":"closed","ping_status":"closed","post_password":"","post_name":"rabindranath-tagore","to_ping":"","pinged":"","post_modified":"2022-10-14 18:11:46","post_modified_gmt":"2022-10-14 16:11:46","post_content_filtered":"","post_parent":0,"guid":"http:\/\/dev.claret.cat\/autor\/rabindranath-tagore\/","menu_order":0,"post_type":"autor","post_mime_type":"","comment_count":"0","filter":"raw"}]},"aioseo_notices":[],"_links":{"self":[{"href":"https:\/\/www.claret.cat\/es\/wp-json\/wp\/v2\/product\/407352","targetHints":{"allow":["GET"]}}],"collection":[{"href":"https:\/\/www.claret.cat\/es\/wp-json\/wp\/v2\/product"}],"about":[{"href":"https:\/\/www.claret.cat\/es\/wp-json\/wp\/v2\/types\/product"}],"wp:featuredmedia":[{"embeddable":true,"href":"https:\/\/www.claret.cat\/es\/wp-json\/wp\/v2\/media\/407353"}],"wp:attachment":[{"href":"https:\/\/www.claret.cat\/es\/wp-json\/wp\/v2\/media?parent=407352"}],"wp:term":[{"taxonomy":"product_brand","embeddable":true,"href":"https:\/\/www.claret.cat\/es\/wp-json\/wp\/v2\/product_brand?post=407352"},{"taxonomy":"product_cat","embeddable":true,"href":"https:\/\/www.claret.cat\/es\/wp-json\/wp\/v2\/product_cat?post=407352"},{"taxonomy":"product_tag","embeddable":true,"href":"https:\/\/www.claret.cat\/es\/wp-json\/wp\/v2\/product_tag?post=407352"}],"curies":[{"name":"wp","href":"https:\/\/api.w.org\/{rel}","templated":true}]}}

<p>Poeta i profeta, Rabindranath Tagore aborda en aquesta obra els grans temes del pensament indi: la relació de l&#8217;individu amb l&#8217;univers i amb l&#8217;absolut, la consciència de l&#8217;ànima, el problema del mal, la realitat del jo, els camins de l&#8217;amor, de l&#8217;acció i de la bellesa, i, finalment, l&#8217;obertura a l&#8217;infinit, que és el que dóna acompliment a tota la resta.</p>
<p> Amb una prosa «densa, elegant i majestuosa», l&#8217;obra ofereix «una visió de la vida d&#8217;algú que ha après a veure i a viure amb un sentit d&#8217;infinit que té el tast de plenitud que molts anhelem», diu, en el pròleg, Xavier Melloni.</p>
<p> Aquesta primera traducció catalana de Sadhana. El sentit de la vida apareix cent anys després de la primera edició. Amb aquesta publicació, Fragmenta vol contribuir a la difusió del pensament indi a través d&#8217;un dels seus més grans representants i coneixedors.</p>

Rústica
