{"id":407985,"date":"2023-02-28T07:06:12","date_gmt":"2023-02-28T06:06:12","guid":{"rendered":"https:\/\/www.claret.cat\/llibre\/histories-de-la-historia-de-barcelona-9788493601447\/"},"modified":"2026-01-03T17:46:16","modified_gmt":"2026-01-03T16:46:16","slug":"histories-de-la-historia-de-barcelona-9788493601447","status":"publish","type":"product","link":"https:\/\/www.claret.cat\/es\/libro\/histories-de-la-historia-de-barcelona-9788493601447\/","title":{"rendered":"HISTORIES DE LA HISTORIA DE BARCELONA"},"content":{"rendered":"<p>Descobreixi la ciutat a trav\u00e9s dels seus detalls m\u00e9s atractius<\/p>\n<p>Els vells carrers de Barcelona no s\u00f3n nom\u00e8s all\u00f2 que ara veiem a simple vista. Si ens hi aturem una estona en silenci i parem atenci\u00f3, encara es poden sentir els crits dels avalots, l\u2019olor d\u2019esp\u00e8cies, els carros i cavalls, la sensaci\u00f3 agra de la por, il\u00b7lusions i esperances, odis i amors, i llegendes i mites que encara volen per entre els carrerons estrets de la ciutat.<\/p>\n","protected":false},"excerpt":{"rendered":"<p>CORTIJO, DAVID<\/p>\n","protected":false},"featured_media":444222,"template":"","meta":{"_acf_changed":false,"om_disable_all_campaigns":false,"rs_blank_template":"","rs_page_bg_color":"","slide_template_v7":"","inline_featured_image":false,"_monsterinsights_skip_tracking":false,"_monsterinsights_sitenote_active":false,"_monsterinsights_sitenote_note":"","_monsterinsights_sitenote_category":0},"product_brand":[],"product_cat":[430,153],"product_tag":[],"class_list":{"0":"post-407985","1":"product","2":"type-product","3":"status-publish","4":"has-post-thumbnail","6":"product_cat-cataluna","7":"product_cat-catalunya","9":"first","10":"instock","11":"taxable","12":"shipping-taxable","13":"purchasable","14":"product-type-simple"},"acf":{"autor":"CORTIJO, DAVID","codart":"849360144","libros-coleccion":"","ediciones":"1","encuadernacion":"R\u00fastica","fecha_de_publicacion":"30\/03\/2010","novedad":"0","paginas":"240","subtitulo":"","orden":"999","portada":"0","idioma":"cat","editorial":[{"ID":261819,"post_author":"3","post_date":"2022-10-24 11:16:15","post_date_gmt":"2022-10-24 09:16:15","post_content":"","post_title":"ARCA EDITORIAL, S.L.","post_excerpt":"","post_status":"publish","comment_status":"closed","ping_status":"closed","post_password":"","post_name":"arca-editorial-s-l-2","to_ping":"","pinged":"","post_modified":"2022-10-24 11:16:15","post_modified_gmt":"2022-10-24 09:16:15","post_content_filtered":"","post_parent":0,"guid":"http:\/\/dev.claret.cat\/editorial\/arca-editorial-s-l-2\/","menu_order":0,"post_type":"editorial","post_mime_type":"","comment_count":"0","filter":"raw"}],"autores-libros":[{"ID":407984,"post_author":"3","post_date":"2023-02-28 07:06:10","post_date_gmt":"2023-02-28 06:06:10","post_content":"","post_title":"DAVID CORTIJO","post_excerpt":"","post_status":"publish","comment_status":"closed","ping_status":"closed","post_password":"","post_name":"david-cortijo","to_ping":"","pinged":"","post_modified":"2023-02-28 07:06:10","post_modified_gmt":"2023-02-28 06:06:10","post_content_filtered":"","post_parent":0,"guid":"https:\/\/www.claret.cat\/autor\/david-cortijo\/","menu_order":0,"post_type":"autor","post_mime_type":"","comment_count":"0","filter":"raw"}],"booktrailer":"","resenas":""},"aioseo_notices":[],"_links":{"self":[{"href":"https:\/\/www.claret.cat\/es\/wp-json\/wp\/v2\/product\/407985","targetHints":{"allow":["GET"]}}],"collection":[{"href":"https:\/\/www.claret.cat\/es\/wp-json\/wp\/v2\/product"}],"about":[{"href":"https:\/\/www.claret.cat\/es\/wp-json\/wp\/v2\/types\/product"}],"wp:featuredmedia":[{"embeddable":true,"href":"https:\/\/www.claret.cat\/es\/wp-json\/wp\/v2\/media\/444222"}],"wp:attachment":[{"href":"https:\/\/www.claret.cat\/es\/wp-json\/wp\/v2\/media?parent=407985"}],"wp:term":[{"taxonomy":"product_brand","embeddable":true,"href":"https:\/\/www.claret.cat\/es\/wp-json\/wp\/v2\/product_brand?post=407985"},{"taxonomy":"product_cat","embeddable":true,"href":"https:\/\/www.claret.cat\/es\/wp-json\/wp\/v2\/product_cat?post=407985"},{"taxonomy":"product_tag","embeddable":true,"href":"https:\/\/www.claret.cat\/es\/wp-json\/wp\/v2\/product_tag?post=407985"}],"curies":[{"name":"wp","href":"https:\/\/api.w.org\/{rel}","templated":true}]}}

<p>Descobreixi la ciutat a través dels seus detalls més atractius</p>
<p>Els vells carrers de Barcelona no són nomès allò que ara veiem a simple vista. Si ens hi aturem una estona en silenci i parem atenció, encara es poden sentir els crits dels avalots, l’olor d’espècies, els carros i cavalls, la sensació agra de la por, il·lusions i esperances, odis i amors, i llegendes i mites que encara volen per entre els carrerons estrets de la ciutat.</p>

Rústica
