{"id":408070,"date":"2023-02-28T07:12:08","date_gmt":"2023-02-28T06:12:08","guid":{"rendered":"https:\/\/www.claret.cat\/llibre\/un-lloc-incert-9788493718312\/"},"modified":"2025-01-31T13:35:55","modified_gmt":"2025-01-31T12:35:55","slug":"un-lloc-incert-9788493718312","status":"publish","type":"product","link":"https:\/\/www.claret.cat\/es\/libro\/un-lloc-incert-9788493718312\/","title":{"rendered":"UN LLOC INCERT"},"content":{"rendered":"<p>El comissari Adamsberg es troba a Londres amb motiu d?una confer\u00e8ncia de tres dies. All\u00e0, el seu amic de New Scotland Yard l?alerta d?un esdeveniment macabre que ha tingut lloc al cementiri de Highgate. De retorn a Fran\u00e7a, amb el cas angl\u00e8s encara no resolt, Adamsberg i els seus companys han de fer front a una horrible massacre que ha tingut lloc al suburbi de Par\u00eds. Amb l?ajuda de Danglard &#8211; a punt de perdre el cap per una dona &#8211; Adamsberg comen\u00e7a a estirar el fil d?una trama de vampirs, i d?assassins de vampirs, que els portar\u00e0 fins a S\u00e8rbia.<\/p>\n","protected":false},"excerpt":{"rendered":"<p>VARGAS, FRED<\/p>\n","protected":false},"featured_media":408071,"template":"","meta":{"_acf_changed":false,"om_disable_all_campaigns":false,"rs_blank_template":"","rs_page_bg_color":"","slide_template_v7":"","inline_featured_image":false,"_monsterinsights_skip_tracking":false,"_monsterinsights_sitenote_active":false,"_monsterinsights_sitenote_note":"","_monsterinsights_sitenote_category":0},"product_brand":[],"product_cat":[87,353],"product_tag":[],"class_list":{"0":"post-408070","1":"product","2":"type-product","3":"status-publish","4":"has-post-thumbnail","6":"product_cat-literatura","7":"product_cat-literatura-2_humanidades","9":"first","10":"instock","11":"taxable","12":"shipping-taxable","13":"purchasable","14":"product-type-simple"},"acf":{"autor":"VARGAS, FRED","codart":"849371831","libros-coleccion":"","ediciones":"1","encuadernacion":"R\u00fastica","fecha_de_publicacion":"28\/09\/2009","novedad":"0","paginas":"238","subtitulo":"","orden":"999","portada":"0","idioma":"cat","editorial":[{"ID":261808,"post_author":"3","post_date":"2022-10-24 11:16:06","post_date_gmt":"2022-10-24 09:16:06","post_content":"","post_title":"AMSTERDAM LLIBRES","post_excerpt":"","post_status":"publish","comment_status":"closed","ping_status":"closed","post_password":"","post_name":"amsterdam-llibres","to_ping":"","pinged":"","post_modified":"2022-10-24 11:16:06","post_modified_gmt":"2022-10-24 09:16:06","post_content_filtered":"","post_parent":0,"guid":"http:\/\/dev.claret.cat\/editorial\/amsterdam-llibres\/","menu_order":0,"post_type":"editorial","post_mime_type":"","comment_count":"0","filter":"raw"}],"autores-libros":[{"ID":156396,"post_author":"3","post_date":"2022-10-14 15:20:29","post_date_gmt":"2022-10-14 13:20:29","post_content":"","post_title":"FRED VARGAS","post_excerpt":"","post_status":"publish","comment_status":"closed","ping_status":"closed","post_password":"","post_name":"fred-vargas","to_ping":"","pinged":"","post_modified":"2022-10-14 15:20:29","post_modified_gmt":"2022-10-14 13:20:29","post_content_filtered":"","post_parent":0,"guid":"http:\/\/dev.claret.cat\/autor\/fred-vargas\/","menu_order":0,"post_type":"autor","post_mime_type":"","comment_count":"0","filter":"raw"}]},"aioseo_notices":[],"_links":{"self":[{"href":"https:\/\/www.claret.cat\/es\/wp-json\/wp\/v2\/product\/408070","targetHints":{"allow":["GET"]}}],"collection":[{"href":"https:\/\/www.claret.cat\/es\/wp-json\/wp\/v2\/product"}],"about":[{"href":"https:\/\/www.claret.cat\/es\/wp-json\/wp\/v2\/types\/product"}],"wp:featuredmedia":[{"embeddable":true,"href":"https:\/\/www.claret.cat\/es\/wp-json\/wp\/v2\/media\/408071"}],"wp:attachment":[{"href":"https:\/\/www.claret.cat\/es\/wp-json\/wp\/v2\/media?parent=408070"}],"wp:term":[{"taxonomy":"product_brand","embeddable":true,"href":"https:\/\/www.claret.cat\/es\/wp-json\/wp\/v2\/product_brand?post=408070"},{"taxonomy":"product_cat","embeddable":true,"href":"https:\/\/www.claret.cat\/es\/wp-json\/wp\/v2\/product_cat?post=408070"},{"taxonomy":"product_tag","embeddable":true,"href":"https:\/\/www.claret.cat\/es\/wp-json\/wp\/v2\/product_tag?post=408070"}],"curies":[{"name":"wp","href":"https:\/\/api.w.org\/{rel}","templated":true}]}}

<p>El comissari Adamsberg es troba a Londres amb motiu d?una conferència de tres dies. Allà, el seu amic de New Scotland Yard l?alerta d?un esdeveniment macabre que ha tingut lloc al cementiri de Highgate. De retorn a França, amb el cas anglès encara no resolt, Adamsberg i els seus companys han de fer front a una horrible massacre que ha tingut lloc al suburbi de París. Amb l?ajuda de Danglard &#8211; a punt de perdre el cap per una dona &#8211; Adamsberg comença a estirar el fil d?una trama de vampirs, i d?assassins de vampirs, que els portarà fins a Sèrbia.</p>

Rústica
