{"id":408107,"date":"2023-02-28T07:14:18","date_gmt":"2023-02-28T06:14:18","guid":{"rendered":"https:\/\/www.claret.cat\/llibre\/dorotea-la-vaca-viajera-y-el-misterio-de-la-nube-9788493755782\/"},"modified":"2023-02-28T07:14:24","modified_gmt":"2023-02-28T06:14:24","slug":"dorotea-la-vaca-viajera-y-el-misterio-de-la-nube-9788493755782","status":"publish","type":"product","link":"https:\/\/www.claret.cat\/es\/libro\/dorotea-la-vaca-viajera-y-el-misterio-de-la-nube-9788493755782\/","title":{"rendered":"DOROTEA LA VACA VIAJERA Y EL MISTERIO DE LA NUBE"},"content":{"rendered":"<p>Tanto le intrig\u00f3 aquella nube colgada en el cielo, que Dorotea decidi\u00f3 averiguar ad\u00f3nde se dirig\u00eda. En su camino, la vaca curiosa conocer\u00e1 amigos y vivir\u00e1 maravillosas aventuras. Pero, sobre todo, descubrir\u00e1 el secreto del viaje de la nube. Un secreto que es como un tesoro: enorme; lleno de magia. \u00bfAcompa\u00f1amos a Dorotea y a sus amigos en este fabuloso cuento? La nube tambi\u00e9n tiene una sorpresa para todos nosotros.<\/p>\n","protected":false},"excerpt":{"rendered":"<p>SARACINO,LUCIANO<\/p>\n","protected":false},"featured_media":408108,"template":"","meta":{"_acf_changed":false,"om_disable_all_campaigns":false,"rs_blank_template":"","rs_page_bg_color":"","slide_template_v7":"","inline_featured_image":false,"_monsterinsights_skip_tracking":false,"_monsterinsights_sitenote_active":false,"_monsterinsights_sitenote_note":"","_monsterinsights_sitenote_category":0},"product_brand":[],"product_cat":[86,352],"product_tag":[],"class_list":{"0":"post-408107","1":"product","2":"type-product","3":"status-publish","4":"has-post-thumbnail","6":"product_cat-infantil","7":"product_cat-infantil-3_infantil-juvenil-spa","9":"first","10":"instock","11":"taxable","12":"shipping-taxable","13":"purchasable","14":"product-type-simple"},"acf":{"autor":"SARACINO,LUCIANO","codart":"849375578","libros-coleccion":"SUSHI BOOKS","ediciones":"1","encuadernacion":"Carpeta","fecha_de_publicacion":"01\/10\/2010","novedad":"1","paginas":"35","subtitulo":"","orden":"0","portada":"0","idioma":"spa","editorial":[{"ID":148921,"post_author":"3","post_date":"2022-10-14 12:02:02","post_date_gmt":"2022-10-14 10:02:02","post_content":"","post_title":"UNALUNA","post_excerpt":"","post_status":"publish","comment_status":"closed","ping_status":"closed","post_password":"","post_name":"unaluna","to_ping":"","pinged":"","post_modified":"2022-10-14 12:02:02","post_modified_gmt":"2022-10-14 10:02:02","post_content_filtered":"","post_parent":0,"guid":"http:\/\/dev.claret.cat\/editorial\/unaluna\/","menu_order":0,"post_type":"editorial","post_mime_type":"","comment_count":"0","filter":"raw"}],"autores-libros":[{"ID":408095,"post_author":"3","post_date":"2023-02-28 07:13:38","post_date_gmt":"2023-02-28 06:13:38","post_content":"","post_title":"LUCIANO SARACINO","post_excerpt":"","post_status":"publish","comment_status":"closed","ping_status":"closed","post_password":"","post_name":"luciano-saracino-2","to_ping":"","pinged":"","post_modified":"2023-02-28 07:13:38","post_modified_gmt":"2023-02-28 06:13:38","post_content_filtered":"","post_parent":0,"guid":"https:\/\/www.claret.cat\/autor\/luciano-saracino-2\/","menu_order":0,"post_type":"autor","post_mime_type":"","comment_count":"0","filter":"raw"}]},"aioseo_notices":[],"_links":{"self":[{"href":"https:\/\/www.claret.cat\/es\/wp-json\/wp\/v2\/product\/408107","targetHints":{"allow":["GET"]}}],"collection":[{"href":"https:\/\/www.claret.cat\/es\/wp-json\/wp\/v2\/product"}],"about":[{"href":"https:\/\/www.claret.cat\/es\/wp-json\/wp\/v2\/types\/product"}],"wp:featuredmedia":[{"embeddable":true,"href":"https:\/\/www.claret.cat\/es\/wp-json\/wp\/v2\/media\/408108"}],"wp:attachment":[{"href":"https:\/\/www.claret.cat\/es\/wp-json\/wp\/v2\/media?parent=408107"}],"wp:term":[{"taxonomy":"product_brand","embeddable":true,"href":"https:\/\/www.claret.cat\/es\/wp-json\/wp\/v2\/product_brand?post=408107"},{"taxonomy":"product_cat","embeddable":true,"href":"https:\/\/www.claret.cat\/es\/wp-json\/wp\/v2\/product_cat?post=408107"},{"taxonomy":"product_tag","embeddable":true,"href":"https:\/\/www.claret.cat\/es\/wp-json\/wp\/v2\/product_tag?post=408107"}],"curies":[{"name":"wp","href":"https:\/\/api.w.org\/{rel}","templated":true}]}}

<p>Tanto le intrigó aquella nube colgada en el cielo, que Dorotea decidió averiguar adónde se dirigía. En su camino, la vaca curiosa conocerá amigos y vivirá maravillosas aventuras. Pero, sobre todo, descubrirá el secreto del viaje de la nube. Un secreto que es como un tesoro: enorme; lleno de magia. ¿Acompañamos a Dorotea y a sus amigos en este fabuloso cuento? La nube también tiene una sorpresa para todos nosotros.</p>
