{"id":409412,"date":"2023-02-28T18:55:14","date_gmt":"2023-02-28T17:55:14","guid":{"rendered":"https:\/\/www.claret.cat\/llibre\/rebelion-en-la-granja-edicion-definitiva-avalada-por-the-orwell-estate-9788499890951\/"},"modified":"2026-01-20T17:47:12","modified_gmt":"2026-01-20T16:47:12","slug":"rebelion-en-la-granja-edicion-definitiva-avalada-por-the-orwell-estate-9788499890951","status":"publish","type":"product","link":"https:\/\/www.claret.cat\/es\/libro\/rebelion-en-la-granja-edicion-definitiva-avalada-por-the-orwell-estate-9788499890951\/","title":{"rendered":"REBELI\u00d3N EN LA GRANJA (EDICI\u00d3N DEFINITIVA AVALADA POR THE ORWELL ESTATE)"},"content":{"rendered":"<p>Un rotundo alegato a favor de la libertad y en contra del totalitarismo que se ha convertido en un cl\u00e1sico de la literatura del siglo XX. Esta s\u00e1tira de la Revoluci\u00f3n rusa y el triunfo del estalinismo, escrita en 1945, se ha convertido por derecho propio en un hito de la cultura contempor\u00e1nea y en uno de los libros m\u00e1s mordaces de todos los tiempos. Ante el auge de los animales de la Granja Solariega, pronto detectamos las semillas de totalitarismo en una organizaci\u00f3n aparentemente ideal; y en nuestros l\u00edderes m\u00e1s carism\u00e1ticos, la sombra de los opresores m\u00e1s crueles. La presente edici\u00f3n, avalada por The Orwell Foundation, sigue fielmente el texto definitivo de las obras completas del autor, fijado por el profesor Peter Davison. Incluye un ep\u00edlogo del periodista y ensayista Christopher Hitchens, que pone de relieve la importancia del autor en nuestro tiempo. Marcial Souto firma la estupenda traducci\u00f3n, que se public\u00f3 por primera vez en 2013 y es la m\u00e1s reciente de la obra.La cr\u00edtica ha dicho&#8230;<br \/>\u00abUna obra literaria perfecta\u00bb.<br \/>T.S. Elliot \u00abGeorge Orwell es un hombre con extraordinario sentido moral y con un enorme respeto por la justicia y la verdad\u00bb.<br \/>Evelyn Waugh \u00abEl libroque todo el mundo, toda la gente de a pie, deber\u00eda leer. No ha perdido un \u00e1pice de lucidez en cincuenta a\u00f1os\u00bb.<br \/>Ruth Rendell \u00abCasi antes que nadie \u00e9l comprendi\u00f3 que la corrupci\u00f3n de las palabras es un s\u00edntoma y a la vez la causa de la corrupci\u00f3n del pensamiento\u00bb.<br \/>Antonio Mu\u00f1oz Molina \u00abDesde Losviajes de Gulliver no se ha escrito una par\u00e1bola tan profunda, mordiente y sat\u00edrica como Rebeli\u00f3n en la granja\u00bb.<br \/>Arthur Koestler \u00abUn intelectual radicalmente independiente cuya obra es de una claridad moral insobornable\u00bb.<br \/>Guillermo Altares, El Pa\u00eds<\/p>\n","protected":false},"excerpt":{"rendered":"<p>ORWELL, GEORGE<\/p>\n","protected":false},"featured_media":1053536,"template":"","meta":{"_acf_changed":false,"om_disable_all_campaigns":false,"rs_blank_template":"","rs_page_bg_color":"","slide_template_v7":"","inline_featured_image":false,"_monsterinsights_skip_tracking":false,"_monsterinsights_sitenote_active":false,"_monsterinsights_sitenote_note":"","_monsterinsights_sitenote_category":0},"product_brand":[],"product_cat":[127,357],"product_tag":[],"class_list":{"0":"post-409412","1":"product","2":"type-product","3":"status-publish","4":"has-post-thumbnail","6":"product_cat-novella-contemporania","7":"product_cat-novela-contemporanea","9":"first","10":"instock","11":"taxable","12":"shipping-taxable","13":"purchasable","14":"product-type-simple"},"acf":{"autor":"ORWELL, GEORGE","codart":"849989095","libros-coleccion":"CONTEMPORANEA","ediciones":"1","encuadernacion":"R\u00fastica","fecha_de_publicacion":"01\/02\/2013","novedad":"1","paginas":"144","subtitulo":"","orden":"0","portada":"0","idioma":"spa","editorial":[{"ID":6178,"post_author":"3","post_date":"2022-07-28 17:46:34","post_date_gmt":"2022-07-28 15:46:34","post_content":"","post_title":"DEBOLSILLO","post_excerpt":"","post_status":"publish","comment_status":"closed","ping_status":"closed","post_password":"","post_name":"debolsillo","to_ping":"","pinged":"","post_modified":"2022-07-28 17:46:34","post_modified_gmt":"2022-07-28 15:46:34","post_content_filtered":"","post_parent":0,"guid":"http:\/\/dev.claret.cat\/editorial\/debolsillo\/","menu_order":0,"post_type":"editorial","post_mime_type":"","comment_count":"0","filter":"raw"}],"autores-libros":[{"ID":156738,"post_author":"3","post_date":"2022-10-14 15:23:13","post_date_gmt":"2022-10-14 13:23:13","post_content":"","post_title":"GEORGE ORWELL","post_excerpt":"","post_status":"publish","comment_status":"closed","ping_status":"closed","post_password":"","post_name":"george-orwell","to_ping":"","pinged":"","post_modified":"2022-10-14 15:23:13","post_modified_gmt":"2022-10-14 13:23:13","post_content_filtered":"","post_parent":0,"guid":"http:\/\/dev.claret.cat\/autor\/george-orwell\/","menu_order":0,"post_type":"autor","post_mime_type":"","comment_count":"0","filter":"raw"}],"booktrailer":"","resenas":""},"aioseo_notices":[],"_links":{"self":[{"href":"https:\/\/www.claret.cat\/es\/wp-json\/wp\/v2\/product\/409412","targetHints":{"allow":["GET"]}}],"collection":[{"href":"https:\/\/www.claret.cat\/es\/wp-json\/wp\/v2\/product"}],"about":[{"href":"https:\/\/www.claret.cat\/es\/wp-json\/wp\/v2\/types\/product"}],"wp:featuredmedia":[{"embeddable":true,"href":"https:\/\/www.claret.cat\/es\/wp-json\/wp\/v2\/media\/1053536"}],"wp:attachment":[{"href":"https:\/\/www.claret.cat\/es\/wp-json\/wp\/v2\/media?parent=409412"}],"wp:term":[{"taxonomy":"product_brand","embeddable":true,"href":"https:\/\/www.claret.cat\/es\/wp-json\/wp\/v2\/product_brand?post=409412"},{"taxonomy":"product_cat","embeddable":true,"href":"https:\/\/www.claret.cat\/es\/wp-json\/wp\/v2\/product_cat?post=409412"},{"taxonomy":"product_tag","embeddable":true,"href":"https:\/\/www.claret.cat\/es\/wp-json\/wp\/v2\/product_tag?post=409412"}],"curies":[{"name":"wp","href":"https:\/\/api.w.org\/{rel}","templated":true}]}}

REBELIÓN EN LA GRANJA (EDICIÓN DEFINITIVA AVALADA POR THE ORWELL ESTATE)

<p>Un rotundo alegato a favor de la libertad y en contra del totalitarismo que se ha convertido en un clásico de la literatura del siglo XX. Esta sátira de la Revolución rusa y el triunfo del estalinismo, escrita en 1945, se ha convertido por derecho propio en un hito de la cultura contemporánea y en uno de los libros más mordaces de todos los tiempos. Ante el auge de los animales de la Granja Solariega, pronto detectamos las semillas de totalitarismo en una organización aparentemente ideal; y en nuestros líderes más carismáticos, la sombra de los opresores más crueles. La presente edición, avalada por The Orwell Foundation, sigue fielmente el texto definitivo de las obras completas del autor, fijado por el profesor Peter Davison. Incluye un epílogo del periodista y ensayista Christopher Hitchens, que pone de relieve la importancia del autor en nuestro tiempo. Marcial Souto firma la estupenda traducción, que se publicó por primera vez en 2013 y es la más reciente de la obra.La crítica ha dicho&#8230;<br />«Una obra literaria perfecta».<br />T.S. Elliot «George Orwell es un hombre con extraordinario sentido moral y con un enorme respeto por la justicia y la verdad».<br />Evelyn Waugh «El libroque todo el mundo, toda la gente de a pie, debería leer. No ha perdido un ápice de lucidez en cincuenta años».<br />Ruth Rendell «Casi antes que nadie él comprendió que la corrupción de las palabras es un síntoma y a la vez la causa de la corrupción del pensamiento».<br />Antonio Muñoz Molina «Desde Losviajes de Gulliver no se ha escrito una parábola tan profunda, mordiente y satírica como Rebelión en la granja».<br />Arthur Koestler «Un intelectual radicalmente independiente cuya obra es de una claridad moral insobornable».<br />Guillermo Altares, El País</p>

Rústica
