{"id":409485,"date":"2023-02-28T19:55:02","date_gmt":"2023-02-28T18:55:02","guid":{"rendered":"https:\/\/www.claret.cat\/llibre\/el-cas-del-robatori-de-la-mona-louisa-els-buscapistes-3-9788419241580\/"},"modified":"2026-04-16T10:10:37","modified_gmt":"2026-04-16T08:10:37","slug":"el-cas-del-robatori-de-la-mona-louisa-els-buscapistes-3-9788419241580","status":"publish","type":"product","link":"https:\/\/www.claret.cat\/es\/libro\/el-cas-del-robatori-de-la-mona-louisa-els-buscapistes-3-9788419241580\/","title":{"rendered":"EL CAS DEL ROBATORI DE LA MONA LOUISA (ELS BUSCAPISTES 3)"},"content":{"rendered":"<p>Els Buscapistes en catal\u00e0! Resol els casos m\u00e9s intrigants amb la Pepa Pistes i el Maxi Casos.  La Pepa i el Maxi no han parat d&#8217;investigar casos misteriosos des que van obrir la seva ag\u00e8ncia de detectius. Aconseguiran resoldre el pr\u00f2xim cas? Ajuda&#8217;ls a trobar l&#8217;escorred\u00eds lladre del museu! L&#8217;\u00fanica pista \u00e9s una ploma de coloraines&#8230; Converteix-te en detectiu amb la Pepa Pistes i el Maxi Casos!____________________ &#8211; Amb lletra gran per a una lectura f\u00e0cil &#8211; Ple de divertides il\u00b7lustracions que acompanyen el text &#8211; Una hist\u00f2ria molt entretinguda que enganxar\u00e0 els nens i les nenes &#8211; Un misteri que convertir\u00e0 els petits lectors en investigadors- Amb una mida perfecta per endur-se&#8217;l a qualsevol lloc<\/p>\n","protected":false},"excerpt":{"rendered":"<p>BLANCH, TERESA \/ LABARI, JOS\u00c9 \u00c1NGEL<\/p>\n","protected":false},"featured_media":1097134,"template":"","meta":{"_acf_changed":false,"om_disable_all_campaigns":false,"rs_blank_template":"","rs_page_bg_color":"","slide_template_v7":"","inline_featured_image":false,"_monsterinsights_skip_tracking":false,"_monsterinsights_sitenote_active":false,"_monsterinsights_sitenote_note":"","_monsterinsights_sitenote_category":0},"product_brand":[],"product_cat":[132,362],"product_tag":[],"class_list":{"0":"post-409485","1":"product","2":"type-product","3":"status-publish","4":"has-post-thumbnail","6":"product_cat-lectures-per-preadolescents-6-12-anys","7":"product_cat-libros-preadolescentes-6-12-anos","9":"first","10":"instock","11":"taxable","12":"shipping-taxable","13":"purchasable","14":"product-type-simple"},"acf":{"autor":"BLANCH, TERESA \/ LABARI, JOS\u00c9 \u00c1NGEL","codart":"841924158","libros-coleccion":"FORA DE COL.LECCI\u00d3","ediciones":"1","encuadernacion":"R\u00fastica","fecha_de_publicacion":"01\/03\/2023","novedad":"1","paginas":"96","subtitulo":"PRIMERES LECTURES EN CATAL\u00c0","orden":"0","portada":"0","idioma":"cat","editorial":[{"ID":6310,"post_author":"3","post_date":"2022-07-28 17:49:26","post_date_gmt":"2022-07-28 15:49:26","post_content":"","post_title":"MONTENA","post_excerpt":"","post_status":"publish","comment_status":"closed","ping_status":"closed","post_password":"","post_name":"montena","to_ping":"","pinged":"","post_modified":"2022-07-28 17:49:26","post_modified_gmt":"2022-07-28 15:49:26","post_content_filtered":"","post_parent":0,"guid":"http:\/\/dev.claret.cat\/editorial\/montena\/","menu_order":0,"post_type":"editorial","post_mime_type":"","comment_count":"0","filter":"raw"}],"autores-libros":[{"ID":170197,"post_author":"3","post_date":"2022-10-14 22:33:22","post_date_gmt":"2022-10-14 20:33:22","post_content":"","post_title":"TERESA BLANCH","post_excerpt":"","post_status":"publish","comment_status":"closed","ping_status":"closed","post_password":"","post_name":"teresa-blanch","to_ping":"","pinged":"","post_modified":"2022-10-14 22:33:22","post_modified_gmt":"2022-10-14 20:33:22","post_content_filtered":"","post_parent":0,"guid":"http:\/\/dev.claret.cat\/autor\/teresa-blanch\/","menu_order":0,"post_type":"autor","post_mime_type":"","comment_count":"0","filter":"raw"},{"ID":424479,"post_author":"3","post_date":"2023-05-16 08:01:21","post_date_gmt":"2023-05-16 06:01:21","post_content":"","post_title":"JOSE ANGEL LABARI","post_excerpt":"","post_status":"publish","comment_status":"closed","ping_status":"closed","post_password":"","post_name":"jose-angel-labari","to_ping":"","pinged":"","post_modified":"2023-05-16 08:01:21","post_modified_gmt":"2023-05-16 06:01:21","post_content_filtered":"","post_parent":0,"guid":"https:\/\/www.claret.cat\/autor\/jose-angel-labari\/","menu_order":0,"post_type":"autor","post_mime_type":"","comment_count":"0","filter":"raw"}],"booktrailer":"","resenas":""},"aioseo_notices":[],"_links":{"self":[{"href":"https:\/\/www.claret.cat\/es\/wp-json\/wp\/v2\/product\/409485","targetHints":{"allow":["GET"]}}],"collection":[{"href":"https:\/\/www.claret.cat\/es\/wp-json\/wp\/v2\/product"}],"about":[{"href":"https:\/\/www.claret.cat\/es\/wp-json\/wp\/v2\/types\/product"}],"wp:featuredmedia":[{"embeddable":true,"href":"https:\/\/www.claret.cat\/es\/wp-json\/wp\/v2\/media\/1097134"}],"wp:attachment":[{"href":"https:\/\/www.claret.cat\/es\/wp-json\/wp\/v2\/media?parent=409485"}],"wp:term":[{"taxonomy":"product_brand","embeddable":true,"href":"https:\/\/www.claret.cat\/es\/wp-json\/wp\/v2\/product_brand?post=409485"},{"taxonomy":"product_cat","embeddable":true,"href":"https:\/\/www.claret.cat\/es\/wp-json\/wp\/v2\/product_cat?post=409485"},{"taxonomy":"product_tag","embeddable":true,"href":"https:\/\/www.claret.cat\/es\/wp-json\/wp\/v2\/product_tag?post=409485"}],"curies":[{"name":"wp","href":"https:\/\/api.w.org\/{rel}","templated":true}]}}

<p>Els Buscapistes en català! Resol els casos més intrigants amb la Pepa Pistes i el Maxi Casos.  La Pepa i el Maxi no han parat d&#8217;investigar casos misteriosos des que van obrir la seva agència de detectius. Aconseguiran resoldre el pròxim cas? Ajuda&#8217;ls a trobar l&#8217;escorredís lladre del museu! L&#8217;única pista és una ploma de coloraines&#8230; Converteix-te en detectiu amb la Pepa Pistes i el Maxi Casos!____________________ &#8211; Amb lletra gran per a una lectura fàcil &#8211; Ple de divertides il·lustracions que acompanyen el text &#8211; Una història molt entretinguda que enganxarà els nens i les nenes &#8211; Un misteri que convertirà els petits lectors en investigadors- Amb una mida perfecta per endur-se&#8217;l a qualsevol lloc</p>

<p>BLANCH, TERESA / LABARI, JOSÉ ÁNGEL</p>

BLANCH, TERESA / LABARI, JOSÉ ÁNGEL

FORA DE COL.LECCIÓ

Rústica

PRIMERES LECTURES EN CATALÀ
