{"id":409690,"date":"2023-03-02T19:25:35","date_gmt":"2023-03-02T18:25:35","guid":{"rendered":"https:\/\/www.claret.cat\/llibre\/la-dona-mes-pintada-9788475889986\/"},"modified":"2024-01-31T20:30:54","modified_gmt":"2024-01-31T19:30:54","slug":"la-dona-mes-pintada-9788475889986","status":"publish","type":"product","link":"https:\/\/www.claret.cat\/es\/libro\/la-dona-mes-pintada-9788475889986\/","title":{"rendered":"LA DONA M\u00c9S PINTADA"},"content":{"rendered":"<p>L&#8217;impacte de l&#8217;autodestrucci\u00f3 d&#8217;una obra d&#8217;art de Banksy el 2018 a la sala de subhastes Sotheby&#8217;s encara \u00e9s ben viu a la nostra mem\u00f2ria, per\u00f2 molts hav\u00edem oblidat el cas del pintor Palau Ferr\u00e9, que va decidir cremar els seus propis quadres als anys setanta del segle xx. Les seves aparicions a la televisi\u00f3 i als mitjans de l&#8217;\u00e8poca s\u00f3n ara poc recordades, malgrat l&#8217;estupor que va generar el cas. M\u00e0rius Serra es va interessar per aquest creador que, despr\u00e9s d&#8217;una sent\u00e8ncia del Tribunal Suprem, va resoldre llan\u00e7ar al foc tot all\u00f2 que pintava. Aquells retrats d&#8217;una dona d&#8217;ulls grossos i fascinadors s&#8217;esfumaven per la xemeneia de casa del pintor. Qu\u00e8 hi havia darrere de la pulsi\u00f3 autodestructiva? Amb l&#8217;ajut de la documentaci\u00f3, dels testimonis i de la portentosa imaginaci\u00f3 de novel\u00b7lista, M\u00e0rius Serra ofereix als lectors La dona m\u00e9s pintada, una novel\u00b7la que parteix de la vida d&#8217;un pintor assenyalat per Picasso com a possible successor seu.<\/p>\n","protected":false},"excerpt":{"rendered":"<p>SERRA, M\u00c0RIUS<\/p>\n","protected":false},"featured_media":409691,"template":"","meta":{"_acf_changed":false,"om_disable_all_campaigns":false,"rs_blank_template":"","rs_page_bg_color":"","slide_template_v7":"","inline_featured_image":false,"_monsterinsights_skip_tracking":false,"_monsterinsights_sitenote_active":false,"_monsterinsights_sitenote_note":"","_monsterinsights_sitenote_category":0},"product_brand":[],"product_cat":[127,357],"product_tag":[],"class_list":{"0":"post-409690","1":"product","2":"type-product","3":"status-publish","4":"has-post-thumbnail","6":"product_cat-novella-contemporania","7":"product_cat-novela-contemporanea","9":"first","10":"instock","11":"taxable","12":"shipping-taxable","13":"purchasable","14":"product-type-simple"},"acf":{"autor":"SERRA, M\u00c0RIUS","codart":"847588998","libros-coleccion":"A TOT VENT","ediciones":"1","encuadernacion":"Carton\u00e9","fecha_de_publicacion":"01\/03\/2023","novedad":"1","paginas":"514","subtitulo":"","orden":"0","portada":"0","idioma":"cat","editorial":[{"ID":6336,"post_author":"3","post_date":"2022-07-28 17:50:00","post_date_gmt":"2022-07-28 15:50:00","post_content":"","post_title":"Proa","post_excerpt":"","post_status":"publish","comment_status":"closed","ping_status":"closed","post_password":"","post_name":"proa","to_ping":"","pinged":"","post_modified":"2022-07-28 17:50:00","post_modified_gmt":"2022-07-28 15:50:00","post_content_filtered":"","post_parent":0,"guid":"http:\/\/dev.claret.cat\/editorial\/proa\/","menu_order":0,"post_type":"editorial","post_mime_type":"","comment_count":"0","filter":"raw"}],"autores-libros":[{"ID":164048,"post_author":"3","post_date":"2022-10-14 17:43:56","post_date_gmt":"2022-10-14 15:43:56","post_content":"","post_title":"MARIUS SERRA","post_excerpt":"","post_status":"publish","comment_status":"closed","ping_status":"closed","post_password":"","post_name":"marius-serra","to_ping":"","pinged":"","post_modified":"2022-10-14 17:43:56","post_modified_gmt":"2022-10-14 15:43:56","post_content_filtered":"","post_parent":0,"guid":"http:\/\/dev.claret.cat\/autor\/marius-serra\/","menu_order":0,"post_type":"autor","post_mime_type":"","comment_count":"0","filter":"raw"}]},"aioseo_notices":[],"_links":{"self":[{"href":"https:\/\/www.claret.cat\/es\/wp-json\/wp\/v2\/product\/409690","targetHints":{"allow":["GET"]}}],"collection":[{"href":"https:\/\/www.claret.cat\/es\/wp-json\/wp\/v2\/product"}],"about":[{"href":"https:\/\/www.claret.cat\/es\/wp-json\/wp\/v2\/types\/product"}],"wp:featuredmedia":[{"embeddable":true,"href":"https:\/\/www.claret.cat\/es\/wp-json\/wp\/v2\/media\/409691"}],"wp:attachment":[{"href":"https:\/\/www.claret.cat\/es\/wp-json\/wp\/v2\/media?parent=409690"}],"wp:term":[{"taxonomy":"product_brand","embeddable":true,"href":"https:\/\/www.claret.cat\/es\/wp-json\/wp\/v2\/product_brand?post=409690"},{"taxonomy":"product_cat","embeddable":true,"href":"https:\/\/www.claret.cat\/es\/wp-json\/wp\/v2\/product_cat?post=409690"},{"taxonomy":"product_tag","embeddable":true,"href":"https:\/\/www.claret.cat\/es\/wp-json\/wp\/v2\/product_tag?post=409690"}],"curies":[{"name":"wp","href":"https:\/\/api.w.org\/{rel}","templated":true}]}}

LA DONA MÉS PINTADA

<p>L&#8217;impacte de l&#8217;autodestrucció d&#8217;una obra d&#8217;art de Banksy el 2018 a la sala de subhastes Sotheby&#8217;s encara és ben viu a la nostra memòria, però molts havíem oblidat el cas del pintor Palau Ferré, que va decidir cremar els seus propis quadres als anys setanta del segle xx. Les seves aparicions a la televisió i als mitjans de l&#8217;època són ara poc recordades, malgrat l&#8217;estupor que va generar el cas. Màrius Serra es va interessar per aquest creador que, després d&#8217;una sentència del Tribunal Suprem, va resoldre llançar al foc tot allò que pintava. Aquells retrats d&#8217;una dona d&#8217;ulls grossos i fascinadors s&#8217;esfumaven per la xemeneia de casa del pintor. Què hi havia darrere de la pulsió autodestructiva? Amb l&#8217;ajut de la documentació, dels testimonis i de la portentosa imaginació de novel·lista, Màrius Serra ofereix als lectors La dona més pintada, una novel·la que parteix de la vida d&#8217;un pintor assenyalat per Picasso com a possible successor seu.</p>

<p>SERRA, MÀRIUS</p>

SERRA, MÀRIUS

Cartoné
