{"id":40977,"date":"2022-10-02T19:33:38","date_gmt":"2022-10-02T17:33:38","guid":{"rendered":"http:\/\/dev.claret.cat\/producte\/cuando-gritamos-nuestros-nombres\/"},"modified":"2023-10-06T10:08:35","modified_gmt":"2023-10-06T08:08:35","slug":"cuando-gritamos-nuestros-nombres-9788418800320","status":"publish","type":"product","link":"https:\/\/www.claret.cat\/es\/libro\/cuando-gritamos-nuestros-nombres-9788418800320\/","title":{"rendered":"CUANDO GRITAMOS NUESTROS NOMBRES"},"content":{"rendered":"<p>La psic\u00f3loga Alba Alfageme Casanova hace m\u00e1s de veinte a\u00f1os que acompa\u00f1a en su proceso de recuperaci\u00f3n a mujeres que han sufrido diferentes formas de violencia machista. Ahora reafirma su compromiso en la lucha por los derechos y libertades de las mujeres con una idea clara: el feminismo como carta de navegaci\u00f3n para construir un mundo mejor para todos. <\/p>\n<p>A pesar de ello, ninguna transformaci\u00f3n est\u00e1 libre de crisis. La revisi\u00f3n de nuestras propias vidas y de nuestro entorno es sin duda el m\u00e1s apasionante de los viajes, pero tiene un coste tan doloroso como satisfactorio, tan estremecedor como reparador. <\/p>\n<p>Cuando gritamos nuestros nombres es una propuesta trazada por las mujeres que quieren hacer un viaje, tan personal como colectivo, que ayude a coger conciencia de quienes somos y como nos ha herido el ataque de un sistema machista. A la vez, muestra c\u00f3mo lo podemos transformar y salir m\u00e1s reforzadas. <br \/>Con pr\u00f3logo de Ariadna Oltra, Mireia Boya y Natza Farr\u00e9.<\/p>\n<p>Ilustraciones de Nirvana Jim\u00e9nez.<\/p>\n","protected":false},"excerpt":{"rendered":"<p>ALFAGEME, ALBA<\/p>\n","protected":false},"featured_media":57385,"template":"","meta":{"_acf_changed":false,"om_disable_all_campaigns":false,"rs_blank_template":"","rs_page_bg_color":"","slide_template_v7":"","inline_featured_image":false,"_monsterinsights_skip_tracking":false,"_monsterinsights_sitenote_active":false,"_monsterinsights_sitenote_note":"","_monsterinsights_sitenote_category":0},"product_brand":[],"product_cat":[376],"product_tag":[],"class_list":{"0":"post-40977","1":"product","2":"type-product","3":"status-publish","4":"has-post-thumbnail","6":"product_cat-autores-psicologia-2_humanidades","8":"first","9":"instock","10":"taxable","11":"shipping-taxable","12":"purchasable","13":"product-type-simple"},"acf":{"autor":"ALFAGEME, ALBA","codart":"841880032","libros-coleccion":"Catedral","ediciones":"1","encuadernacion":"R\u00fastica","fecha_de_publicacion":"01\/03\/2022","novedad":"1","paginas":"203","subtitulo":"GU\u00cdA PARA LA AUTOCONCIENCIA Y RESILIENCIA FEMINISTA","orden":"0","portada":"0","idioma":"spa","editorial":[{"ID":147610,"post_author":"3","post_date":"2022-10-14 11:51:54","post_date_gmt":"2022-10-14 09:51:54","post_content":"","post_title":"Catedral","post_excerpt":"","post_status":"publish","comment_status":"closed","ping_status":"closed","post_password":"","post_name":"catedral","to_ping":"","pinged":"","post_modified":"2022-10-14 11:51:54","post_modified_gmt":"2022-10-14 09:51:54","post_content_filtered":"","post_parent":0,"guid":"http:\/\/dev.claret.cat\/editorial\/catedral\/","menu_order":0,"post_type":"editorial","post_mime_type":"","comment_count":"0","filter":"raw"}],"autores-libros":[{"ID":149370,"post_author":"3","post_date":"2022-10-14 14:24:19","post_date_gmt":"2022-10-14 12:24:19","post_content":"","post_title":"ALBA ALFAGEME","post_excerpt":"","post_status":"publish","comment_status":"closed","ping_status":"closed","post_password":"","post_name":"alba-alfageme","to_ping":"","pinged":"","post_modified":"2022-10-14 14:24:19","post_modified_gmt":"2022-10-14 12:24:19","post_content_filtered":"","post_parent":0,"guid":"http:\/\/dev.claret.cat\/autor\/alba-alfageme\/","menu_order":0,"post_type":"autor","post_mime_type":"","comment_count":"0","filter":"raw"}]},"aioseo_notices":[],"_links":{"self":[{"href":"https:\/\/www.claret.cat\/es\/wp-json\/wp\/v2\/product\/40977","targetHints":{"allow":["GET"]}}],"collection":[{"href":"https:\/\/www.claret.cat\/es\/wp-json\/wp\/v2\/product"}],"about":[{"href":"https:\/\/www.claret.cat\/es\/wp-json\/wp\/v2\/types\/product"}],"wp:featuredmedia":[{"embeddable":true,"href":"https:\/\/www.claret.cat\/es\/wp-json\/wp\/v2\/media\/57385"}],"wp:attachment":[{"href":"https:\/\/www.claret.cat\/es\/wp-json\/wp\/v2\/media?parent=40977"}],"wp:term":[{"taxonomy":"product_brand","embeddable":true,"href":"https:\/\/www.claret.cat\/es\/wp-json\/wp\/v2\/product_brand?post=40977"},{"taxonomy":"product_cat","embeddable":true,"href":"https:\/\/www.claret.cat\/es\/wp-json\/wp\/v2\/product_cat?post=40977"},{"taxonomy":"product_tag","embeddable":true,"href":"https:\/\/www.claret.cat\/es\/wp-json\/wp\/v2\/product_tag?post=40977"}],"curies":[{"name":"wp","href":"https:\/\/api.w.org\/{rel}","templated":true}]}}

<p>La psicóloga Alba Alfageme Casanova hace más de veinte años que acompaña en su proceso de recuperación a mujeres que han sufrido diferentes formas de violencia machista. Ahora reafirma su compromiso en la lucha por los derechos y libertades de las mujeres con una idea clara: el feminismo como carta de navegación para construir un mundo mejor para todos. </p>
<p>A pesar de ello, ninguna transformación está libre de crisis. La revisión de nuestras propias vidas y de nuestro entorno es sin duda el más apasionante de los viajes, pero tiene un coste tan doloroso como satisfactorio, tan estremecedor como reparador. </p>
<p>Cuando gritamos nuestros nombres es una propuesta trazada por las mujeres que quieren hacer un viaje, tan personal como colectivo, que ayude a coger conciencia de quienes somos y como nos ha herido el ataque de un sistema machista. A la vez, muestra cómo lo podemos transformar y salir más reforzadas. <br />Con prólogo de Ariadna Oltra, Mireia Boya y Natza Farré.</p>
<p>Ilustraciones de Nirvana Jiménez.</p>

Rústica

GUÍA PARA LA AUTOCONCIENCIA Y RESILIENCIA FEMINISTA
