{"id":410449,"date":"2023-03-06T13:45:10","date_gmt":"2023-03-06T12:45:10","guid":{"rendered":"https:\/\/www.claret.cat\/llibre\/blablabla-el-mite-del-capitalisme-ecologic-9788419206756\/"},"modified":"2023-10-11T04:03:19","modified_gmt":"2023-10-11T02:03:19","slug":"blablabla-el-mite-del-capitalisme-ecologic-9788419206756","status":"publish","type":"product","link":"https:\/\/www.claret.cat\/es\/libro\/blablabla-el-mite-del-capitalisme-ecologic-9788419206756\/","title":{"rendered":"BLA-BLA-BLA. EL MITE DEL CAPITALISME ECOL\u00d2GIC"},"content":{"rendered":"<p>Greta Thunberg va acusar de \u00abbla-bla-bla\u00bb a governs i corporacions per les seves pol\u00edtiques davant l&#8221;emerg\u00e8ncia clim\u00e0tica. Exagerava o realment es tracta de gestos buits que nom\u00e9s serveixen per neutralitzar la lluita ciutadana?<\/p>\n<p> Aquest llibre dona resposta a la pregunta, esmicolant els mites del capitalisme ecol\u00f2gic i del creixement sostenible, aix\u00ed com altres mentides del greenwashing empresarial com la neutralitzaci\u00f3 d&#8221;emissions o el zero-net. Pel cam\u00ed, dibuixa alternatives per pal\u00b7liar la crisi clim\u00e0tica i garantir el futur del nostre planeta abans que arribem a un punt de no retorn. Alternatives que, en tot cas, passen per la construcci\u00f3 d&#8221;una nova globalitat basada en la cooperaci\u00f3 solid\u00e0ria i el recolzament mutu, aix\u00ed com refer les pol\u00edtiques migrat\u00f2ries. En definitiva, el salt d&#8221;un m\u00f3n capitalista dominat pel creixement exponencial i l&#8221;explotaci\u00f3 dels cossos i de la natura, regit per l&#8221;heteropatriarcat, a un altre basat en la just\u00edcia social.<\/p>\n","protected":false},"excerpt":{"rendered":"<p>PAJARES, MIGUEL<\/p>\n","protected":false},"featured_media":410450,"template":"","meta":{"_acf_changed":false,"om_disable_all_campaigns":false,"rs_blank_template":"","rs_page_bg_color":"","slide_template_v7":"","inline_featured_image":false,"_monsterinsights_skip_tracking":false,"_monsterinsights_sitenote_active":false,"_monsterinsights_sitenote_note":"","_monsterinsights_sitenote_category":0},"product_brand":[],"product_cat":[182,378],"product_tag":[],"class_list":{"0":"post-410449","1":"product","2":"type-product","3":"status-publish","4":"has-post-thumbnail","6":"product_cat-social-i-economica","7":"product_cat-social-y-economica","9":"first","10":"instock","11":"taxable","12":"shipping-taxable","13":"purchasable","14":"product-type-simple"},"acf":{"autor":"PAJARES, MIGUEL","codart":"841920675","libros-coleccion":"Ciclog\u00e8nesi","ediciones":"1","encuadernacion":"R\u00fastica","fecha_de_publicacion":"01\/03\/2023","novedad":"1","paginas":"214","subtitulo":"","orden":"0","portada":"0","idioma":"cat","editorial":[{"ID":313852,"post_author":"3","post_date":"2022-12-28 11:25:32","post_date_gmt":"2022-12-28 10:25:32","post_content":"","post_title":"INDOMITA","post_excerpt":"","post_status":"publish","comment_status":"closed","ping_status":"closed","post_password":"","post_name":"indomita","to_ping":"","pinged":"","post_modified":"2022-12-28 11:25:32","post_modified_gmt":"2022-12-28 10:25:32","post_content_filtered":"","post_parent":0,"guid":"https:\/\/www.claret.cat\/editorial\/indomita\/","menu_order":0,"post_type":"editorial","post_mime_type":"","comment_count":"0","filter":"raw"}],"autores-libros":[{"ID":410438,"post_author":"3","post_date":"2023-03-06 13:39:36","post_date_gmt":"2023-03-06 12:39:36","post_content":"","post_title":"MIGUEL PAJARES","post_excerpt":"","post_status":"publish","comment_status":"closed","ping_status":"closed","post_password":"","post_name":"miguel-pajares","to_ping":"","pinged":"","post_modified":"2023-03-06 13:39:36","post_modified_gmt":"2023-03-06 12:39:36","post_content_filtered":"","post_parent":0,"guid":"https:\/\/www.claret.cat\/autor\/miguel-pajares\/","menu_order":0,"post_type":"autor","post_mime_type":"","comment_count":"0","filter":"raw"}]},"aioseo_notices":[],"_links":{"self":[{"href":"https:\/\/www.claret.cat\/es\/wp-json\/wp\/v2\/product\/410449","targetHints":{"allow":["GET"]}}],"collection":[{"href":"https:\/\/www.claret.cat\/es\/wp-json\/wp\/v2\/product"}],"about":[{"href":"https:\/\/www.claret.cat\/es\/wp-json\/wp\/v2\/types\/product"}],"wp:featuredmedia":[{"embeddable":true,"href":"https:\/\/www.claret.cat\/es\/wp-json\/wp\/v2\/media\/410450"}],"wp:attachment":[{"href":"https:\/\/www.claret.cat\/es\/wp-json\/wp\/v2\/media?parent=410449"}],"wp:term":[{"taxonomy":"product_brand","embeddable":true,"href":"https:\/\/www.claret.cat\/es\/wp-json\/wp\/v2\/product_brand?post=410449"},{"taxonomy":"product_cat","embeddable":true,"href":"https:\/\/www.claret.cat\/es\/wp-json\/wp\/v2\/product_cat?post=410449"},{"taxonomy":"product_tag","embeddable":true,"href":"https:\/\/www.claret.cat\/es\/wp-json\/wp\/v2\/product_tag?post=410449"}],"curies":[{"name":"wp","href":"https:\/\/api.w.org\/{rel}","templated":true}]}}

BLA-BLA-BLA. EL MITE DEL CAPITALISME ECOLÒGIC

<p>Greta Thunberg va acusar de «bla-bla-bla» a governs i corporacions per les seves polítiques davant l&#8221;emergència climàtica. Exagerava o realment es tracta de gestos buits que només serveixen per neutralitzar la lluita ciutadana?</p>
<p> Aquest llibre dona resposta a la pregunta, esmicolant els mites del capitalisme ecològic i del creixement sostenible, així com altres mentides del greenwashing empresarial com la neutralització d&#8221;emissions o el zero-net. Pel camí, dibuixa alternatives per pal·liar la crisi climàtica i garantir el futur del nostre planeta abans que arribem a un punt de no retorn. Alternatives que, en tot cas, passen per la construcció d&#8221;una nova globalitat basada en la cooperació solidària i el recolzament mutu, així com refer les polítiques migratòries. En definitiva, el salt d&#8221;un món capitalista dominat pel creixement exponencial i l&#8221;explotació dels cossos i de la natura, regit per l&#8221;heteropatriarcat, a un altre basat en la justícia social.</p>

Ciclogènesi

Rústica
