{"id":41094,"date":"2022-10-02T19:35:29","date_gmt":"2022-10-02T17:35:29","guid":{"rendered":"http:\/\/dev.claret.cat\/producte\/la-vida-privada-de-carmina-massot-2\/"},"modified":"2023-10-06T10:03:23","modified_gmt":"2023-10-06T08:03:23","slug":"la-vida-privada-de-carmina-massot-9788491397298","status":"publish","type":"product","link":"https:\/\/www.claret.cat\/es\/libro\/la-vida-privada-de-carmina-massot-9788491397298\/","title":{"rendered":"LA VIDA PRIVADA DE CARMINA MASSOT"},"content":{"rendered":"<p>Carmina tiene ochenta y siete a\u00f1os, siempre ha sido soltera y muy independiente. A pesar de su edad sigue viviendo sola, aunque su fr\u00e1gil memoria cada vez se lo pone m\u00e1s dif\u00edcil. Adora a sus sobrinas, pero no quiere ni o\u00edr hablar ni de vivir con ellas, ni de ir a ninguna residencia ni nada que no sea seguir fumando m\u00e1s de la cuenta, tomando sus copitas de Pedro Xim\u00e9nez mientras habla con su pez besuc\u00f3n y haciendo su santa voluntad.  Consciente del tiempo que le queda, quiere dejar todos sus asuntos, los materiales y los otros, bien ordenados y dejar contada, al fin, la historia de su primer y gran amor que la empuj\u00f3 a cruzar Espa\u00f1a, embarcarse en la recuperaci\u00f3n de un valios\u00edsimo cuadro expoliado en la Segunda Guerra Mundial y entablar relaci\u00f3n con el nazi L\u00e9on Degrelle. Una historia que sus queridas sobrinas jam\u00e1s se hubieran imaginado y que les revelar\u00e1 la verdadera vida privada de Carmina Massot.<\/p>\n","protected":false},"excerpt":{"rendered":"<p>LIENAS, GEMMA<\/p>\n","protected":false},"featured_media":57467,"template":"","meta":{"_acf_changed":false,"om_disable_all_campaigns":false,"rs_blank_template":"","rs_page_bg_color":"","slide_template_v7":"","inline_featured_image":false,"_monsterinsights_skip_tracking":false,"_monsterinsights_sitenote_active":false,"_monsterinsights_sitenote_note":"","_monsterinsights_sitenote_category":0},"product_brand":[],"product_cat":[357],"product_tag":[],"class_list":{"0":"post-41094","1":"product","2":"type-product","3":"status-publish","4":"has-post-thumbnail","6":"product_cat-novela-contemporanea","8":"first","9":"instock","10":"taxable","11":"shipping-taxable","12":"purchasable","13":"product-type-simple"},"acf":{"autor":"LIENAS, GEMMA","codart":"849139729","libros-coleccion":"Narrativa","ediciones":"1","encuadernacion":"R\u00fastica","fecha_de_publicacion":"01\/03\/2022","novedad":"1","paginas":"285","subtitulo":"","orden":"0","portada":"0","idioma":"spa","editorial":[{"ID":148249,"post_author":"3","post_date":"2022-10-14 11:56:47","post_date_gmt":"2022-10-14 09:56:47","post_content":"","post_title":"HarperCollins","post_excerpt":"","post_status":"publish","comment_status":"closed","ping_status":"closed","post_password":"","post_name":"harpercollins","to_ping":"","pinged":"","post_modified":"2022-10-14 11:56:47","post_modified_gmt":"2022-10-14 09:56:47","post_content_filtered":"","post_parent":0,"guid":"http:\/\/dev.claret.cat\/editorial\/harpercollins\/","menu_order":0,"post_type":"editorial","post_mime_type":"","comment_count":"0","filter":"raw"}],"autores-libros":[{"ID":156676,"post_author":"3","post_date":"2022-10-14 15:22:42","post_date_gmt":"2022-10-14 13:22:42","post_content":"","post_title":"GEMMA LIENAS","post_excerpt":"","post_status":"publish","comment_status":"closed","ping_status":"closed","post_password":"","post_name":"gemma-lienas-2","to_ping":"","pinged":"","post_modified":"2022-10-14 15:22:42","post_modified_gmt":"2022-10-14 13:22:42","post_content_filtered":"","post_parent":0,"guid":"http:\/\/dev.claret.cat\/autor\/gemma-lienas-2\/","menu_order":0,"post_type":"autor","post_mime_type":"","comment_count":"0","filter":"raw"}]},"aioseo_notices":[],"_links":{"self":[{"href":"https:\/\/www.claret.cat\/es\/wp-json\/wp\/v2\/product\/41094","targetHints":{"allow":["GET"]}}],"collection":[{"href":"https:\/\/www.claret.cat\/es\/wp-json\/wp\/v2\/product"}],"about":[{"href":"https:\/\/www.claret.cat\/es\/wp-json\/wp\/v2\/types\/product"}],"wp:featuredmedia":[{"embeddable":true,"href":"https:\/\/www.claret.cat\/es\/wp-json\/wp\/v2\/media\/57467"}],"wp:attachment":[{"href":"https:\/\/www.claret.cat\/es\/wp-json\/wp\/v2\/media?parent=41094"}],"wp:term":[{"taxonomy":"product_brand","embeddable":true,"href":"https:\/\/www.claret.cat\/es\/wp-json\/wp\/v2\/product_brand?post=41094"},{"taxonomy":"product_cat","embeddable":true,"href":"https:\/\/www.claret.cat\/es\/wp-json\/wp\/v2\/product_cat?post=41094"},{"taxonomy":"product_tag","embeddable":true,"href":"https:\/\/www.claret.cat\/es\/wp-json\/wp\/v2\/product_tag?post=41094"}],"curies":[{"name":"wp","href":"https:\/\/api.w.org\/{rel}","templated":true}]}}

<p>Carmina tiene ochenta y siete años, siempre ha sido soltera y muy independiente. A pesar de su edad sigue viviendo sola, aunque su frágil memoria cada vez se lo pone más difícil. Adora a sus sobrinas, pero no quiere ni oír hablar ni de vivir con ellas, ni de ir a ninguna residencia ni nada que no sea seguir fumando más de la cuenta, tomando sus copitas de Pedro Ximénez mientras habla con su pez besucón y haciendo su santa voluntad.  Consciente del tiempo que le queda, quiere dejar todos sus asuntos, los materiales y los otros, bien ordenados y dejar contada, al fin, la historia de su primer y gran amor que la empujó a cruzar España, embarcarse en la recuperación de un valiosísimo cuadro expoliado en la Segunda Guerra Mundial y entablar relación con el nazi Léon Degrelle. Una historia que sus queridas sobrinas jamás se hubieran imaginado y que les revelará la verdadera vida privada de Carmina Massot.</p>

Rústica
