{"id":412295,"date":"2023-03-14T18:15:02","date_gmt":"2023-03-14T17:15:02","guid":{"rendered":"https:\/\/www.claret.cat\/llibre\/hades-el-deu-menys-dolent-9788418456091\/"},"modified":"2024-01-31T22:33:02","modified_gmt":"2024-01-31T21:33:02","slug":"hades-el-deu-menys-dolent-9788418456091","status":"publish","type":"product","link":"https:\/\/www.claret.cat\/es\/libro\/hades-el-deu-menys-dolent-9788418456091\/","title":{"rendered":"HADES, EL D\u00c9U MENYS DOLENT"},"content":{"rendered":"<p>Una novel\u00b7la mitol\u00f2gica per a tots els p\u00fablics escrita per Pol Gise, creador de contingut a YouTube amb m\u00e9s de 3 milions de seguidors a les xarxes.<br \/> Darrere de cada personatge malvat hi ha una hist\u00f2ria que val la pena con\u00e8ixer. Hades, el d\u00e9u de l&#8217;inframon, no n&#8217;\u00e9s una excepci\u00f3. Fins a quin punt s&#8217;ha deformat el seu mite amb el temps?<br \/> Pol Gise, un dels youtubers m\u00e9s importants del moment \u2013que ja ha aconseguit enganxar centenars de milers de persones a les hist\u00f2ries mitol\u00f2giques\u2013, recrea els episodis m\u00e9s importants de la llegenda d&#8217;Hades, un personatge, diu, incompr\u00e8s. Coneixerem la seva rivalitat amb Zeus, el germ\u00e0 petit que va acabar convertit en germ\u00e0 gran; la vehement Gea, la seva \u00e0via, i els deliris de Cronos, Posid\u00f3, Hidra i companyia.<br \/> Amb un estil apassionat i divertit, Gise redescobreix els marros de l&#8217;Olimp com si formessin part del nostre m\u00f3n i acosta la literatura cl\u00e0ssica a tots els p\u00fablics.<br \/> \u00abRealment estava emocionat per l&#8217;arribada del primer mort. Em preguntava com es devia haver mort, si havia sigut molt bo, molt normal o molt dolent a la vida. Per\u00f2 no parava de recordar el que em va dir el meu germ\u00e0 quan em va explicar la seva idea de crear aquells \u00e9ssers. Em va dir que a ell l&#8217;estimarien per haver-los donat la vida i que a mi em tindrien por perqu\u00e8 els la prendria. Per qu\u00e8? Quina mena de vida tindrien perqu\u00e8 odiessin venir a l&#8217;inframon? L&#8217;\u00fanic lloc horrible del meu regne era el T\u00e0rtar, i si et tocava anar-hi era perqu\u00e8 t&#8217;ho havies guanyat\u2026 en teoria, esclar\u00bb.<\/p>\n","protected":false},"excerpt":{"rendered":"<p>GIBERT SERRA, POL<\/p>\n","protected":false},"featured_media":412296,"template":"","meta":{"_acf_changed":false,"om_disable_all_campaigns":false,"rs_blank_template":"","rs_page_bg_color":"","slide_template_v7":"","inline_featured_image":false,"_monsterinsights_skip_tracking":false,"_monsterinsights_sitenote_active":false,"_monsterinsights_sitenote_note":"","_monsterinsights_sitenote_category":0},"product_brand":[],"product_cat":[133,116,565,566,117,363],"product_tag":[],"class_list":{"0":"post-412295","1":"product","2":"type-product","3":"status-publish","4":"has-post-thumbnail","6":"product_cat-lectures-per-adolescents-12-18-anys","7":"product_cat-influencers","8":"product_cat-influencers-3_infantil-juvenil-spa-spa","9":"product_cat-juvenil-3_infantil-juvenil-spa-spa","10":"product_cat-juvenil","11":"product_cat-lecturas-por-adolescentes-12-18-anos","13":"first","14":"instock","15":"taxable","16":"shipping-taxable","17":"purchasable","18":"product-type-simple"},"acf":{"autor":"GIBERT SERRA, POL","codart":"841845609","libros-coleccion":"FORA DE COL.LECCI\u00d3","ediciones":"1","encuadernacion":"R\u00fastica","fecha_de_publicacion":"01\/03\/2023","novedad":"1","paginas":"208","subtitulo":"","orden":"0","portada":"0","idioma":"cat","editorial":[{"ID":148812,"post_author":"3","post_date":"2022-10-14 12:01:11","post_date_gmt":"2022-10-14 10:01:11","post_content":"","post_title":"Shaka","post_excerpt":"","post_status":"publish","comment_status":"closed","ping_status":"closed","post_password":"","post_name":"shaka","to_ping":"","pinged":"","post_modified":"2022-10-14 12:01:11","post_modified_gmt":"2022-10-14 10:01:11","post_content_filtered":"","post_parent":0,"guid":"http:\/\/dev.claret.cat\/editorial\/shaka\/","menu_order":0,"post_type":"editorial","post_mime_type":"","comment_count":"0","filter":"raw"}],"autores-libros":[{"ID":412294,"post_author":"3","post_date":"2023-03-14 18:10:00","post_date_gmt":"2023-03-14 17:10:00","post_content":"","post_title":"POL GIBERT SERRA","post_excerpt":"","post_status":"publish","comment_status":"closed","ping_status":"closed","post_password":"","post_name":"pol-gibert-serra","to_ping":"","pinged":"","post_modified":"2023-03-14 18:10:00","post_modified_gmt":"2023-03-14 17:10:00","post_content_filtered":"","post_parent":0,"guid":"https:\/\/www.claret.cat\/autor\/pol-gibert-serra\/","menu_order":0,"post_type":"autor","post_mime_type":"","comment_count":"0","filter":"raw"}]},"aioseo_notices":[],"_links":{"self":[{"href":"https:\/\/www.claret.cat\/es\/wp-json\/wp\/v2\/product\/412295","targetHints":{"allow":["GET"]}}],"collection":[{"href":"https:\/\/www.claret.cat\/es\/wp-json\/wp\/v2\/product"}],"about":[{"href":"https:\/\/www.claret.cat\/es\/wp-json\/wp\/v2\/types\/product"}],"wp:featuredmedia":[{"embeddable":true,"href":"https:\/\/www.claret.cat\/es\/wp-json\/wp\/v2\/media\/412296"}],"wp:attachment":[{"href":"https:\/\/www.claret.cat\/es\/wp-json\/wp\/v2\/media?parent=412295"}],"wp:term":[{"taxonomy":"product_brand","embeddable":true,"href":"https:\/\/www.claret.cat\/es\/wp-json\/wp\/v2\/product_brand?post=412295"},{"taxonomy":"product_cat","embeddable":true,"href":"https:\/\/www.claret.cat\/es\/wp-json\/wp\/v2\/product_cat?post=412295"},{"taxonomy":"product_tag","embeddable":true,"href":"https:\/\/www.claret.cat\/es\/wp-json\/wp\/v2\/product_tag?post=412295"}],"curies":[{"name":"wp","href":"https:\/\/api.w.org\/{rel}","templated":true}]}}

HADES, EL DÉU MENYS DOLENT

<p>Una novel·la mitològica per a tots els públics escrita per Pol Gise, creador de contingut a YouTube amb més de 3 milions de seguidors a les xarxes.<br /> Darrere de cada personatge malvat hi ha una història que val la pena conèixer. Hades, el déu de l&#8217;inframon, no n&#8217;és una excepció. Fins a quin punt s&#8217;ha deformat el seu mite amb el temps?<br /> Pol Gise, un dels youtubers més importants del moment –que ja ha aconseguit enganxar centenars de milers de persones a les històries mitològiques–, recrea els episodis més importants de la llegenda d&#8217;Hades, un personatge, diu, incomprès. Coneixerem la seva rivalitat amb Zeus, el germà petit que va acabar convertit en germà gran; la vehement Gea, la seva àvia, i els deliris de Cronos, Posidó, Hidra i companyia.<br /> Amb un estil apassionat i divertit, Gise redescobreix els marros de l&#8217;Olimp com si formessin part del nostre món i acosta la literatura clàssica a tots els públics.<br /> «Realment estava emocionat per l&#8217;arribada del primer mort. Em preguntava com es devia haver mort, si havia sigut molt bo, molt normal o molt dolent a la vida. Però no parava de recordar el que em va dir el meu germà quan em va explicar la seva idea de crear aquells éssers. Em va dir que a ell l&#8217;estimarien per haver-los donat la vida i que a mi em tindrien por perquè els la prendria. Per què? Quina mena de vida tindrien perquè odiessin venir a l&#8217;inframon? L&#8217;únic lloc horrible del meu regne era el Tàrtar, i si et tocava anar-hi era perquè t&#8217;ho havies guanyat… en teoria, esclar».</p>

FORA DE COL.LECCIÓ

Rústica
