{"id":412762,"date":"2023-03-16T16:40:02","date_gmt":"2023-03-16T15:40:02","guid":{"rendered":"https:\/\/www.claret.cat\/llibre\/verdadera-y-falsa-reforma-en-la-iglesia-9788430121557\/"},"modified":"2026-01-19T10:05:14","modified_gmt":"2026-01-19T09:05:14","slug":"verdadera-y-falsa-reforma-en-la-iglesia-9788430121557","status":"publish","type":"product","link":"https:\/\/www.claret.cat\/es\/libro\/verdadera-y-falsa-reforma-en-la-iglesia-9788430121557\/","title":{"rendered":"VERDADERA Y FALSA REFORMA EN LA IGLESIA"},"content":{"rendered":"<p>Este texto se ha convertido por derecho propio en un cl\u00e1sico de la eclesiolog\u00eda. Los cl\u00e1sicos nacen en una \u00e9poca y un lugar, pero cada generaci\u00f3n puede encontrar respuesta en ellos a sus propias preguntas y a sus ansias eternas. En el origen de esta obra se aprecian las preocupaciones m\u00e1s entra\u00f1ables del autor: el intento de comprender la Iglesia desde dentro y no primordialmente desde su referencia a la sociedad civil y pol\u00edtica; la profundizaci\u00f3n en su origen trinitario, su dimensi\u00f3n sacramental, su condici\u00f3n de fraternidad y comuni\u00f3n por encima de la sola perspectiva jer\u00e1rquica; el esfuerzo por superar la postura apolog\u00e9tica frente a los otros cristianos y a los no creyentes, la necesidad del di\u00e1logo y la colaboraci\u00f3n, la radical voluntad de verdad ante los hechos y la fidelidad a la experiencia cristiana originaria sedimentada en la Biblia, la Liturgia y los Padres de la Iglesia.<\/p>\n","protected":false},"excerpt":{"rendered":"<p>CONGAR, YVES<\/p>\n","protected":false},"featured_media":412763,"template":"","meta":{"_acf_changed":false,"om_disable_all_campaigns":false,"rs_blank_template":"","rs_page_bg_color":"","slide_template_v7":"","inline_featured_image":false,"_monsterinsights_skip_tracking":false,"_monsterinsights_sitenote_active":false,"_monsterinsights_sitenote_note":"","_monsterinsights_sitenote_category":0},"product_brand":[],"product_cat":[283,511],"product_tag":[],"class_list":{"0":"post-412762","1":"product","2":"type-product","3":"status-publish","4":"has-post-thumbnail","6":"product_cat-eclesiologia-teologia","7":"product_cat-eclesiologia-teologia-1_espiritualidad","9":"first","10":"instock","11":"taxable","12":"shipping-taxable","13":"purchasable","14":"product-type-simple"},"acf":{"autor":"CONGAR, YVES","codart":"843012155","libros-coleccion":"","ediciones":"1","encuadernacion":"R\u00fastica","fecha_de_publicacion":"16\/03\/2023","novedad":"1","paginas":"511","subtitulo":"","orden":"0","portada":"0","idioma":"spa","editorial":[{"ID":6364,"post_author":"3","post_date":"2022-07-28 17:50:36","post_date_gmt":"2022-07-28 15:50:36","post_content":"","post_title":"S\u00edgueme","post_excerpt":"","post_status":"publish","comment_status":"closed","ping_status":"closed","post_password":"","post_name":"sigueme","to_ping":"","pinged":"","post_modified":"2022-07-28 17:50:36","post_modified_gmt":"2022-07-28 15:50:36","post_content_filtered":"","post_parent":0,"guid":"http:\/\/dev.claret.cat\/editorial\/sigueme\/","menu_order":0,"post_type":"editorial","post_mime_type":"","comment_count":"0","filter":"raw"}],"autores-libros":[{"ID":6106,"post_author":"3","post_date":"2022-07-28 17:38:18","post_date_gmt":"2022-07-28 15:38:18","post_content":"","post_title":"YVES CONGAR","post_excerpt":"","post_status":"publish","comment_status":"closed","ping_status":"closed","post_password":"","post_name":"yves-congar","to_ping":"","pinged":"","post_modified":"2022-07-28 17:38:18","post_modified_gmt":"2022-07-28 15:38:18","post_content_filtered":"","post_parent":0,"guid":"http:\/\/dev.claret.cat\/autor\/yves-congar\/","menu_order":0,"post_type":"autor","post_mime_type":"","comment_count":"0","filter":"raw"}],"booktrailer":"","resenas":""},"aioseo_notices":[],"_links":{"self":[{"href":"https:\/\/www.claret.cat\/es\/wp-json\/wp\/v2\/product\/412762","targetHints":{"allow":["GET"]}}],"collection":[{"href":"https:\/\/www.claret.cat\/es\/wp-json\/wp\/v2\/product"}],"about":[{"href":"https:\/\/www.claret.cat\/es\/wp-json\/wp\/v2\/types\/product"}],"wp:featuredmedia":[{"embeddable":true,"href":"https:\/\/www.claret.cat\/es\/wp-json\/wp\/v2\/media\/412763"}],"wp:attachment":[{"href":"https:\/\/www.claret.cat\/es\/wp-json\/wp\/v2\/media?parent=412762"}],"wp:term":[{"taxonomy":"product_brand","embeddable":true,"href":"https:\/\/www.claret.cat\/es\/wp-json\/wp\/v2\/product_brand?post=412762"},{"taxonomy":"product_cat","embeddable":true,"href":"https:\/\/www.claret.cat\/es\/wp-json\/wp\/v2\/product_cat?post=412762"},{"taxonomy":"product_tag","embeddable":true,"href":"https:\/\/www.claret.cat\/es\/wp-json\/wp\/v2\/product_tag?post=412762"}],"curies":[{"name":"wp","href":"https:\/\/api.w.org\/{rel}","templated":true}]}}

<p>Este texto se ha convertido por derecho propio en un clásico de la eclesiología. Los clásicos nacen en una época y un lugar, pero cada generación puede encontrar respuesta en ellos a sus propias preguntas y a sus ansias eternas. En el origen de esta obra se aprecian las preocupaciones más entrañables del autor: el intento de comprender la Iglesia desde dentro y no primordialmente desde su referencia a la sociedad civil y política; la profundización en su origen trinitario, su dimensión sacramental, su condición de fraternidad y comunión por encima de la sola perspectiva jerárquica; el esfuerzo por superar la postura apologética frente a los otros cristianos y a los no creyentes, la necesidad del diálogo y la colaboración, la radical voluntad de verdad ante los hechos y la fidelidad a la experiencia cristiana originaria sedimentada en la Biblia, la Liturgia y los Padres de la Iglesia.</p>

Rústica

Sígueme
