{"id":413255,"date":"2023-03-17T19:18:48","date_gmt":"2023-03-17T18:18:48","guid":{"rendered":"https:\/\/www.claret.cat\/llibre\/el-follet-oriol-i-els-cavallers-de-la-nit-9788448959487\/"},"modified":"2026-04-24T13:32:10","modified_gmt":"2026-04-24T11:32:10","slug":"el-follet-oriol-i-els-cavallers-de-la-nit-9788448959487","status":"publish","type":"product","link":"https:\/\/www.claret.cat\/es\/libro\/el-follet-oriol-i-els-cavallers-de-la-nit-9788448959487\/","title":{"rendered":"EL FOLLET ORIOL I ELS CAVALLERS DE LA NIT"},"content":{"rendered":"<p>Una nit, el follet Oriol i el savi Pinatell veuen unes llums a les muntanyes; s\u00f3n les fades del bosc, que han caigut en una trampa i demanen ajuda. Segur que \u00e9s obra de la malvada bruixa Grimelda. El follet Oriol i la X\u00e8nia, amb l&#8217;ajuda de l&#8217;\u00e0guila, decideixen anar a rescatar les fades. Per aconseguir-ho, en aquesta nova aventura, s&#8217;hauran d&#8221;enfrontar als cavallers de la nit, els temibles ajudants de la Grimelda.<\/p>\n","protected":false},"excerpt":{"rendered":"<p>SARD\u00c0, \u00d2SCAR<\/p>\n","protected":false},"featured_media":951616,"template":"","meta":{"_acf_changed":false,"om_disable_all_campaigns":false,"rs_blank_template":"","rs_page_bg_color":"","slide_template_v7":"","inline_featured_image":false,"_monsterinsights_skip_tracking":false,"_monsterinsights_sitenote_active":false,"_monsterinsights_sitenote_note":"","_monsterinsights_sitenote_category":0},"product_brand":[],"product_cat":[131,361],"product_tag":[],"class_list":{"0":"post-413255","1":"product","2":"type-product","3":"status-publish","4":"has-post-thumbnail","6":"product_cat-contes-per-infants-0-6-anys","7":"product_cat-cuentos-para-ninos-0-6-anos","9":"first","10":"instock","11":"taxable","12":"shipping-taxable","13":"purchasable","14":"product-type-simple"},"acf":{"autor":"SARD\u00c0, \u00d2SCAR","codart":"844895948","libros-coleccion":"Llibres Infantils I Juvenils - Sopa De C","ediciones":"1","encuadernacion":"Carton\u00e9","fecha_de_publicacion":"01\/03\/2023","novedad":"1","paginas":"44","subtitulo":"","orden":"0","portada":"0","idioma":"cat","editorial":[{"ID":147525,"post_author":"3","post_date":"2022-10-14 11:51:14","post_date_gmt":"2022-10-14 09:51:14","post_content":"","post_title":"BARCANOVA","post_excerpt":"","post_status":"publish","comment_status":"closed","ping_status":"closed","post_password":"","post_name":"barcanova","to_ping":"","pinged":"","post_modified":"2022-10-14 11:51:14","post_modified_gmt":"2022-10-14 09:51:14","post_content_filtered":"","post_parent":0,"guid":"http:\/\/dev.claret.cat\/editorial\/barcanova\/","menu_order":0,"post_type":"editorial","post_mime_type":"","comment_count":"0","filter":"raw"}],"autores-libros":[{"ID":166329,"post_author":"3","post_date":"2022-10-14 18:02:17","post_date_gmt":"2022-10-14 16:02:17","post_content":"","post_title":"\u00d2SCAR SARD\u00c0","post_excerpt":"","post_status":"publish","comment_status":"closed","ping_status":"closed","post_password":"","post_name":"oscar-sarda","to_ping":"","pinged":"","post_modified":"2022-10-14 18:02:17","post_modified_gmt":"2022-10-14 16:02:17","post_content_filtered":"","post_parent":0,"guid":"http:\/\/dev.claret.cat\/autor\/oscar-sarda\/","menu_order":0,"post_type":"autor","post_mime_type":"","comment_count":"0","filter":"raw"}],"booktrailer":"","resenas":""},"aioseo_notices":[],"_links":{"self":[{"href":"https:\/\/www.claret.cat\/es\/wp-json\/wp\/v2\/product\/413255","targetHints":{"allow":["GET"]}}],"collection":[{"href":"https:\/\/www.claret.cat\/es\/wp-json\/wp\/v2\/product"}],"about":[{"href":"https:\/\/www.claret.cat\/es\/wp-json\/wp\/v2\/types\/product"}],"wp:featuredmedia":[{"embeddable":true,"href":"https:\/\/www.claret.cat\/es\/wp-json\/wp\/v2\/media\/951616"}],"wp:attachment":[{"href":"https:\/\/www.claret.cat\/es\/wp-json\/wp\/v2\/media?parent=413255"}],"wp:term":[{"taxonomy":"product_brand","embeddable":true,"href":"https:\/\/www.claret.cat\/es\/wp-json\/wp\/v2\/product_brand?post=413255"},{"taxonomy":"product_cat","embeddable":true,"href":"https:\/\/www.claret.cat\/es\/wp-json\/wp\/v2\/product_cat?post=413255"},{"taxonomy":"product_tag","embeddable":true,"href":"https:\/\/www.claret.cat\/es\/wp-json\/wp\/v2\/product_tag?post=413255"}],"curies":[{"name":"wp","href":"https:\/\/api.w.org\/{rel}","templated":true}]}}

<p>Una nit, el follet Oriol i el savi Pinatell veuen unes llums a les muntanyes; són les fades del bosc, que han caigut en una trampa i demanen ajuda. Segur que és obra de la malvada bruixa Grimelda. El follet Oriol i la Xènia, amb l&#8217;ajuda de l&#8217;àguila, decideixen anar a rescatar les fades. Per aconseguir-ho, en aquesta nova aventura, s&#8217;hauran d&#8221;enfrontar als cavallers de la nit, els temibles ajudants de la Grimelda.</p>

<p>SARDÀ, ÒSCAR</p>

SARDÀ, ÒSCAR

Cartoné

ÒSCAR SARDÀ
