{"id":413651,"date":"2023-03-21T16:35:12","date_gmt":"2023-03-21T15:35:12","guid":{"rendered":"https:\/\/www.claret.cat\/llibre\/packi-marcus-pocus-1-varita-9782715151536\/"},"modified":"2023-10-11T03:32:50","modified_gmt":"2023-10-11T01:32:50","slug":"packi-marcus-pocus-1-varita-9782715151536","status":"publish","type":"product","link":"https:\/\/www.claret.cat\/es\/libro\/packi-marcus-pocus-1-varita-9782715151536\/","title":{"rendered":"PACKI MARCUS POCUS 1 VARITA"},"content":{"rendered":"","protected":false},"excerpt":{"rendered":"<p>PEDRO MA\u00d1AS ; DAVID SIERRA LIST\u00d3N<\/p>\n","protected":false},"featured_media":413652,"template":"","meta":{"_acf_changed":false,"om_disable_all_campaigns":false,"rs_blank_template":"","rs_page_bg_color":"","slide_template_v7":"","inline_featured_image":false,"_monsterinsights_skip_tracking":false,"_monsterinsights_sitenote_active":false,"_monsterinsights_sitenote_note":"","_monsterinsights_sitenote_category":0},"product_brand":[],"product_cat":[133,363],"product_tag":[],"class_list":{"0":"post-413651","1":"product","2":"type-product","3":"status-publish","4":"has-post-thumbnail","6":"product_cat-lectures-per-adolescents-12-18-anys","7":"product_cat-lecturas-por-adolescentes-12-18-anos","9":"first","10":"instock","11":"taxable","12":"shipping-taxable","13":"purchasable","14":"product-type-simple"},"acf":{"autor":"PEDRO MA\u00d1AS ; DAVID SIERRA LIST\u00d3N","codart":"271515153","libros-coleccion":"","ediciones":"1","encuadernacion":"R\u00fastica","fecha_de_publicacion":"21\/03\/2023","novedad":"1","paginas":"0","subtitulo":"","orden":"0","portada":"0","idioma":"spa","editorial":[{"ID":6182,"post_author":"3","post_date":"2022-07-28 17:46:40","post_date_gmt":"2022-07-28 15:46:40","post_content":"","post_title":"DESTINO, S.L.","post_excerpt":"","post_status":"publish","comment_status":"closed","ping_status":"closed","post_password":"","post_name":"destino-s-l","to_ping":"","pinged":"","post_modified":"2022-07-28 17:46:40","post_modified_gmt":"2022-07-28 15:46:40","post_content_filtered":"","post_parent":0,"guid":"http:\/\/dev.claret.cat\/editorial\/destino-s-l\/","menu_order":0,"post_type":"editorial","post_mime_type":"","comment_count":"0","filter":"raw"}],"autores-libros":[{"ID":166875,"post_author":"3","post_date":"2022-10-14 18:06:45","post_date_gmt":"2022-10-14 16:06:45","post_content":"","post_title":"PEDRO MA\u00d1AS","post_excerpt":"","post_status":"publish","comment_status":"closed","ping_status":"closed","post_password":"","post_name":"pedro-manas-2","to_ping":"","pinged":"","post_modified":"2022-10-14 18:06:45","post_modified_gmt":"2022-10-14 16:06:45","post_content_filtered":"","post_parent":0,"guid":"http:\/\/dev.claret.cat\/autor\/pedro-manas-2\/","menu_order":0,"post_type":"autor","post_mime_type":"","comment_count":"0","filter":"raw"},{"ID":153958,"post_author":"3","post_date":"2022-10-14 15:00:55","post_date_gmt":"2022-10-14 13:00:55","post_content":"","post_title":"DAVID SIERRA LIST\u00d3N","post_excerpt":"","post_status":"publish","comment_status":"closed","ping_status":"closed","post_password":"","post_name":"david-sierra-liston-2","to_ping":"","pinged":"","post_modified":"2022-10-14 15:00:55","post_modified_gmt":"2022-10-14 13:00:55","post_content_filtered":"","post_parent":0,"guid":"http:\/\/dev.claret.cat\/autor\/david-sierra-liston-2\/","menu_order":0,"post_type":"autor","post_mime_type":"","comment_count":"0","filter":"raw"}]},"aioseo_notices":[],"_links":{"self":[{"href":"https:\/\/www.claret.cat\/es\/wp-json\/wp\/v2\/product\/413651","targetHints":{"allow":["GET"]}}],"collection":[{"href":"https:\/\/www.claret.cat\/es\/wp-json\/wp\/v2\/product"}],"about":[{"href":"https:\/\/www.claret.cat\/es\/wp-json\/wp\/v2\/types\/product"}],"wp:featuredmedia":[{"embeddable":true,"href":"https:\/\/www.claret.cat\/es\/wp-json\/wp\/v2\/media\/413652"}],"wp:attachment":[{"href":"https:\/\/www.claret.cat\/es\/wp-json\/wp\/v2\/media?parent=413651"}],"wp:term":[{"taxonomy":"product_brand","embeddable":true,"href":"https:\/\/www.claret.cat\/es\/wp-json\/wp\/v2\/product_brand?post=413651"},{"taxonomy":"product_cat","embeddable":true,"href":"https:\/\/www.claret.cat\/es\/wp-json\/wp\/v2\/product_cat?post=413651"},{"taxonomy":"product_tag","embeddable":true,"href":"https:\/\/www.claret.cat\/es\/wp-json\/wp\/v2\/product_tag?post=413651"}],"curies":[{"name":"wp","href":"https:\/\/api.w.org\/{rel}","templated":true}]}}

<p>PEDRO MAÑAS ; DAVID SIERRA LISTÓN</p>

PEDRO MAÑAS ; DAVID SIERRA LISTÓN

Rústica

PEDRO MAÑAS

DAVID SIERRA LISTÓN
