{"id":413735,"date":"2023-03-22T16:05:37","date_gmt":"2023-03-22T15:05:37","guid":{"rendered":"https:\/\/www.claret.cat\/llibre\/la-meva-primera-comunio-9788428529129\/"},"modified":"2026-04-24T13:36:25","modified_gmt":"2026-04-24T11:36:25","slug":"la-meva-primera-comunio-9788428529129","status":"publish","type":"product","link":"https:\/\/www.claret.cat\/es\/libro\/la-meva-primera-comunio-9788428529129\/","title":{"rendered":"LA MEVA PRIMERA COMUNI\u00d3"},"content":{"rendered":"<p>El dia de la Primera Comuni\u00f3 \u00e9s un dia molt especial per als nens. En aquest llibre-regal, minuciosament il\u00b7lustrat, els nens, al costat de Jes\u00fas, conten la seva experi\u00e8ncia durant la catequesis i l&#8217;important que \u00e9s per a ells sentir-se prop d&#8217;Ell, asseure&#8217;s a la seva taula per a compartir i rebre per primera vegada l&#8217;Eucaristia. El llibre conta amb p\u00e0gines desplegables de gran bellesa i amb espais per a contar tots els detalls d&#8217;aquest gran dia, pegar fotografies i recollir signatures i dedicat\u00f2ries. El llibre es presenta en un estoig de pl\u00e0stic semitransparent. Continguts: Carta de Jes\u00fas el teu amic. Comencem parlant de tu. Seguim amb la teva hist\u00f2ria. Aix\u00ed va ser la meva catequesis. La meva primera confessi\u00f3. I va arribar el gran dia&#8230; Signatures, dedicat\u00f2ries. Regals i agra\u00efments. Els sagraments. El Parenostre. Credo. Avemaria. Jo Confesso. Salvi. L&#8217;any lit\u00fargic.<\/p>\n","protected":false},"excerpt":{"rendered":"<p>MANERO, ELIA<\/p>\n","protected":false},"featured_media":413736,"template":"","meta":{"_acf_changed":false,"om_disable_all_campaigns":false,"rs_blank_template":"","rs_page_bg_color":"","slide_template_v7":"","inline_featured_image":false,"_monsterinsights_skip_tracking":false,"_monsterinsights_sitenote_active":false,"_monsterinsights_sitenote_note":"","_monsterinsights_sitenote_category":0},"product_brand":[],"product_cat":[405,267,216,312,475,298,522],"product_tag":[],"class_list":{"0":"post-413735","1":"product","2":"type-product","3":"status-publish","4":"has-post-thumbnail","6":"product_cat-infantil-pastoral-1_espiritualidad","7":"product_cat-infantil-pastoral","8":"product_cat-primera-comunio-catequesi-1_espiritualitat","9":"product_cat-portada","10":"product_cat-primera-comunion","11":"product_cat-sacramental","12":"product_cat-sacramental-pastoral-1_espiritualidad","14":"first","15":"outofstock","16":"taxable","17":"shipping-taxable","18":"purchasable","19":"product-type-simple"},"acf":{"autor":"MANERO, ELIA","codart":"842852912","libros-coleccion":"Mis primeros libros","ediciones":"1","encuadernacion":"Carton\u00e9","fecha_de_publicacion":"18\/04\/2006","novedad":"0","paginas":"56","subtitulo":"UNA TROBADA AMB JES\u00daS","orden":"999","portada":"0","idioma":"cat","editorial":[{"ID":6356,"post_author":"3","post_date":"2022-07-28 17:50:26","post_date_gmt":"2022-07-28 15:50:26","post_content":"","post_title":"SAN PABLO COMUNICACI\u00d3N","post_excerpt":"","post_status":"publish","comment_status":"closed","ping_status":"closed","post_password":"","post_name":"san-pablo-comunicacion","to_ping":"","pinged":"","post_modified":"2022-07-28 17:50:26","post_modified_gmt":"2022-07-28 15:50:26","post_content_filtered":"","post_parent":0,"guid":"http:\/\/dev.claret.cat\/editorial\/san-pablo-comunicacion\/","menu_order":0,"post_type":"editorial","post_mime_type":"","comment_count":"0","filter":"raw"}],"autores-libros":[{"ID":284163,"post_author":"3","post_date":"2022-12-10 02:04:53","post_date_gmt":"2022-12-10 01:04:53","post_content":"","post_title":"ELIA MANERO","post_excerpt":"","post_status":"publish","comment_status":"closed","ping_status":"closed","post_password":"","post_name":"elia-manero","to_ping":"","pinged":"","post_modified":"2022-12-10 02:04:53","post_modified_gmt":"2022-12-10 01:04:53","post_content_filtered":"","post_parent":0,"guid":"http:\/\/dev.claret.cat\/autor\/elia-manero\/","menu_order":0,"post_type":"autor","post_mime_type":"","comment_count":"0","filter":"raw"}],"traductores-libros":"","ilustradores-libros":"","formato":"","linkebook":"","ficha":"","muestra":"","presentacion":"","booktrailer":"","resenas":"","recomendamos":"","mas_vendido":"","precioebook":"","ebookportada":false},"aioseo_notices":[],"_links":{"self":[{"href":"https:\/\/www.claret.cat\/es\/wp-json\/wp\/v2\/product\/413735","targetHints":{"allow":["GET"]}}],"collection":[{"href":"https:\/\/www.claret.cat\/es\/wp-json\/wp\/v2\/product"}],"about":[{"href":"https:\/\/www.claret.cat\/es\/wp-json\/wp\/v2\/types\/product"}],"wp:featuredmedia":[{"embeddable":true,"href":"https:\/\/www.claret.cat\/es\/wp-json\/wp\/v2\/media\/413736"}],"wp:attachment":[{"href":"https:\/\/www.claret.cat\/es\/wp-json\/wp\/v2\/media?parent=413735"}],"wp:term":[{"taxonomy":"product_brand","embeddable":true,"href":"https:\/\/www.claret.cat\/es\/wp-json\/wp\/v2\/product_brand?post=413735"},{"taxonomy":"product_cat","embeddable":true,"href":"https:\/\/www.claret.cat\/es\/wp-json\/wp\/v2\/product_cat?post=413735"},{"taxonomy":"product_tag","embeddable":true,"href":"https:\/\/www.claret.cat\/es\/wp-json\/wp\/v2\/product_tag?post=413735"}],"curies":[{"name":"wp","href":"https:\/\/api.w.org\/{rel}","templated":true}]}}

LA MEVA PRIMERA COMUNIÓ

<p>El dia de la Primera Comunió és un dia molt especial per als nens. En aquest llibre-regal, minuciosament il·lustrat, els nens, al costat de Jesús, conten la seva experiència durant la catequesis i l&#8217;important que és per a ells sentir-se prop d&#8217;Ell, asseure&#8217;s a la seva taula per a compartir i rebre per primera vegada l&#8217;Eucaristia. El llibre conta amb pàgines desplegables de gran bellesa i amb espais per a contar tots els detalls d&#8217;aquest gran dia, pegar fotografies i recollir signatures i dedicatòries. El llibre es presenta en un estoig de plàstic semitransparent. Continguts: Carta de Jesús el teu amic. Comencem parlant de tu. Seguim amb la teva història. Així va ser la meva catequesis. La meva primera confessió. I va arribar el gran dia&#8230; Signatures, dedicatòries. Regals i agraïments. Els sagraments. El Parenostre. Credo. Avemaria. Jo Confesso. Salvi. L&#8217;any litúrgic.</p>

Cartoné

UNA TROBADA AMB JESÚS

SAN PABLO COMUNICACIÓN
