{"id":413951,"date":"2023-03-23T16:35:02","date_gmt":"2023-03-23T15:35:02","guid":{"rendered":"https:\/\/www.claret.cat\/llibre\/100-dies-del-rock-de-la-decada-dels-70-i-80-9788413562438\/"},"modified":"2023-10-11T03:30:06","modified_gmt":"2023-10-11T01:30:06","slug":"100-dies-del-rock-de-la-decada-dels-70-i-80-9788413562438","status":"publish","type":"product","link":"https:\/\/www.claret.cat\/es\/libro\/100-dies-del-rock-de-la-decada-dels-70-i-80-9788413562438\/","title":{"rendered":"100 DIES DEL ROCK DE LA D\u00c8CADA DELS 70 I 80"},"content":{"rendered":"<p>El testimoni de dues d\u00e8cades transcendents per a la mem\u00f2ria musical de diverses generacions, a trav\u00e9s de 100 dates significatives. Dues d\u00e8cades que comencen amb la fi dels Beatles, que a mig cam\u00ed reben una forta sacsejada amb l&#8221;assassinat de John Lennon, i que acaben amb el pop anod\u00ed de Phil Collins liderant les llistes d&#8221;\u00e8xit mentre el grunge ja pica a la porta. Dues d\u00e8cades, les dels anys 70 i 80, plenes de noms propis, de context hist\u00f2ric i de diferents moviments musicals &#8211; el rock progressiu, el glam, el punk, la new wave, el rap&#8230;- que van redefinir el rock.  UN LLIBRE PLE DE NOST\u00c0LGIA, AMB NOMS QUE HAN PASSAT A LA HIST\u00d2RIA DE LA M\u00daSICA, I ESCRIT DES DE L&#8221;\u00d2PTICA DE LA M\u00daSICA ANGLOSAXONA, AMB 100 REFER\u00c8NCIES MUSICALS ALS PA\u00cfSOS CATALANS.  * Aquest llibre recull 100 moments que defineixen el rock dels 70 i dels 80, que donen peu a parlar d&#8221;artistes, de can\u00e7ons, d&#8221;\u00e8xits, de fracassos, per\u00f2 tamb\u00e9 de la vida i de la mort.  * El recorregut comen\u00e7a el 1970: l&#8221;any de la fi dels Beatles, una d\u00e8cada marcada per les morts de Jimi Hendrix, Janis Joplin i Jim Morrison. I acaba el 1989 amb la publicaci\u00f3 del disc de Phil Collins _&#8230;But Seriously_, que es va convertir en un dels discos m\u00e9s exitosos de la d\u00e8cada, i el primer n\u00famero 1 de la d\u00e8cada dels 90.  * L&#8221;autor tanca cada cap\u00edtol amb una contextualitzaci\u00f3 lligada a l&#8221;escena musical catalana.<\/p>\n","protected":false},"excerpt":{"rendered":"<p>NOVELL DEMESTRES, JORDI<\/p>\n","protected":false},"featured_media":413952,"template":"","meta":{"_acf_changed":false,"om_disable_all_campaigns":false,"rs_blank_template":"","rs_page_bg_color":"","slide_template_v7":"","inline_featured_image":false,"_monsterinsights_skip_tracking":false,"_monsterinsights_sitenote_active":false,"_monsterinsights_sitenote_note":"","_monsterinsights_sitenote_category":0},"product_brand":[],"product_cat":[111,332],"product_tag":[],"class_list":{"0":"post-413951","1":"product","2":"type-product","3":"status-publish","4":"has-post-thumbnail","6":"product_cat-musica","7":"product_cat-musica-4_escolar-spa","9":"first","10":"instock","11":"taxable","12":"shipping-taxable","13":"purchasable","14":"product-type-simple"},"acf":{"autor":"NOVELL DEMESTRES, JORDI","codart":"841356243","libros-coleccion":"De 100 en 100","ediciones":"1","encuadernacion":"R\u00fastica","fecha_de_publicacion":"01\/03\/2023","novedad":"1","paginas":"253","subtitulo":"","orden":"0","portada":"0","idioma":"cat","editorial":[{"ID":6171,"post_author":"3","post_date":"2022-07-28 17:46:25","post_date_gmt":"2022-07-28 15:46:25","post_content":"","post_title":"COSSETANIA EDICIONS","post_excerpt":"","post_status":"publish","comment_status":"closed","ping_status":"closed","post_password":"","post_name":"cossetania-edicions","to_ping":"","pinged":"","post_modified":"2022-07-28 17:46:25","post_modified_gmt":"2022-07-28 15:46:25","post_content_filtered":"","post_parent":0,"guid":"http:\/\/dev.claret.cat\/editorial\/cossetania-edicions\/","menu_order":0,"post_type":"editorial","post_mime_type":"","comment_count":"0","filter":"raw"}],"autores-libros":[{"ID":413950,"post_author":"3","post_date":"2023-03-23 16:30:32","post_date_gmt":"2023-03-23 15:30:32","post_content":"","post_title":"JORDI NOVELL DEMESTRES","post_excerpt":"","post_status":"publish","comment_status":"closed","ping_status":"closed","post_password":"","post_name":"jordi-novell-demestres","to_ping":"","pinged":"","post_modified":"2023-03-23 16:30:32","post_modified_gmt":"2023-03-23 15:30:32","post_content_filtered":"","post_parent":0,"guid":"https:\/\/www.claret.cat\/autor\/jordi-novell-demestres\/","menu_order":0,"post_type":"autor","post_mime_type":"","comment_count":"0","filter":"raw"}]},"aioseo_notices":[],"_links":{"self":[{"href":"https:\/\/www.claret.cat\/es\/wp-json\/wp\/v2\/product\/413951","targetHints":{"allow":["GET"]}}],"collection":[{"href":"https:\/\/www.claret.cat\/es\/wp-json\/wp\/v2\/product"}],"about":[{"href":"https:\/\/www.claret.cat\/es\/wp-json\/wp\/v2\/types\/product"}],"wp:featuredmedia":[{"embeddable":true,"href":"https:\/\/www.claret.cat\/es\/wp-json\/wp\/v2\/media\/413952"}],"wp:attachment":[{"href":"https:\/\/www.claret.cat\/es\/wp-json\/wp\/v2\/media?parent=413951"}],"wp:term":[{"taxonomy":"product_brand","embeddable":true,"href":"https:\/\/www.claret.cat\/es\/wp-json\/wp\/v2\/product_brand?post=413951"},{"taxonomy":"product_cat","embeddable":true,"href":"https:\/\/www.claret.cat\/es\/wp-json\/wp\/v2\/product_cat?post=413951"},{"taxonomy":"product_tag","embeddable":true,"href":"https:\/\/www.claret.cat\/es\/wp-json\/wp\/v2\/product_tag?post=413951"}],"curies":[{"name":"wp","href":"https:\/\/api.w.org\/{rel}","templated":true}]}}

100 DIES DEL ROCK DE LA DÈCADA DELS 70 I 80

<p>El testimoni de dues dècades transcendents per a la memòria musical de diverses generacions, a través de 100 dates significatives. Dues dècades que comencen amb la fi dels Beatles, que a mig camí reben una forta sacsejada amb l&#8221;assassinat de John Lennon, i que acaben amb el pop anodí de Phil Collins liderant les llistes d&#8221;èxit mentre el grunge ja pica a la porta. Dues dècades, les dels anys 70 i 80, plenes de noms propis, de context històric i de diferents moviments musicals &#8211; el rock progressiu, el glam, el punk, la new wave, el rap&#8230;- que van redefinir el rock.  UN LLIBRE PLE DE NOSTÀLGIA, AMB NOMS QUE HAN PASSAT A LA HISTÒRIA DE LA MÚSICA, I ESCRIT DES DE L&#8221;ÒPTICA DE LA MÚSICA ANGLOSAXONA, AMB 100 REFERÈNCIES MUSICALS ALS PAÏSOS CATALANS.  * Aquest llibre recull 100 moments que defineixen el rock dels 70 i dels 80, que donen peu a parlar d&#8221;artistes, de cançons, d&#8221;èxits, de fracassos, però també de la vida i de la mort.  * El recorregut comença el 1970: l&#8221;any de la fi dels Beatles, una dècada marcada per les morts de Jimi Hendrix, Janis Joplin i Jim Morrison. I acaba el 1989 amb la publicació del disc de Phil Collins _&#8230;But Seriously_, que es va convertir en un dels discos més exitosos de la dècada, i el primer número 1 de la dècada dels 90.  * L&#8221;autor tanca cada capítol amb una contextualització lligada a l&#8221;escena musical catalana.</p>

Rústica
