{"id":414463,"date":"2023-03-28T17:55:16","date_gmt":"2023-03-28T15:55:16","guid":{"rendered":"https:\/\/www.claret.cat\/llibre\/el-despertar-de-la-senorita-prim-9788408271031\/"},"modified":"2025-03-06T13:00:24","modified_gmt":"2025-03-06T12:00:24","slug":"el-despertar-de-la-senorita-prim-9788408271031","status":"publish","type":"product","link":"https:\/\/www.claret.cat\/es\/libro\/el-despertar-de-la-senorita-prim-9788408271031\/","title":{"rendered":"EL DESPERTAR DE LA SE\u00d1ORITA PRIM"},"content":{"rendered":"<p>Atra\u00edda por un sugestivo anuncio, Prudencia Prim llega a San Ireneo de Arnois, un peque\u00f1o lugar lleno de encanto cuyos habitantes han decidido declarar la guerra a las in?uencias del mundo moderno. La se\u00f1orita Prim ha sido contratada para organizar la biblioteca del Hombre del Sill\u00f3n, un hombre inteligente, profundo y cultivado, pero sin pizca de delicadeza. Pese a las frecuentes batallas dial\u00e9cticas con su jefe, poco a poco la bibliotecaria ir\u00e1 descubriendo el peculiar estilo de vida del lugar y los secretos de sus nada convencionales habitantes.<br \/> Narrado con ingenio, brillantez e inteligencia, El despertar de la se\u00f1orita Prim nos sumerge en un inolvidable viaje en busca del para\u00edso perdido, de la fuerza de la raz\u00f3n y la belleza y de la profundidad que se esconde tras las cosas peque\u00f1as.<br \/> La novela espa\u00f1ola que enamora al mundo.<br \/> Edici\u00f3n especial d\u00e9cimo aniversario.<br \/> Una deliciosa historia sobre la belleza de las peque\u00f1as cosas.<\/p>\n","protected":false},"excerpt":{"rendered":"<p>SANMARTIN FENOLLERA, NATALIA<\/p>\n","protected":false},"featured_media":414464,"template":"","meta":{"_acf_changed":false,"om_disable_all_campaigns":false,"rs_blank_template":"","rs_page_bg_color":"","slide_template_v7":"","inline_featured_image":false,"_monsterinsights_skip_tracking":false,"_monsterinsights_sitenote_active":false,"_monsterinsights_sitenote_note":"","_monsterinsights_sitenote_category":0},"product_brand":[],"product_cat":[127,357],"product_tag":[],"class_list":{"0":"post-414463","1":"product","2":"type-product","3":"status-publish","4":"has-post-thumbnail","6":"product_cat-novella-contemporania","7":"product_cat-novela-contemporanea","9":"first","10":"instock","11":"taxable","12":"shipping-taxable","13":"purchasable","14":"product-type-simple"},"acf":{"autor":"SANMARTIN FENOLLERA, NATALIA","codart":"840827103","libros-coleccion":"Autores Espa\u00f1oles e Iberoamericanos","ediciones":"1","encuadernacion":"Carton\u00e9","fecha_de_publicacion":"01\/03\/2023","novedad":"1","paginas":"345","subtitulo":"","orden":"0","portada":"0","idioma":"spa","editorial":[{"ID":6233,"post_author":"3","post_date":"2022-07-28 17:47:48","post_date_gmt":"2022-07-28 15:47:48","post_content":"","post_title":"EDITORIAL PLANETA","post_excerpt":"","post_status":"publish","comment_status":"closed","ping_status":"closed","post_password":"","post_name":"editorial-planeta","to_ping":"","pinged":"","post_modified":"2022-07-28 17:47:48","post_modified_gmt":"2022-07-28 15:47:48","post_content_filtered":"","post_parent":0,"guid":"http:\/\/dev.claret.cat\/editorial\/editorial-planeta\/","menu_order":0,"post_type":"editorial","post_mime_type":"","comment_count":"0","filter":"raw"}],"autores-libros":[{"ID":165671,"post_author":"3","post_date":"2022-10-14 17:57:02","post_date_gmt":"2022-10-14 15:57:02","post_content":"","post_title":"NATALIA SANMARTIN FENOLLERA","post_excerpt":"","post_status":"publish","comment_status":"closed","ping_status":"closed","post_password":"","post_name":"natalia-sanmartin-fenollera","to_ping":"","pinged":"","post_modified":"2022-10-14 17:57:02","post_modified_gmt":"2022-10-14 15:57:02","post_content_filtered":"","post_parent":0,"guid":"http:\/\/dev.claret.cat\/autor\/natalia-sanmartin-fenollera\/","menu_order":0,"post_type":"autor","post_mime_type":"","comment_count":"0","filter":"raw"}]},"aioseo_notices":[],"_links":{"self":[{"href":"https:\/\/www.claret.cat\/es\/wp-json\/wp\/v2\/product\/414463","targetHints":{"allow":["GET"]}}],"collection":[{"href":"https:\/\/www.claret.cat\/es\/wp-json\/wp\/v2\/product"}],"about":[{"href":"https:\/\/www.claret.cat\/es\/wp-json\/wp\/v2\/types\/product"}],"wp:featuredmedia":[{"embeddable":true,"href":"https:\/\/www.claret.cat\/es\/wp-json\/wp\/v2\/media\/414464"}],"wp:attachment":[{"href":"https:\/\/www.claret.cat\/es\/wp-json\/wp\/v2\/media?parent=414463"}],"wp:term":[{"taxonomy":"product_brand","embeddable":true,"href":"https:\/\/www.claret.cat\/es\/wp-json\/wp\/v2\/product_brand?post=414463"},{"taxonomy":"product_cat","embeddable":true,"href":"https:\/\/www.claret.cat\/es\/wp-json\/wp\/v2\/product_cat?post=414463"},{"taxonomy":"product_tag","embeddable":true,"href":"https:\/\/www.claret.cat\/es\/wp-json\/wp\/v2\/product_tag?post=414463"}],"curies":[{"name":"wp","href":"https:\/\/api.w.org\/{rel}","templated":true}]}}

EL DESPERTAR DE LA SEÑORITA PRIM

<p>Atraída por un sugestivo anuncio, Prudencia Prim llega a San Ireneo de Arnois, un pequeño lugar lleno de encanto cuyos habitantes han decidido declarar la guerra a las in?uencias del mundo moderno. La señorita Prim ha sido contratada para organizar la biblioteca del Hombre del Sillón, un hombre inteligente, profundo y cultivado, pero sin pizca de delicadeza. Pese a las frecuentes batallas dialécticas con su jefe, poco a poco la bibliotecaria irá descubriendo el peculiar estilo de vida del lugar y los secretos de sus nada convencionales habitantes.<br /> Narrado con ingenio, brillantez e inteligencia, El despertar de la señorita Prim nos sumerge en un inolvidable viaje en busca del paraíso perdido, de la fuerza de la razón y la belleza y de la profundidad que se esconde tras las cosas pequeñas.<br /> La novela española que enamora al mundo.<br /> Edición especial décimo aniversario.<br /> Una deliciosa historia sobre la belleza de las pequeñas cosas.</p>

Autores Españoles e Iberoamericanos

Cartoné
