{"id":414500,"date":"2023-03-28T18:11:41","date_gmt":"2023-03-28T16:11:41","guid":{"rendered":"https:\/\/www.claret.cat\/llibre\/ideafix-y-los-irreductibles-2-los-romanos-no-dan-una-9788469669655\/"},"modified":"2023-10-11T04:10:23","modified_gmt":"2023-10-11T02:10:23","slug":"ideafix-y-los-irreductibles-2-los-romanos-no-dan-una-9788469669655","status":"publish","type":"product","link":"https:\/\/www.claret.cat\/es\/libro\/ideafix-y-los-irreductibles-2-los-romanos-no-dan-una-9788469669655\/","title":{"rendered":"IDEAFIX Y LOS IRREDUCTIBLES, 2. \u00a1LOS ROMANOS NO DAN UNA!"},"content":{"rendered":"<p>Ideafix y sus irreductibles (los valientes Turbina, Dev\u00f3rix, Picarina, Vuelonoct\u00farnix y Asm\u00e1tix) vuelven a enfrentarse a los romanos para dejar claro que en Lutecia mandan ellos, no el invasor. \u00a1Tres nuevas aventuras que har\u00e1n las delicias de los fans del universo Ast\u00e9rix!<\/p>\n","protected":false},"excerpt":{"rendered":"<p>GOSCINNY, REN\u00c9 \/ BENEDETTI, HERV\u00c9 \/ COULON, MICHEL \/ LECOCQ, SIMON \/ ROBIN, NIC<\/p>\n","protected":false},"featured_media":414501,"template":"","meta":{"_acf_changed":false,"om_disable_all_campaigns":false,"rs_blank_template":"","rs_page_bg_color":"","slide_template_v7":"","inline_featured_image":false,"_monsterinsights_skip_tracking":false,"_monsterinsights_sitenote_active":false,"_monsterinsights_sitenote_note":"","_monsterinsights_sitenote_category":0},"product_brand":[],"product_cat":[133,132,108,558,134,364,362,363],"product_tag":[],"class_list":{"0":"post-414500","1":"product","2":"type-product","3":"status-publish","4":"has-post-thumbnail","6":"product_cat-lectures-per-adolescents-12-18-anys","7":"product_cat-lectures-per-preadolescents-6-12-anys","8":"product_cat-comic","9":"product_cat-comic-3_infantil-juvenil-spa-spa","10":"product_cat-comics","11":"product_cat-comics-infantil-3_infantil-juvenil-spa","12":"product_cat-libros-preadolescentes-6-12-anos","13":"product_cat-lecturas-por-adolescentes-12-18-anos","15":"first","16":"instock","17":"taxable","18":"shipping-taxable","19":"purchasable","20":"product-type-simple"},"acf":{"autor":"GOSCINNY, REN\u00c9 \/ BENEDETTI, HERV\u00c9 \/ COULON, MICHEL \/ LECOCQ, SIMON \/ ROBIN, NIC","codart":"846966965","libros-coleccion":"FORA DE COL.LECCI\u00d3","ediciones":"1","encuadernacion":"R\u00fastica","fecha_de_publicacion":"01\/03\/2023","novedad":"1","paginas":"69","subtitulo":"","orden":"0","portada":"0","idioma":"spa","editorial":[{"ID":147936,"post_author":"3","post_date":"2022-10-14 11:54:22","post_date_gmt":"2022-10-14 09:54:22","post_content":"","post_title":"Editorial Bru\u00f1o","post_excerpt":"","post_status":"publish","comment_status":"closed","ping_status":"closed","post_password":"","post_name":"editorial-bruno","to_ping":"","pinged":"","post_modified":"2022-10-14 11:54:22","post_modified_gmt":"2022-10-14 09:54:22","post_content_filtered":"","post_parent":0,"guid":"http:\/\/dev.claret.cat\/editorial\/editorial-bruno\/","menu_order":0,"post_type":"editorial","post_mime_type":"","comment_count":"0","filter":"raw"}],"autores-libros":[{"ID":410283,"post_author":"3","post_date":"2023-03-05 21:22:08","post_date_gmt":"2023-03-05 20:22:08","post_content":"","post_title":"HERV\u00c9 BENEDETTI","post_excerpt":"","post_status":"publish","comment_status":"closed","ping_status":"closed","post_password":"","post_name":"herve-benedetti","to_ping":"","pinged":"","post_modified":"2023-03-05 21:22:08","post_modified_gmt":"2023-03-05 20:22:08","post_content_filtered":"","post_parent":0,"guid":"https:\/\/www.claret.cat\/autor\/herve-benedetti\/","menu_order":0,"post_type":"autor","post_mime_type":"","comment_count":"0","filter":"raw"},{"ID":410286,"post_author":"3","post_date":"2023-03-05 21:22:11","post_date_gmt":"2023-03-05 20:22:11","post_content":"","post_title":"SIMON LECOCQ","post_excerpt":"","post_status":"publish","comment_status":"closed","ping_status":"closed","post_password":"","post_name":"simon-lecocq","to_ping":"","pinged":"","post_modified":"2023-03-05 21:22:11","post_modified_gmt":"2023-03-05 20:22:11","post_content_filtered":"","post_parent":0,"guid":"https:\/\/www.claret.cat\/autor\/simon-lecocq\/","menu_order":0,"post_type":"autor","post_mime_type":"","comment_count":"0","filter":"raw"},{"ID":410285,"post_author":"3","post_date":"2023-03-05 21:22:10","post_date_gmt":"2023-03-05 20:22:10","post_content":"","post_title":"NIC ROBIN","post_excerpt":"","post_status":"publish","comment_status":"closed","ping_status":"closed","post_password":"","post_name":"nic-robin","to_ping":"","pinged":"","post_modified":"2023-03-05 21:22:10","post_modified_gmt":"2023-03-05 20:22:10","post_content_filtered":"","post_parent":0,"guid":"https:\/\/www.claret.cat\/autor\/nic-robin\/","menu_order":0,"post_type":"autor","post_mime_type":"","comment_count":"0","filter":"raw"},{"ID":167973,"post_author":"3","post_date":"2022-10-14 18:15:30","post_date_gmt":"2022-10-14 16:15:30","post_content":"","post_title":"REN\u00c9 GOSCINNY","post_excerpt":"","post_status":"publish","comment_status":"closed","ping_status":"closed","post_password":"","post_name":"rene-goscinny","to_ping":"","pinged":"","post_modified":"2022-10-14 18:15:30","post_modified_gmt":"2022-10-14 16:15:30","post_content_filtered":"","post_parent":0,"guid":"http:\/\/dev.claret.cat\/autor\/rene-goscinny\/","menu_order":0,"post_type":"autor","post_mime_type":"","comment_count":"0","filter":"raw"},{"ID":410284,"post_author":"3","post_date":"2023-03-05 21:22:09","post_date_gmt":"2023-03-05 20:22:09","post_content":"","post_title":"MICHEL COULON","post_excerpt":"","post_status":"publish","comment_status":"closed","ping_status":"closed","post_password":"","post_name":"michel-coulon","to_ping":"","pinged":"","post_modified":"2023-03-05 21:22:09","post_modified_gmt":"2023-03-05 20:22:09","post_content_filtered":"","post_parent":0,"guid":"https:\/\/www.claret.cat\/autor\/michel-coulon\/","menu_order":0,"post_type":"autor","post_mime_type":"","comment_count":"0","filter":"raw"}]},"aioseo_notices":[],"_links":{"self":[{"href":"https:\/\/www.claret.cat\/es\/wp-json\/wp\/v2\/product\/414500","targetHints":{"allow":["GET"]}}],"collection":[{"href":"https:\/\/www.claret.cat\/es\/wp-json\/wp\/v2\/product"}],"about":[{"href":"https:\/\/www.claret.cat\/es\/wp-json\/wp\/v2\/types\/product"}],"wp:featuredmedia":[{"embeddable":true,"href":"https:\/\/www.claret.cat\/es\/wp-json\/wp\/v2\/media\/414501"}],"wp:attachment":[{"href":"https:\/\/www.claret.cat\/es\/wp-json\/wp\/v2\/media?parent=414500"}],"wp:term":[{"taxonomy":"product_brand","embeddable":true,"href":"https:\/\/www.claret.cat\/es\/wp-json\/wp\/v2\/product_brand?post=414500"},{"taxonomy":"product_cat","embeddable":true,"href":"https:\/\/www.claret.cat\/es\/wp-json\/wp\/v2\/product_cat?post=414500"},{"taxonomy":"product_tag","embeddable":true,"href":"https:\/\/www.claret.cat\/es\/wp-json\/wp\/v2\/product_tag?post=414500"}],"curies":[{"name":"wp","href":"https:\/\/api.w.org\/{rel}","templated":true}]}}

<p>Ideafix y sus irreductibles (los valientes Turbina, Devórix, Picarina, Vuelonoctúrnix y Asmátix) vuelven a enfrentarse a los romanos para dejar claro que en Lutecia mandan ellos, no el invasor. ¡Tres nuevas aventuras que harán las delicias de los fans del universo Astérix!</p>

<p>GOSCINNY, RENÉ / BENEDETTI, HERVÉ / COULON, MICHEL / LECOCQ, SIMON / ROBIN, NIC</p>

GOSCINNY, RENÉ / BENEDETTI, HERVÉ / COULON, MICHEL / LECOCQ, SIMON / ROBIN, NIC

FORA DE COL.LECCIÓ

Rústica

Editorial Bruño

HERVÉ BENEDETTI

RENÉ GOSCINNY
