{"id":414714,"date":"2023-03-30T16:40:03","date_gmt":"2023-03-30T14:40:03","guid":{"rendered":"https:\/\/www.claret.cat\/llibre\/tina-i-tavi-bona-nit-9788448959340\/"},"modified":"2023-10-11T03:22:41","modified_gmt":"2023-10-11T01:22:41","slug":"tina-i-tavi-bona-nit-9788448959340","status":"publish","type":"product","link":"https:\/\/www.claret.cat\/es\/libro\/tina-i-tavi-bona-nit-9788448959340\/","title":{"rendered":"TINA I TAVI. BONA NIT!"},"content":{"rendered":"<p>A la vall del follet Oriol hi viuen la Tina i el Tavi, una nena i un nen amb una mirada molt curiosa per descobrir el m\u00f3n que els envolta. Una col\u00b7lecci\u00f3, adre\u00e7ada als infants de 0 a 3 anys, que apropa els m\u00e9s petits a nous personatges que tamb\u00e9 formen part de l&#8221;univers del follet Oriol. <\/p>\n<p> El millor moment del dia \u00e9s quan arriba l&#8221;hora del conte, abans d&#8221;anar a dormir. La Tina i el Tavi esperen, sempre impacients, aquest moment, per\u00f2, avui, el cel \u00e9s ple d&#8221;estels brillants i hi ha lluna plena, i els follets prefereixen de sortir a fora per contemplar el cel de nit.<\/p>\n","protected":false},"excerpt":{"rendered":"<p>SARD\u00c0, \u00d2SCAR<\/p>\n","protected":false},"featured_media":414715,"template":"","meta":{"_acf_changed":false,"om_disable_all_campaigns":false,"rs_blank_template":"","rs_page_bg_color":"","slide_template_v7":"","inline_featured_image":false,"_monsterinsights_skip_tracking":false,"_monsterinsights_sitenote_active":false,"_monsterinsights_sitenote_note":"","_monsterinsights_sitenote_category":0},"product_brand":[],"product_cat":[131,361],"product_tag":[],"class_list":{"0":"post-414714","1":"product","2":"type-product","3":"status-publish","4":"has-post-thumbnail","6":"product_cat-contes-per-infants-0-6-anys","7":"product_cat-cuentos-para-ninos-0-6-anos","9":"first","10":"instock","11":"taxable","12":"shipping-taxable","13":"purchasable","14":"product-type-simple"},"acf":{"autor":"SARD\u00c0, \u00d2SCAR","codart":"844895934","libros-coleccion":"Llibres Infantils I Juvenils - Sopa De C","ediciones":"1","encuadernacion":"Carton\u00e9","fecha_de_publicacion":"01\/03\/2023","novedad":"1","paginas":"32","subtitulo":"","orden":"0","portada":"0","idioma":"cat","editorial":[{"ID":147525,"post_author":"3","post_date":"2022-10-14 11:51:14","post_date_gmt":"2022-10-14 09:51:14","post_content":"","post_title":"BARCANOVA","post_excerpt":"","post_status":"publish","comment_status":"closed","ping_status":"closed","post_password":"","post_name":"barcanova","to_ping":"","pinged":"","post_modified":"2022-10-14 11:51:14","post_modified_gmt":"2022-10-14 09:51:14","post_content_filtered":"","post_parent":0,"guid":"http:\/\/dev.claret.cat\/editorial\/barcanova\/","menu_order":0,"post_type":"editorial","post_mime_type":"","comment_count":"0","filter":"raw"}],"autores-libros":[{"ID":166329,"post_author":"3","post_date":"2022-10-14 18:02:17","post_date_gmt":"2022-10-14 16:02:17","post_content":"","post_title":"\u00d2SCAR SARD\u00c0","post_excerpt":"","post_status":"publish","comment_status":"closed","ping_status":"closed","post_password":"","post_name":"oscar-sarda","to_ping":"","pinged":"","post_modified":"2022-10-14 18:02:17","post_modified_gmt":"2022-10-14 16:02:17","post_content_filtered":"","post_parent":0,"guid":"http:\/\/dev.claret.cat\/autor\/oscar-sarda\/","menu_order":0,"post_type":"autor","post_mime_type":"","comment_count":"0","filter":"raw"}]},"aioseo_notices":[],"_links":{"self":[{"href":"https:\/\/www.claret.cat\/es\/wp-json\/wp\/v2\/product\/414714","targetHints":{"allow":["GET"]}}],"collection":[{"href":"https:\/\/www.claret.cat\/es\/wp-json\/wp\/v2\/product"}],"about":[{"href":"https:\/\/www.claret.cat\/es\/wp-json\/wp\/v2\/types\/product"}],"wp:featuredmedia":[{"embeddable":true,"href":"https:\/\/www.claret.cat\/es\/wp-json\/wp\/v2\/media\/414715"}],"wp:attachment":[{"href":"https:\/\/www.claret.cat\/es\/wp-json\/wp\/v2\/media?parent=414714"}],"wp:term":[{"taxonomy":"product_brand","embeddable":true,"href":"https:\/\/www.claret.cat\/es\/wp-json\/wp\/v2\/product_brand?post=414714"},{"taxonomy":"product_cat","embeddable":true,"href":"https:\/\/www.claret.cat\/es\/wp-json\/wp\/v2\/product_cat?post=414714"},{"taxonomy":"product_tag","embeddable":true,"href":"https:\/\/www.claret.cat\/es\/wp-json\/wp\/v2\/product_tag?post=414714"}],"curies":[{"name":"wp","href":"https:\/\/api.w.org\/{rel}","templated":true}]}}

<p>A la vall del follet Oriol hi viuen la Tina i el Tavi, una nena i un nen amb una mirada molt curiosa per descobrir el món que els envolta. Una col·lecció, adreçada als infants de 0 a 3 anys, que apropa els més petits a nous personatges que també formen part de l&#8221;univers del follet Oriol. </p>
<p> El millor moment del dia és quan arriba l&#8221;hora del conte, abans d&#8221;anar a dormir. La Tina i el Tavi esperen, sempre impacients, aquest moment, però, avui, el cel és ple d&#8221;estels brillants i hi ha lluna plena, i els follets prefereixen de sortir a fora per contemplar el cel de nit.</p>

<p>SARDÀ, ÒSCAR</p>

SARDÀ, ÒSCAR

Cartoné

ÒSCAR SARDÀ
