{"id":414999,"date":"2023-03-31T19:15:13","date_gmt":"2023-03-31T17:15:13","guid":{"rendered":"https:\/\/www.claret.cat\/llibre\/la-mare-balena-i-altres-contes-9788419735270\/"},"modified":"2023-10-11T03:19:33","modified_gmt":"2023-10-11T01:19:33","slug":"la-mare-balena-i-altres-contes-9788419735270","status":"publish","type":"product","link":"https:\/\/www.claret.cat\/es\/libro\/la-mare-balena-i-altres-contes-9788419735270\/","title":{"rendered":"LA MARE BALENA I ALTRES CONTES"},"content":{"rendered":"<p>\u00abM&#8217;agrada imaginar Caterina Albert i Parad\u00eds, nom real de V\u00edctor Catal\u00e0, com a part d&#8217;una germandat de dones ins\u00f2lites de la qual tamb\u00e9 en formarien part Jane Austen, Emily Bronte, George Elliot, Emily Dickinson, Emilia Pardo Baz\u00e1n, Merc\u00e8 Rodoreda i tantes altres. Dones que van escriure en un m\u00f3n d&#8217;homes, que van imaginar estrat\u00e8gies per continuar amb les seves activitats quotidianes malgrat les dificultats, que van pagar el seu atreviment amb vides solit\u00e0ries, diferents, encara avui misterioses, molt allunyades de les de la majoria de les dones del seu temps.\u00bb Care Santos<\/p>\n","protected":false},"excerpt":{"rendered":"<p>CATAL\u00c1, VICTOR<\/p>\n","protected":false},"featured_media":415000,"template":"","meta":{"_acf_changed":false,"om_disable_all_campaigns":false,"rs_blank_template":"","rs_page_bg_color":"","slide_template_v7":"","inline_featured_image":false,"_monsterinsights_skip_tracking":false,"_monsterinsights_sitenote_active":false,"_monsterinsights_sitenote_note":"","_monsterinsights_sitenote_category":0},"product_brand":[],"product_cat":[354,123],"product_tag":[],"class_list":{"0":"post-414999","1":"product","2":"type-product","3":"status-publish","4":"has-post-thumbnail","6":"product_cat-clasica","7":"product_cat-classica","9":"first","10":"instock","11":"taxable","12":"shipping-taxable","13":"purchasable","14":"product-type-simple"},"acf":{"autor":"CATAL\u00c1, VICTOR","codart":"841973527","libros-coleccion":"Ilustrados","ediciones":"1","encuadernacion":"Carton\u00e9","fecha_de_publicacion":"01\/04\/2023","novedad":"1","paginas":"116","subtitulo":"","orden":"0","portada":"0","idioma":"cat","editorial":[{"ID":148581,"post_author":"3","post_date":"2022-10-14 11:59:22","post_date_gmt":"2022-10-14 09:59:22","post_content":"","post_title":"N\u00d3RDICA LIBROS","post_excerpt":"","post_status":"publish","comment_status":"closed","ping_status":"closed","post_password":"","post_name":"nordica-libros","to_ping":"","pinged":"","post_modified":"2022-10-14 11:59:22","post_modified_gmt":"2022-10-14 09:59:22","post_content_filtered":"","post_parent":0,"guid":"http:\/\/dev.claret.cat\/editorial\/nordica-libros\/","menu_order":0,"post_type":"editorial","post_mime_type":"","comment_count":"0","filter":"raw"}],"autores-libros":[{"ID":6078,"post_author":"3","post_date":"2022-07-28 17:37:40","post_date_gmt":"2022-07-28 15:37:40","post_content":"","post_title":"V\u00cdCTOR CATAL\u00c0","post_excerpt":"","post_status":"publish","comment_status":"closed","ping_status":"closed","post_password":"","post_name":"victor-catala","to_ping":"","pinged":"","post_modified":"2022-07-28 17:37:40","post_modified_gmt":"2022-07-28 15:37:40","post_content_filtered":"","post_parent":0,"guid":"http:\/\/dev.claret.cat\/autor\/victor-catala\/","menu_order":0,"post_type":"autor","post_mime_type":"","comment_count":"0","filter":"raw"}]},"aioseo_notices":[],"_links":{"self":[{"href":"https:\/\/www.claret.cat\/es\/wp-json\/wp\/v2\/product\/414999","targetHints":{"allow":["GET"]}}],"collection":[{"href":"https:\/\/www.claret.cat\/es\/wp-json\/wp\/v2\/product"}],"about":[{"href":"https:\/\/www.claret.cat\/es\/wp-json\/wp\/v2\/types\/product"}],"wp:featuredmedia":[{"embeddable":true,"href":"https:\/\/www.claret.cat\/es\/wp-json\/wp\/v2\/media\/415000"}],"wp:attachment":[{"href":"https:\/\/www.claret.cat\/es\/wp-json\/wp\/v2\/media?parent=414999"}],"wp:term":[{"taxonomy":"product_brand","embeddable":true,"href":"https:\/\/www.claret.cat\/es\/wp-json\/wp\/v2\/product_brand?post=414999"},{"taxonomy":"product_cat","embeddable":true,"href":"https:\/\/www.claret.cat\/es\/wp-json\/wp\/v2\/product_cat?post=414999"},{"taxonomy":"product_tag","embeddable":true,"href":"https:\/\/www.claret.cat\/es\/wp-json\/wp\/v2\/product_tag?post=414999"}],"curies":[{"name":"wp","href":"https:\/\/api.w.org\/{rel}","templated":true}]}}

<p>«M&#8217;agrada imaginar Caterina Albert i Paradís, nom real de Víctor Català, com a part d&#8217;una germandat de dones insòlites de la qual també en formarien part Jane Austen, Emily Bronte, George Elliot, Emily Dickinson, Emilia Pardo Bazán, Mercè Rodoreda i tantes altres. Dones que van escriure en un món d&#8217;homes, que van imaginar estratègies per continuar amb les seves activitats quotidianes malgrat les dificultats, que van pagar el seu atreviment amb vides solitàries, diferents, encara avui misterioses, molt allunyades de les de la majoria de les dones del seu temps.» Care Santos</p>

<p>CATALÁ, VICTOR</p>

CATALÁ, VICTOR

Cartoné

NÓRDICA LIBROS

VÍCTOR CATALÀ
