{"id":415432,"date":"2023-04-02T22:34:19","date_gmt":"2023-04-02T20:34:19","guid":{"rendered":"https:\/\/www.claret.cat\/llibre\/ciclonopedia-9788494394522\/"},"modified":"2023-10-11T03:19:25","modified_gmt":"2023-10-11T01:19:25","slug":"ciclonopedia-9788494394522","status":"publish","type":"product","link":"https:\/\/www.claret.cat\/es\/libro\/ciclonopedia-9788494394522\/","title":{"rendered":"CICLONOPEDIA"},"content":{"rendered":"<p>Literatura de terror, teolog\u00eda especulativa, atlas de demonolog\u00eda, panfleto pol\u00edtico o grimorio filos\u00f3fico&#8230; todo esto y mucho m\u00e1s define simult\u00e1neamente &quot;Ciclonopedia&quot;, una obra de teor\u00eda-ficci\u00f3n acerca de Oriente Medio en la que terror &#8230;<\/p>\n","protected":false},"excerpt":{"rendered":"<p>NEGARESTANI, REZA<\/p>\n","protected":false},"featured_media":415433,"template":"","meta":{"_acf_changed":false,"om_disable_all_campaigns":false,"rs_blank_template":"","rs_page_bg_color":"","slide_template_v7":"","inline_featured_image":false,"_monsterinsights_skip_tracking":false,"_monsterinsights_sitenote_active":false,"_monsterinsights_sitenote_note":"","_monsterinsights_sitenote_category":0},"product_brand":[],"product_cat":[375,174,440,169,170,441],"product_tag":[],"class_list":{"0":"post-415432","1":"product","2":"type-product","3":"status-publish","4":"has-post-thumbnail","6":"product_cat-antropologia-filosofia-2_humanidades","7":"product_cat-antropologia","8":"product_cat-de-la-ciencia-filosofia-2_humanidades","9":"product_cat-de-la-ciencia","10":"product_cat-politica-i-social","11":"product_cat-politica-y-social","13":"first","14":"instock","15":"taxable","16":"shipping-taxable","17":"purchasable","18":"product-type-simple"},"acf":{"autor":"NEGARESTANI, REZA","codart":"8494394525","libros-coleccion":"FORA DE COL.LECCI\u00d3","ediciones":"1","encuadernacion":"R\u00fastica","fecha_de_publicacion":"01\/09\/2016","novedad":"0","paginas":"0","subtitulo":"COMPLICIDAD CON MATERIALES AN\u00d3NIMOS","orden":"0","portada":"0","idioma":"spa","autores-libros":[{"ID":415431,"post_author":"3","post_date":"2023-04-02 22:34:15","post_date_gmt":"2023-04-02 20:34:15","post_content":"","post_title":"REZA NEGARESTANI","post_excerpt":"","post_status":"publish","comment_status":"closed","ping_status":"closed","post_password":"","post_name":"reza-negarestani","to_ping":"","pinged":"","post_modified":"2023-04-02 22:34:15","post_modified_gmt":"2023-04-02 20:34:15","post_content_filtered":"","post_parent":0,"guid":"https:\/\/www.claret.cat\/autor\/reza-negarestani\/","menu_order":0,"post_type":"autor","post_mime_type":"","comment_count":"0","filter":"raw"}],"editorial":[{"ID":415454,"post_author":"3","post_date":"2023-04-03 12:53:13","post_date_gmt":"2023-04-03 10:53:13","post_content":"","post_title":"MATERIA OSCURA","post_excerpt":"","post_status":"publish","comment_status":"closed","ping_status":"closed","post_password":"","post_name":"materia-oscura","to_ping":"","pinged":"","post_modified":"2023-04-03 12:53:13","post_modified_gmt":"2023-04-03 10:53:13","post_content_filtered":"","post_parent":0,"guid":"https:\/\/www.claret.cat\/editorial\/materia-oscura\/","menu_order":0,"post_type":"editorial","post_mime_type":"","comment_count":"0","filter":"raw"}]},"aioseo_notices":[],"_links":{"self":[{"href":"https:\/\/www.claret.cat\/es\/wp-json\/wp\/v2\/product\/415432","targetHints":{"allow":["GET"]}}],"collection":[{"href":"https:\/\/www.claret.cat\/es\/wp-json\/wp\/v2\/product"}],"about":[{"href":"https:\/\/www.claret.cat\/es\/wp-json\/wp\/v2\/types\/product"}],"wp:featuredmedia":[{"embeddable":true,"href":"https:\/\/www.claret.cat\/es\/wp-json\/wp\/v2\/media\/415433"}],"wp:attachment":[{"href":"https:\/\/www.claret.cat\/es\/wp-json\/wp\/v2\/media?parent=415432"}],"wp:term":[{"taxonomy":"product_brand","embeddable":true,"href":"https:\/\/www.claret.cat\/es\/wp-json\/wp\/v2\/product_brand?post=415432"},{"taxonomy":"product_cat","embeddable":true,"href":"https:\/\/www.claret.cat\/es\/wp-json\/wp\/v2\/product_cat?post=415432"},{"taxonomy":"product_tag","embeddable":true,"href":"https:\/\/www.claret.cat\/es\/wp-json\/wp\/v2\/product_tag?post=415432"}],"curies":[{"name":"wp","href":"https:\/\/api.w.org\/{rel}","templated":true}]}}

<p>Literatura de terror, teología especulativa, atlas de demonología, panfleto político o grimorio filosófico&#8230; todo esto y mucho más define simultáneamente &quot;Ciclonopedia&quot;, una obra de teoría-ficción acerca de Oriente Medio en la que terror &#8230;</p>

FORA DE COL.LECCIÓ

Rústica

COMPLICIDAD CON MATERIALES ANÓNIMOS
