{"id":415717,"date":"2023-04-04T17:10:03","date_gmt":"2023-04-04T15:10:03","guid":{"rendered":"https:\/\/www.claret.cat\/llibre\/fc-barcelona-la-dimensio-mirall-9788411408004\/"},"modified":"2023-10-11T03:16:56","modified_gmt":"2023-10-11T01:16:56","slug":"fc-barcelona-la-dimensio-mirall-9788411408004","status":"publish","type":"product","link":"https:\/\/www.claret.cat\/es\/libro\/fc-barcelona-la-dimensio-mirall-9788411408004\/","title":{"rendered":"FC BARCELONA. LA DIMENSI\u00d3 MIRALL"},"content":{"rendered":"<p>Durant la pr\u00e8via del partit de lliga al Camp Nou, uns \u00e9ssers anomenats yokais han aparegut del no-res. La seva intenci\u00f3 \u00e9s seguir robant les ess\u00e8ncies i sentiments blaugrana! Per fi, els jugadors comprenen per qu\u00e8 en les darreres jornades havien perdut la seva habilitat i motivaci\u00f3!Un pacte entre el cap Yokai i els capitans del Bar\u00e7a determinar\u00e0 el futur de l&#8217;equip. Es jugaran les ess\u00e8ncies i habilitats a un partit al m\u00f3n d&#8217;aquells temibles \u00e9ssers, el m\u00f3n mirall!<br \/> NO ET PERDIS EL PARTIT M\u00c9S IMPORTANT DEL FC BARCELONA!<\/p>\n","protected":false},"excerpt":{"rendered":"<p>CARRERES, ALBERT<\/p>\n","protected":false},"featured_media":415718,"template":"","meta":{"_acf_changed":false,"om_disable_all_campaigns":false,"rs_blank_template":"","rs_page_bg_color":"","slide_template_v7":"","inline_featured_image":false,"_monsterinsights_skip_tracking":false,"_monsterinsights_sitenote_active":false,"_monsterinsights_sitenote_note":"","_monsterinsights_sitenote_category":0},"product_brand":[],"product_cat":[133,364,134,363],"product_tag":[],"class_list":{"0":"post-415717","1":"product","2":"type-product","3":"status-publish","4":"has-post-thumbnail","6":"product_cat-lectures-per-adolescents-12-18-anys","7":"product_cat-comics-infantil-3_infantil-juvenil-spa","8":"product_cat-comics","9":"product_cat-lecturas-por-adolescentes-12-18-anos","11":"first","12":"instock","13":"taxable","14":"shipping-taxable","15":"purchasable","16":"product-type-simple"},"acf":{"autor":"CARRERES, ALBERT","codart":"841140800","libros-coleccion":"FORA DE COL.LECCI\u00d3","ediciones":"1","encuadernacion":"R\u00fastica","fecha_de_publicacion":"01\/04\/2023","novedad":"1","paginas":"112","subtitulo":"","orden":"0","portada":"0","idioma":"cat","editorial":[{"ID":148674,"post_author":"3","post_date":"2022-10-14 12:00:06","post_date_gmt":"2022-10-14 10:00:06","post_content":"","post_title":"Planeta C\u00f3mic","post_excerpt":"","post_status":"publish","comment_status":"closed","ping_status":"closed","post_password":"","post_name":"planeta-comic","to_ping":"","pinged":"","post_modified":"2022-10-14 12:00:06","post_modified_gmt":"2022-10-14 10:00:06","post_content_filtered":"","post_parent":0,"guid":"http:\/\/dev.claret.cat\/editorial\/planeta-comic\/","menu_order":0,"post_type":"editorial","post_mime_type":"","comment_count":"0","filter":"raw"}],"autores-libros":[{"ID":415716,"post_author":"3","post_date":"2023-04-04 17:05:28","post_date_gmt":"2023-04-04 15:05:28","post_content":"","post_title":"ALBERT CARRERES","post_excerpt":"","post_status":"publish","comment_status":"closed","ping_status":"closed","post_password":"","post_name":"albert-carreres","to_ping":"","pinged":"","post_modified":"2023-04-04 17:05:28","post_modified_gmt":"2023-04-04 15:05:28","post_content_filtered":"","post_parent":0,"guid":"https:\/\/www.claret.cat\/autor\/albert-carreres\/","menu_order":0,"post_type":"autor","post_mime_type":"","comment_count":"0","filter":"raw"}]},"aioseo_notices":[],"_links":{"self":[{"href":"https:\/\/www.claret.cat\/es\/wp-json\/wp\/v2\/product\/415717","targetHints":{"allow":["GET"]}}],"collection":[{"href":"https:\/\/www.claret.cat\/es\/wp-json\/wp\/v2\/product"}],"about":[{"href":"https:\/\/www.claret.cat\/es\/wp-json\/wp\/v2\/types\/product"}],"wp:featuredmedia":[{"embeddable":true,"href":"https:\/\/www.claret.cat\/es\/wp-json\/wp\/v2\/media\/415718"}],"wp:attachment":[{"href":"https:\/\/www.claret.cat\/es\/wp-json\/wp\/v2\/media?parent=415717"}],"wp:term":[{"taxonomy":"product_brand","embeddable":true,"href":"https:\/\/www.claret.cat\/es\/wp-json\/wp\/v2\/product_brand?post=415717"},{"taxonomy":"product_cat","embeddable":true,"href":"https:\/\/www.claret.cat\/es\/wp-json\/wp\/v2\/product_cat?post=415717"},{"taxonomy":"product_tag","embeddable":true,"href":"https:\/\/www.claret.cat\/es\/wp-json\/wp\/v2\/product_tag?post=415717"}],"curies":[{"name":"wp","href":"https:\/\/api.w.org\/{rel}","templated":true}]}}

FC BARCELONA. LA DIMENSIÓ MIRALL

<p>Durant la prèvia del partit de lliga al Camp Nou, uns éssers anomenats yokais han aparegut del no-res. La seva intenció és seguir robant les essències i sentiments blaugrana! Per fi, els jugadors comprenen per què en les darreres jornades havien perdut la seva habilitat i motivació!Un pacte entre el cap Yokai i els capitans del Barça determinarà el futur de l&#8217;equip. Es jugaran les essències i habilitats a un partit al món d&#8217;aquells temibles éssers, el món mirall!<br /> NO ET PERDIS EL PARTIT MÉS IMPORTANT DEL FC BARCELONA!</p>

FORA DE COL.LECCIÓ

Rústica

Planeta Cómic
