{"id":416304,"date":"2023-04-06T19:00:02","date_gmt":"2023-04-06T17:00:02","guid":{"rendered":"https:\/\/www.claret.cat\/llibre\/el-portico-del-misterio-de-la-segunda-virtud-9788413391434\/"},"modified":"2026-03-04T19:50:05","modified_gmt":"2026-03-04T18:50:05","slug":"el-portico-del-misterio-de-la-segunda-virtud-9788413391434","status":"publish","type":"product","link":"https:\/\/www.claret.cat\/es\/libro\/el-portico-del-misterio-de-la-segunda-virtud-9788413391434\/","title":{"rendered":"EL P\u00d3RTICO DEL MISTERIO DE LA SEGUNDA VIRTUD"},"content":{"rendered":"<p>El p\u00f3rtico del misterio de la segunda virtud es una de las obras po\u00e9ticas m\u00e1s intensas de Charles P\u00e9guy, dedicada al misterio de la virtud teologal de la esperanza. Compuesto en uno de los momentos m\u00e1s oscuros de la vida del autor, es un poema luminoso y el testimonio de su itinerario espiritual que se abre a la madurez de la fe. Su grito de desesperaci\u00f3n se convierte en un nuevo canto de esperanza, hilvanado por motivos que continuamente se entrelazan y recuerdan unos a otros, en una atm\u00f3sfera de meditaci\u00f3n y oraci\u00f3n. Esta edici\u00f3n coincide con el 150 aniversario del nacimiento del autor.<br \/> \u00abLo admirable del P\u00f3rtico es que con palabras terrenales, im\u00e1genes carnales que no tienen nada de filos\u00f3ficas, movimientos del coraz\u00f3n que son los de cualquier criatura, P\u00e9guy revoluciona el cristianismo (&#8230;) El autor del P\u00f3rtico da la vuelta a su drama personal de exilio y fracaso, convirtiendo la angustia en ternura y el abandono en desamparo creativo\u00bb.<br \/> \u2014Jean Bastaire<\/p>\n","protected":false},"excerpt":{"rendered":"<p>P\u00c9GUY, CHARLES<\/p>\n","protected":false},"featured_media":416305,"template":"","meta":{"_acf_changed":false,"om_disable_all_campaigns":false,"rs_blank_template":"","rs_page_bg_color":"","slide_template_v7":"","inline_featured_image":false,"_monsterinsights_skip_tracking":false,"_monsterinsights_sitenote_active":false,"_monsterinsights_sitenote_note":"","_monsterinsights_sitenote_category":0},"product_brand":[],"product_cat":[121,340],"product_tag":[],"class_list":{"0":"post-416304","1":"product","2":"type-product","3":"status-publish","4":"has-post-thumbnail","6":"product_cat-poesia","7":"product_cat-poesia-5_otras","9":"first","10":"instock","11":"taxable","12":"shipping-taxable","13":"purchasable","14":"product-type-simple"},"acf":{"autor":"P\u00c9GUY, CHARLES","codart":"841339143","libros-coleccion":"Literaria","ediciones":"1","encuadernacion":"R\u00fastica","fecha_de_publicacion":"01\/04\/2023","novedad":"1","paginas":"188","subtitulo":"","orden":"0","portada":"0","idioma":"spa","editorial":[{"ID":6201,"post_author":"3","post_date":"2022-07-28 17:47:01","post_date_gmt":"2022-07-28 15:47:01","post_content":"","post_title":"Ediciones Encuentro","post_excerpt":"","post_status":"publish","comment_status":"closed","ping_status":"closed","post_password":"","post_name":"ediciones-encuentro","to_ping":"","pinged":"","post_modified":"2022-07-28 17:47:01","post_modified_gmt":"2022-07-28 15:47:01","post_content_filtered":"","post_parent":0,"guid":"http:\/\/dev.claret.cat\/editorial\/ediciones-encuentro\/","menu_order":0,"post_type":"editorial","post_mime_type":"","comment_count":"0","filter":"raw"}],"autores-libros":[{"ID":152771,"post_author":"3","post_date":"2022-10-14 14:51:26","post_date_gmt":"2022-10-14 12:51:26","post_content":"","post_title":"CHARLES P\u00c9GUY","post_excerpt":"","post_status":"publish","comment_status":"closed","ping_status":"closed","post_password":"","post_name":"charles-peguy","to_ping":"","pinged":"","post_modified":"2022-10-14 14:51:26","post_modified_gmt":"2022-10-14 12:51:26","post_content_filtered":"","post_parent":0,"guid":"http:\/\/dev.claret.cat\/autor\/charles-peguy\/","menu_order":0,"post_type":"autor","post_mime_type":"","comment_count":"0","filter":"raw"}],"booktrailer":"","resenas":""},"aioseo_notices":[],"_links":{"self":[{"href":"https:\/\/www.claret.cat\/es\/wp-json\/wp\/v2\/product\/416304","targetHints":{"allow":["GET"]}}],"collection":[{"href":"https:\/\/www.claret.cat\/es\/wp-json\/wp\/v2\/product"}],"about":[{"href":"https:\/\/www.claret.cat\/es\/wp-json\/wp\/v2\/types\/product"}],"wp:featuredmedia":[{"embeddable":true,"href":"https:\/\/www.claret.cat\/es\/wp-json\/wp\/v2\/media\/416305"}],"wp:attachment":[{"href":"https:\/\/www.claret.cat\/es\/wp-json\/wp\/v2\/media?parent=416304"}],"wp:term":[{"taxonomy":"product_brand","embeddable":true,"href":"https:\/\/www.claret.cat\/es\/wp-json\/wp\/v2\/product_brand?post=416304"},{"taxonomy":"product_cat","embeddable":true,"href":"https:\/\/www.claret.cat\/es\/wp-json\/wp\/v2\/product_cat?post=416304"},{"taxonomy":"product_tag","embeddable":true,"href":"https:\/\/www.claret.cat\/es\/wp-json\/wp\/v2\/product_tag?post=416304"}],"curies":[{"name":"wp","href":"https:\/\/api.w.org\/{rel}","templated":true}]}}

EL PÓRTICO DEL MISTERIO DE LA SEGUNDA VIRTUD

<p>El pórtico del misterio de la segunda virtud es una de las obras poéticas más intensas de Charles Péguy, dedicada al misterio de la virtud teologal de la esperanza. Compuesto en uno de los momentos más oscuros de la vida del autor, es un poema luminoso y el testimonio de su itinerario espiritual que se abre a la madurez de la fe. Su grito de desesperación se convierte en un nuevo canto de esperanza, hilvanado por motivos que continuamente se entrelazan y recuerdan unos a otros, en una atmósfera de meditación y oración. Esta edición coincide con el 150 aniversario del nacimiento del autor.<br /> «Lo admirable del Pórtico es que con palabras terrenales, imágenes carnales que no tienen nada de filosóficas, movimientos del corazón que son los de cualquier criatura, Péguy revoluciona el cristianismo (&#8230;) El autor del Pórtico da la vuelta a su drama personal de exilio y fracaso, convirtiendo la angustia en ternura y el abandono en desamparo creativo».<br /> —Jean Bastaire</p>

<p>PÉGUY, CHARLES</p>

PÉGUY, CHARLES

Rústica

CHARLES PÉGUY
