{"id":416411,"date":"2023-04-11T14:30:39","date_gmt":"2023-04-11T12:30:39","guid":{"rendered":"https:\/\/www.claret.cat\/llibre\/hakuna-viva-la-vida-9788427051218\/"},"modified":"2023-10-11T03:09:58","modified_gmt":"2023-10-11T01:09:58","slug":"hakuna-viva-la-vida-9788427051218","status":"publish","type":"product","link":"https:\/\/www.claret.cat\/es\/libro\/hakuna-viva-la-vida-9788427051218\/","title":{"rendered":"HAKUNA \u00a1VIVA LA VIDA!"},"content":{"rendered":"<p>Seguro que has escuchado hablar de Hakuna, pero \u00bfqu\u00e9 es realmente? \u00bfC\u00f3mo naci\u00f3 y creci\u00f3? \u00bfQu\u00e9 tiene su m\u00fasica que se ha viralizado en las redes? \u00bfC\u00f3mo una asociaci\u00f3n cristiana se ha convertido en un fen\u00f3meno de masas?<br \/> Este libro recoge la experiencia de alguien que conoce por primera vez Hakuna y la de quien ha estado desde sus or\u00edgenes. Esta doble visi\u00f3n permite ahondar en su historia, su carisma y su estilo de vivir tan aut\u00e9ntico: adoraci\u00f3n, acci\u00f3n social, m\u00fasica, copas, oraci\u00f3n, teolog\u00eda&#8230;<br \/> Descubre en Viva la vida la esencia que cautiva a miles de personas en todo el mundo.<br \/> La revoluci\u00f3n empieza aqu\u00ed.<\/p>\n","protected":false},"excerpt":{"rendered":"<p>MANGLANO, JOS\u00c9 PEDRO<\/p>\n","protected":false},"featured_media":416412,"template":"","meta":{"_acf_changed":false,"om_disable_all_campaigns":false,"rs_blank_template":"","rs_page_bg_color":"","slide_template_v7":"","inline_featured_image":false,"_monsterinsights_skip_tracking":false,"_monsterinsights_sitenote_active":false,"_monsterinsights_sitenote_note":"","_monsterinsights_sitenote_category":0},"product_brand":[],"product_cat":[179,377],"product_tag":[],"class_list":{"0":"post-416411","1":"product","2":"type-product","3":"status-publish","4":"has-post-thumbnail","6":"product_cat-autoajuda-i-salut-mental","7":"product_cat-autoayuda-y-salud-mental","9":"first","10":"instock","11":"taxable","12":"shipping-taxable","13":"purchasable","14":"product-type-simple"},"acf":{"autor":"MANGLANO, JOS\u00c9 PEDRO","codart":"842705121","libros-coleccion":"","ediciones":"1","encuadernacion":"Carton\u00e9","fecha_de_publicacion":"01\/04\/2023","novedad":"1","paginas":"232","subtitulo":"","orden":"0","portada":"0","idioma":"spa","editorial":[{"ID":6303,"post_author":"3","post_date":"2022-07-28 17:49:17","post_date_gmt":"2022-07-28 15:49:17","post_content":"","post_title":"MARTINEZ ROCA","post_excerpt":"","post_status":"publish","comment_status":"closed","ping_status":"closed","post_password":"","post_name":"martinez-roca","to_ping":"","pinged":"","post_modified":"2022-07-28 17:49:17","post_modified_gmt":"2022-07-28 15:49:17","post_content_filtered":"","post_parent":0,"guid":"http:\/\/dev.claret.cat\/editorial\/martinez-roca\/","menu_order":0,"post_type":"editorial","post_mime_type":"","comment_count":"0","filter":"raw"}],"autores-libros":[{"ID":160540,"post_author":"3","post_date":"2022-10-14 15:53:54","post_date_gmt":"2022-10-14 13:53:54","post_content":"","post_title":"JOS\u00c9 PEDRO MANGLANO","post_excerpt":"","post_status":"publish","comment_status":"closed","ping_status":"closed","post_password":"","post_name":"jose-pedro-manglano","to_ping":"","pinged":"","post_modified":"2022-10-14 15:53:54","post_modified_gmt":"2022-10-14 13:53:54","post_content_filtered":"","post_parent":0,"guid":"http:\/\/dev.claret.cat\/autor\/jose-pedro-manglano\/","menu_order":0,"post_type":"autor","post_mime_type":"","comment_count":"0","filter":"raw"}]},"aioseo_notices":[],"_links":{"self":[{"href":"https:\/\/www.claret.cat\/es\/wp-json\/wp\/v2\/product\/416411","targetHints":{"allow":["GET"]}}],"collection":[{"href":"https:\/\/www.claret.cat\/es\/wp-json\/wp\/v2\/product"}],"about":[{"href":"https:\/\/www.claret.cat\/es\/wp-json\/wp\/v2\/types\/product"}],"wp:featuredmedia":[{"embeddable":true,"href":"https:\/\/www.claret.cat\/es\/wp-json\/wp\/v2\/media\/416412"}],"wp:attachment":[{"href":"https:\/\/www.claret.cat\/es\/wp-json\/wp\/v2\/media?parent=416411"}],"wp:term":[{"taxonomy":"product_brand","embeddable":true,"href":"https:\/\/www.claret.cat\/es\/wp-json\/wp\/v2\/product_brand?post=416411"},{"taxonomy":"product_cat","embeddable":true,"href":"https:\/\/www.claret.cat\/es\/wp-json\/wp\/v2\/product_cat?post=416411"},{"taxonomy":"product_tag","embeddable":true,"href":"https:\/\/www.claret.cat\/es\/wp-json\/wp\/v2\/product_tag?post=416411"}],"curies":[{"name":"wp","href":"https:\/\/api.w.org\/{rel}","templated":true}]}}

<p>Seguro que has escuchado hablar de Hakuna, pero ¿qué es realmente? ¿Cómo nació y creció? ¿Qué tiene su música que se ha viralizado en las redes? ¿Cómo una asociación cristiana se ha convertido en un fenómeno de masas?<br /> Este libro recoge la experiencia de alguien que conoce por primera vez Hakuna y la de quien ha estado desde sus orígenes. Esta doble visión permite ahondar en su historia, su carisma y su estilo de vivir tan auténtico: adoración, acción social, música, copas, oración, teología&#8230;<br /> Descubre en Viva la vida la esencia que cautiva a miles de personas en todo el mundo.<br /> La revolución empieza aquí.</p>

<p>MANGLANO, JOSÉ PEDRO</p>

MANGLANO, JOSÉ PEDRO

Cartoné

JOSÉ PEDRO MANGLANO
