{"id":416611,"date":"2023-04-13T17:35:02","date_gmt":"2023-04-13T15:35:02","guid":{"rendered":"https:\/\/www.claret.cat\/llibre\/francesc-vicent-garcia-poeta-barroc-9788423208906\/"},"modified":"2024-05-08T17:55:21","modified_gmt":"2024-05-08T15:55:21","slug":"francesc-vicent-garcia-poeta-barroc-9788423208906","status":"publish","type":"product","link":"https:\/\/www.claret.cat\/es\/libro\/francesc-vicent-garcia-poeta-barroc-9788423208906\/","title":{"rendered":"FRANCESC VICENT GARCIA, POETA BARROC"},"content":{"rendered":"<p>Francesc Vicent Garcia (Saragossa, 1579-Vallfogona de Riucorb, 1623) es trasllad\u00e0 de ben petit a Tortosa, d&#8217;on eren originaris els seus pares, i es va considerar sempre tortos\u00ed i catal\u00e0. La seva vida estigu\u00e9 marcada per la seva condici\u00f3 de prevere i rector de la parr\u00f2quia de Vallfogona, i tamb\u00e9 per la seva vocaci\u00f3 d&#8217;escriptor. Public\u00e0 ben poc en vida, per\u00f2 la difusi\u00f3 de la seva obra per via manuscrita feu que aviat se&#8217;l consider\u00e9s l&#8217;estendard po\u00e8tic de la seva generaci\u00f3.<\/p>\n","protected":false},"excerpt":{"rendered":"<p>QUEROL COLL, ENRIC<\/p>\n","protected":false},"featured_media":416612,"template":"","meta":{"_acf_changed":false,"om_disable_all_campaigns":false,"rs_blank_template":"","rs_page_bg_color":"","slide_template_v7":"","inline_featured_image":false,"_monsterinsights_skip_tracking":false,"_monsterinsights_sitenote_active":false,"_monsterinsights_sitenote_note":"","_monsterinsights_sitenote_category":0},"product_brand":[],"product_cat":[485,232,549,99],"product_tag":[],"class_list":{"0":"post-416611","1":"product","2":"type-product","3":"status-publish","4":"has-post-thumbnail","6":"product_cat-autores-espiritualidad-1_espiritualidad","7":"product_cat-autors-espiritualitat","8":"product_cat-biografias","9":"product_cat-biografies","11":"first","12":"instock","13":"taxable","14":"shipping-taxable","15":"purchasable","16":"product-type-simple"},"acf":{"autor":"QUEROL COLL, ENRIC","codart":"842320890","libros-coleccion":"","ediciones":"1","encuadernacion":"R\u00fastica","fecha_de_publicacion":"01\/04\/2023","novedad":"1","paginas":"144","subtitulo":"VIDA I MISTERIS DEL RECTOR DE VALLFOGONA","orden":"0","portada":"0","idioma":"cat","editorial":[{"ID":148724,"post_author":"3","post_date":"2022-10-14 12:00:29","post_date_gmt":"2022-10-14 10:00:29","post_content":"","post_title":"Rafael dalmau","post_excerpt":"","post_status":"publish","comment_status":"closed","ping_status":"closed","post_password":"","post_name":"rafael-dalmau","to_ping":"","pinged":"","post_modified":"2022-10-14 12:00:29","post_modified_gmt":"2022-10-14 10:00:29","post_content_filtered":"","post_parent":0,"guid":"http:\/\/dev.claret.cat\/editorial\/rafael-dalmau\/","menu_order":0,"post_type":"editorial","post_mime_type":"","comment_count":"0","filter":"raw"}],"autores-libros":[{"ID":416610,"post_author":"3","post_date":"2023-04-13 17:30:03","post_date_gmt":"2023-04-13 15:30:03","post_content":"","post_title":"ENRIC QUEROL COLL","post_excerpt":"","post_status":"publish","comment_status":"closed","ping_status":"closed","post_password":"","post_name":"enric-querol-coll","to_ping":"","pinged":"","post_modified":"2023-04-13 17:30:03","post_modified_gmt":"2023-04-13 15:30:03","post_content_filtered":"","post_parent":0,"guid":"https:\/\/www.claret.cat\/autor\/enric-querol-coll\/","menu_order":0,"post_type":"autor","post_mime_type":"","comment_count":"0","filter":"raw"}]},"aioseo_notices":[],"_links":{"self":[{"href":"https:\/\/www.claret.cat\/es\/wp-json\/wp\/v2\/product\/416611","targetHints":{"allow":["GET"]}}],"collection":[{"href":"https:\/\/www.claret.cat\/es\/wp-json\/wp\/v2\/product"}],"about":[{"href":"https:\/\/www.claret.cat\/es\/wp-json\/wp\/v2\/types\/product"}],"wp:featuredmedia":[{"embeddable":true,"href":"https:\/\/www.claret.cat\/es\/wp-json\/wp\/v2\/media\/416612"}],"wp:attachment":[{"href":"https:\/\/www.claret.cat\/es\/wp-json\/wp\/v2\/media?parent=416611"}],"wp:term":[{"taxonomy":"product_brand","embeddable":true,"href":"https:\/\/www.claret.cat\/es\/wp-json\/wp\/v2\/product_brand?post=416611"},{"taxonomy":"product_cat","embeddable":true,"href":"https:\/\/www.claret.cat\/es\/wp-json\/wp\/v2\/product_cat?post=416611"},{"taxonomy":"product_tag","embeddable":true,"href":"https:\/\/www.claret.cat\/es\/wp-json\/wp\/v2\/product_tag?post=416611"}],"curies":[{"name":"wp","href":"https:\/\/api.w.org\/{rel}","templated":true}]}}

<p>Francesc Vicent Garcia (Saragossa, 1579-Vallfogona de Riucorb, 1623) es traslladà de ben petit a Tortosa, d&#8217;on eren originaris els seus pares, i es va considerar sempre tortosí i català. La seva vida estigué marcada per la seva condició de prevere i rector de la parròquia de Vallfogona, i també per la seva vocació d&#8217;escriptor. Publicà ben poc en vida, però la difusió de la seva obra per via manuscrita feu que aviat se&#8217;l considerés l&#8217;estendard poètic de la seva generació.</p>

Rústica
