{"id":417429,"date":"2023-04-17T16:00:28","date_gmt":"2023-04-17T14:00:28","guid":{"rendered":"https:\/\/www.claret.cat\/llibre\/sant-jordi-la-rosa-i-el-llibre-9788413562650\/"},"modified":"2026-04-23T12:05:06","modified_gmt":"2026-04-23T10:05:06","slug":"sant-jordi-la-rosa-i-el-llibre-9788413562650","status":"publish","type":"product","link":"https:\/\/www.claret.cat\/es\/libro\/sant-jordi-la-rosa-i-el-llibre-9788413562650\/","title":{"rendered":"SANT JORDI: LA ROSA I EL LLIBRE"},"content":{"rendered":"<p>IL\u00b7LUSTRACIONS D&#8221;HUGO PRADES EL PATUFET ACOSTA ALS M\u00c9S PETITS LES TRADICIONS M\u00c9S BONIQUES DEL COSTUMARI CATAL\u00c0. EN AQUEST CONTE, DESCOBRIREM QU\u00c8 S&#8221;AMAGA DARRERE LA DIADA DE SANT JORDI, AMB LES PARADES AL CARRER FARCIDES DE ROSES I DE LLIBRES  EI, MENUTS I MENUDES! EL PATUFET US ACOSTA LES TRADICIONS M\u00c9S BONIQUES DEL COSTUMARI CATAL\u00c0. EN AQUEST CONTE DESCOBRIREM QU\u00c8 S&#8221;AMAGA DARRERE LA DIADA DE SANT JORDI, AMB LES PARADES AL CARRER FARCIDES DE ROSES I DE LLIBRES.   * Aquesta col\u00b7lecci\u00f3 aposta per ensenyar les tradicions i llegendes catalanes als m\u00e9s petits a trav\u00e9s de l&#8221;entranyable personatge del Patufet  Conte amb\u00a0MENYS TEXT,\u00a0TOT EN CARTR\u00d3 I EN MAJ\u00daSCULES, per a nens m\u00e9s petits.<\/p>\n","protected":false},"excerpt":{"rendered":"<p>ROIG C\u00c9SAR, ROGER<\/p>\n","protected":false},"featured_media":417430,"template":"","meta":{"_acf_changed":false,"om_disable_all_campaigns":false,"rs_blank_template":"","rs_page_bg_color":"","slide_template_v7":"","inline_featured_image":false,"_monsterinsights_skip_tracking":false,"_monsterinsights_sitenote_active":false,"_monsterinsights_sitenote_note":"","_monsterinsights_sitenote_category":0},"product_brand":[],"product_cat":[131,361],"product_tag":[],"class_list":{"0":"post-417429","1":"product","2":"type-product","3":"status-publish","4":"has-post-thumbnail","6":"product_cat-contes-per-infants-0-6-anys","7":"product_cat-cuentos-para-ninos-0-6-anos","9":"first","10":"instock","11":"taxable","12":"shipping-taxable","13":"purchasable","14":"product-type-simple"},"acf":{"autor":"ROIG C\u00c9SAR, ROGER","codart":"841356265","libros-coleccion":"FORA DE COL.LECCI\u00d3","ediciones":"1","encuadernacion":"Carton\u00e9","fecha_de_publicacion":"01\/03\/2023","novedad":"1","paginas":"12","subtitulo":"","orden":"0","portada":"0","idioma":"cat","editorial":[{"ID":6171,"post_author":"3","post_date":"2022-07-28 17:46:25","post_date_gmt":"2022-07-28 15:46:25","post_content":"","post_title":"COSSETANIA EDICIONS","post_excerpt":"","post_status":"publish","comment_status":"closed","ping_status":"closed","post_password":"","post_name":"cossetania-edicions","to_ping":"","pinged":"","post_modified":"2022-07-28 17:46:25","post_modified_gmt":"2022-07-28 15:46:25","post_content_filtered":"","post_parent":0,"guid":"http:\/\/dev.claret.cat\/editorial\/cossetania-edicions\/","menu_order":0,"post_type":"editorial","post_mime_type":"","comment_count":"0","filter":"raw"}],"autores-libros":[{"ID":168382,"post_author":"3","post_date":"2022-10-14 18:18:47","post_date_gmt":"2022-10-14 16:18:47","post_content":"","post_title":"ROGER ROIG C\u00c9SAR","post_excerpt":"","post_status":"publish","comment_status":"closed","ping_status":"closed","post_password":"","post_name":"roger-roig-cesar","to_ping":"","pinged":"","post_modified":"2022-10-14 18:18:47","post_modified_gmt":"2022-10-14 16:18:47","post_content_filtered":"","post_parent":0,"guid":"http:\/\/dev.claret.cat\/autor\/roger-roig-cesar\/","menu_order":0,"post_type":"autor","post_mime_type":"","comment_count":"0","filter":"raw"}],"booktrailer":"","resenas":""},"aioseo_notices":[],"_links":{"self":[{"href":"https:\/\/www.claret.cat\/es\/wp-json\/wp\/v2\/product\/417429","targetHints":{"allow":["GET"]}}],"collection":[{"href":"https:\/\/www.claret.cat\/es\/wp-json\/wp\/v2\/product"}],"about":[{"href":"https:\/\/www.claret.cat\/es\/wp-json\/wp\/v2\/types\/product"}],"wp:featuredmedia":[{"embeddable":true,"href":"https:\/\/www.claret.cat\/es\/wp-json\/wp\/v2\/media\/417430"}],"wp:attachment":[{"href":"https:\/\/www.claret.cat\/es\/wp-json\/wp\/v2\/media?parent=417429"}],"wp:term":[{"taxonomy":"product_brand","embeddable":true,"href":"https:\/\/www.claret.cat\/es\/wp-json\/wp\/v2\/product_brand?post=417429"},{"taxonomy":"product_cat","embeddable":true,"href":"https:\/\/www.claret.cat\/es\/wp-json\/wp\/v2\/product_cat?post=417429"},{"taxonomy":"product_tag","embeddable":true,"href":"https:\/\/www.claret.cat\/es\/wp-json\/wp\/v2\/product_tag?post=417429"}],"curies":[{"name":"wp","href":"https:\/\/api.w.org\/{rel}","templated":true}]}}

<p>IL·LUSTRACIONS D&#8221;HUGO PRADES EL PATUFET ACOSTA ALS MÉS PETITS LES TRADICIONS MÉS BONIQUES DEL COSTUMARI CATALÀ. EN AQUEST CONTE, DESCOBRIREM QUÈ S&#8221;AMAGA DARRERE LA DIADA DE SANT JORDI, AMB LES PARADES AL CARRER FARCIDES DE ROSES I DE LLIBRES  EI, MENUTS I MENUDES! EL PATUFET US ACOSTA LES TRADICIONS MÉS BONIQUES DEL COSTUMARI CATALÀ. EN AQUEST CONTE DESCOBRIREM QUÈ S&#8221;AMAGA DARRERE LA DIADA DE SANT JORDI, AMB LES PARADES AL CARRER FARCIDES DE ROSES I DE LLIBRES.   * Aquesta col·lecció aposta per ensenyar les tradicions i llegendes catalanes als més petits a través de l&#8221;entranyable personatge del Patufet  Conte amb MENYS TEXT, TOT EN CARTRÓ I EN MAJÚSCULES, per a nens més petits.</p>

<p>ROIG CÉSAR, ROGER</p>

ROIG CÉSAR, ROGER

FORA DE COL.LECCIÓ

Cartoné

ROGER ROIG CÉSAR
