{"id":417780,"date":"2023-04-20T14:05:02","date_gmt":"2023-04-20T12:05:02","guid":{"rendered":"https:\/\/www.claret.cat\/llibre\/estrella-de-la-manana-9788389454065\/"},"modified":"2025-03-29T12:35:13","modified_gmt":"2025-03-29T11:35:13","slug":"estrella-de-la-manana-9788389454065","status":"publish","type":"product","link":"https:\/\/www.claret.cat\/es\/libro\/estrella-de-la-manana-9788389454065\/","title":{"rendered":"ESTRELLA DE LA MANANA"},"content":{"rendered":"<p>El Apocalipsis nos revela las facetas m\u00e1s ocultas e insondables del Mes\u00edas, mucho m\u00e1s que cualquier otro escrito del Nuevo Testamento. Sus inescrutables misterios nos inspiraran temor reverencial, como dijeron los Sabios: \u201cHasta aqu\u00ed la persona tiene permiso para meditar, (pero) de aqu\u00ed en adelante no hay quien pueda alcanzarlo\u201d.<br \/>Ante todo, este libro es definido como. \u201cLa revelaci\u00f3n de Yesh\u00faa el Mes\u00edas\u201d, pues cada afirmaci\u00f3n, cada suceso y cada profec\u00eda que en \u00e9l se declara tiene como fin revelar el Penimiut, esto es, los aspectos m\u00e1s internos y rec\u00f3nditos del Mes\u00edas; y cuanto m\u00e1s profundicemos en los planos espirituales de esta revelaci\u00f3n, m\u00e1s prevalecer\u00e1 en nosotros Su luz y menos la \u201cvasija\u201d de nuestro propio yo, hasta que \u00e9sta sea anulada ante a lo excelso de Su luz.<br \/>Y para ello, necesitamos desentramar primero la misteriosa simbolog\u00eda de sus relatos para descubrir los c\u00f3digos ocultos donde se esconde la metodolog\u00eda que usaron profetas como Ezequiel o Isa\u00edas para acceder a las revelaciones del Cielo.<br \/>Nos gustar\u00eda invitarle a acompa\u00f1arnos en este apasionante viaje a trav\u00e9s de las profec\u00edas m\u00e1s rec\u00f3nditas de todo Nuevo Pacto, anim\u00e1ndole a que abra su mente y su coraz\u00f3n, como dijo un poeta: \u201cLa verdad, no tu verdad. Y ven conmigo a buscarla\u201d.<br \/>Y ya solo me resta darle la bienvenida a este nuevo trabajo con al \u00e1nimo de que pueda encontrar en \u00e9l mucho m\u00e1s que nueva informaci\u00f3n sobre la Biblia, pues es nuestro deseo que halle luz y consuelo para su alma, como dijeron los Sabios: Dichosa la parte de este hijo que merece esforzarse y conocer los secretos de su Padre\u201d; y que su estudio sirva para acercar la Redenci\u00f3n, sea pronto y en nuestros d\u00edas. Am\u00e9n.<\/p>\n","protected":false},"excerpt":{"rendered":"<p>ISAAC BENAOR<\/p>\n","protected":false},"featured_media":977778,"template":"","meta":{"_acf_changed":false,"om_disable_all_campaigns":false,"rs_blank_template":"","rs_page_bg_color":"","slide_template_v7":"","inline_featured_image":false,"_monsterinsights_skip_tracking":false,"_monsterinsights_sitenote_active":false,"_monsterinsights_sitenote_note":"","_monsterinsights_sitenote_category":0},"product_brand":[],"product_cat":[90,540],"product_tag":[],"class_list":{"0":"post-417780","1":"product","2":"type-product","3":"status-publish","4":"has-post-thumbnail","6":"product_cat-altres","7":"product_cat-otros","9":"first","10":"instock","11":"taxable","12":"shipping-taxable","13":"purchasable","14":"product-type-simple"},"acf":{"autor":"ISAAC BENAOR","codart":"838945406","libros-coleccion":"","ediciones":"1","encuadernacion":"R\u00fastica","fecha_de_publicacion":"20\/04\/2023","novedad":"1","paginas":"197","subtitulo":"UNA VERSI\u00d3N CABAL\u00cdSTICA DEL LIBRO DEL APOCALIPSIS","orden":"0","portada":"0","idioma":"spa","editorial":[{"ID":977775,"post_author":"3","post_date":"2024-09-03 16:25:01","post_date_gmt":"2024-09-03 14:25:01","post_content":"","post_title":"ISAAC BENAOR","post_excerpt":"","post_status":"publish","comment_status":"closed","ping_status":"closed","post_password":"","post_name":"isaac-benaor","to_ping":"","pinged":"","post_modified":"2024-09-03 16:25:01","post_modified_gmt":"2024-09-03 14:25:01","post_content_filtered":"","post_parent":0,"guid":"https:\/\/www.claret.cat\/editorial\/isaac-benaor\/","menu_order":0,"post_type":"editorial","post_mime_type":"","comment_count":"0","filter":"raw"}],"autores-libros":[{"ID":273820,"post_author":"3","post_date":"2022-12-09 05:28:22","post_date_gmt":"2022-12-09 04:28:22","post_content":"","post_title":"ISAAC BENAOR","post_excerpt":"","post_status":"publish","comment_status":"closed","ping_status":"closed","post_password":"","post_name":"isaac-benaor","to_ping":"","pinged":"","post_modified":"2022-12-09 05:28:22","post_modified_gmt":"2022-12-09 04:28:22","post_content_filtered":"","post_parent":0,"guid":"http:\/\/dev.claret.cat\/autor\/isaac-benaor\/","menu_order":0,"post_type":"autor","post_mime_type":"","comment_count":"0","filter":"raw"}]},"aioseo_notices":[],"_links":{"self":[{"href":"https:\/\/www.claret.cat\/es\/wp-json\/wp\/v2\/product\/417780","targetHints":{"allow":["GET"]}}],"collection":[{"href":"https:\/\/www.claret.cat\/es\/wp-json\/wp\/v2\/product"}],"about":[{"href":"https:\/\/www.claret.cat\/es\/wp-json\/wp\/v2\/types\/product"}],"wp:featuredmedia":[{"embeddable":true,"href":"https:\/\/www.claret.cat\/es\/wp-json\/wp\/v2\/media\/977778"}],"wp:attachment":[{"href":"https:\/\/www.claret.cat\/es\/wp-json\/wp\/v2\/media?parent=417780"}],"wp:term":[{"taxonomy":"product_brand","embeddable":true,"href":"https:\/\/www.claret.cat\/es\/wp-json\/wp\/v2\/product_brand?post=417780"},{"taxonomy":"product_cat","embeddable":true,"href":"https:\/\/www.claret.cat\/es\/wp-json\/wp\/v2\/product_cat?post=417780"},{"taxonomy":"product_tag","embeddable":true,"href":"https:\/\/www.claret.cat\/es\/wp-json\/wp\/v2\/product_tag?post=417780"}],"curies":[{"name":"wp","href":"https:\/\/api.w.org\/{rel}","templated":true}]}}

<p>El Apocalipsis nos revela las facetas más ocultas e insondables del Mesías, mucho más que cualquier otro escrito del Nuevo Testamento. Sus inescrutables misterios nos inspiraran temor reverencial, como dijeron los Sabios: “Hasta aquí la persona tiene permiso para meditar, (pero) de aquí en adelante no hay quien pueda alcanzarlo”.<br />Ante todo, este libro es definido como. “La revelación de Yeshúa el Mesías”, pues cada afirmación, cada suceso y cada profecía que en él se declara tiene como fin revelar el Penimiut, esto es, los aspectos más internos y recónditos del Mesías; y cuanto más profundicemos en los planos espirituales de esta revelación, más prevalecerá en nosotros Su luz y menos la “vasija” de nuestro propio yo, hasta que ésta sea anulada ante a lo excelso de Su luz.<br />Y para ello, necesitamos desentramar primero la misteriosa simbología de sus relatos para descubrir los códigos ocultos donde se esconde la metodología que usaron profetas como Ezequiel o Isaías para acceder a las revelaciones del Cielo.<br />Nos gustaría invitarle a acompañarnos en este apasionante viaje a través de las profecías más recónditas de todo Nuevo Pacto, animándole a que abra su mente y su corazón, como dijo un poeta: “La verdad, no tu verdad. Y ven conmigo a buscarla”.<br />Y ya solo me resta darle la bienvenida a este nuevo trabajo con al ánimo de que pueda encontrar en él mucho más que nueva información sobre la Biblia, pues es nuestro deseo que halle luz y consuelo para su alma, como dijeron los Sabios: Dichosa la parte de este hijo que merece esforzarse y conocer los secretos de su Padre”; y que su estudio sirva para acercar la Redención, sea pronto y en nuestros días. Amén.</p>

Rústica

UNA VERSIÓN CABALÍSTICA DEL LIBRO DEL APOCALIPSIS
