{"id":417912,"date":"2023-04-21T18:00:02","date_gmt":"2023-04-21T16:00:02","guid":{"rendered":"https:\/\/www.claret.cat\/llibre\/despierta-9788428567800\/"},"modified":"2024-05-02T07:40:20","modified_gmt":"2024-05-02T05:40:20","slug":"despierta-9788428567800","status":"publish","type":"product","link":"https:\/\/www.claret.cat\/es\/libro\/despierta-9788428567800\/","title":{"rendered":"DESPIERTA"},"content":{"rendered":"<p>El t\u00edtulo de esta obra, Despierta, m\u00e1s que un imperativo, es una propuesta que recoge el sentido de todos y cada uno de los textos que la conforman. Son textos que, contemplados desde la antropolog\u00eda, la filosof\u00eda, la psicolog\u00eda y la espiritualidad, abordan diferentes temas, como la esperanza, la resiliencia, la sacralidad, el asombro, el agradecimiento, la fraternidad o la sencillez. Los textos no se quedan solamente en el an\u00e1lisis y la reflexi\u00f3n cr\u00edtica, sino que ofrecen preguntas como un reto para el lector. Son, pues, textos que invitan a salir de la rutina del no pensar, a romper las inercias inconscientes en las que, una vez instalados, terminamos viviendo, a transformar las conciencias. Escritos en diferentes momentos, estas reflexiones surgen del inconformismo y la cr\u00edtica, pero sobre todo de la esperanza, esa esperanza que tiene que ver con esa virtud que nos lleva a responsabilizarnos del futuro y convertirnos en protagonistas y responsables de nuestra historia y de la Historia.<\/p>\n","protected":false},"excerpt":{"rendered":"<p>CHAMORRO, JOSE<\/p>\n","protected":false},"featured_media":417913,"template":"","meta":{"_acf_changed":false,"om_disable_all_campaigns":false,"rs_blank_template":"","rs_page_bg_color":"","slide_template_v7":"","inline_featured_image":false,"_monsterinsights_skip_tracking":false,"_monsterinsights_sitenote_active":false,"_monsterinsights_sitenote_note":"","_monsterinsights_sitenote_category":0},"product_brand":[],"product_cat":[90,540],"product_tag":[],"class_list":{"0":"post-417912","1":"product","2":"type-product","3":"status-publish","4":"has-post-thumbnail","6":"product_cat-altres","7":"product_cat-otros","9":"first","10":"instock","11":"taxable","12":"shipping-taxable","13":"purchasable","14":"product-type-simple"},"acf":{"autor":"CHAMORRO, JOSE","codart":"842856780","libros-coleccion":"Teselas","ediciones":"1","encuadernacion":"R\u00fastica","fecha_de_publicacion":"19\/04\/2023","novedad":"1","paginas":"242","subtitulo":"ENSAYO PARA UNA VIDA L\u00daCIDA","orden":"0","portada":"0","idioma":"spa","editorial":[{"ID":6356,"post_author":"3","post_date":"2022-07-28 17:50:26","post_date_gmt":"2022-07-28 15:50:26","post_content":"","post_title":"SAN PABLO COMUNICACI\u00d3N","post_excerpt":"","post_status":"publish","comment_status":"closed","ping_status":"closed","post_password":"","post_name":"san-pablo-comunicacion","to_ping":"","pinged":"","post_modified":"2022-07-28 17:50:26","post_modified_gmt":"2022-07-28 15:50:26","post_content_filtered":"","post_parent":0,"guid":"http:\/\/dev.claret.cat\/editorial\/san-pablo-comunicacion\/","menu_order":0,"post_type":"editorial","post_mime_type":"","comment_count":"0","filter":"raw"}],"autores-libros":[{"ID":160224,"post_author":"3","post_date":"2022-10-14 15:51:18","post_date_gmt":"2022-10-14 13:51:18","post_content":"","post_title":"JOSE CHAMORRO","post_excerpt":"","post_status":"publish","comment_status":"closed","ping_status":"closed","post_password":"","post_name":"jose-chamorro","to_ping":"","pinged":"","post_modified":"2022-10-14 15:51:18","post_modified_gmt":"2022-10-14 13:51:18","post_content_filtered":"","post_parent":0,"guid":"http:\/\/dev.claret.cat\/autor\/jose-chamorro\/","menu_order":0,"post_type":"autor","post_mime_type":"","comment_count":"0","filter":"raw"}]},"aioseo_notices":[],"_links":{"self":[{"href":"https:\/\/www.claret.cat\/es\/wp-json\/wp\/v2\/product\/417912","targetHints":{"allow":["GET"]}}],"collection":[{"href":"https:\/\/www.claret.cat\/es\/wp-json\/wp\/v2\/product"}],"about":[{"href":"https:\/\/www.claret.cat\/es\/wp-json\/wp\/v2\/types\/product"}],"wp:featuredmedia":[{"embeddable":true,"href":"https:\/\/www.claret.cat\/es\/wp-json\/wp\/v2\/media\/417913"}],"wp:attachment":[{"href":"https:\/\/www.claret.cat\/es\/wp-json\/wp\/v2\/media?parent=417912"}],"wp:term":[{"taxonomy":"product_brand","embeddable":true,"href":"https:\/\/www.claret.cat\/es\/wp-json\/wp\/v2\/product_brand?post=417912"},{"taxonomy":"product_cat","embeddable":true,"href":"https:\/\/www.claret.cat\/es\/wp-json\/wp\/v2\/product_cat?post=417912"},{"taxonomy":"product_tag","embeddable":true,"href":"https:\/\/www.claret.cat\/es\/wp-json\/wp\/v2\/product_tag?post=417912"}],"curies":[{"name":"wp","href":"https:\/\/api.w.org\/{rel}","templated":true}]}}

<p>El título de esta obra, Despierta, más que un imperativo, es una propuesta que recoge el sentido de todos y cada uno de los textos que la conforman. Son textos que, contemplados desde la antropología, la filosofía, la psicología y la espiritualidad, abordan diferentes temas, como la esperanza, la resiliencia, la sacralidad, el asombro, el agradecimiento, la fraternidad o la sencillez. Los textos no se quedan solamente en el análisis y la reflexión crítica, sino que ofrecen preguntas como un reto para el lector. Son, pues, textos que invitan a salir de la rutina del no pensar, a romper las inercias inconscientes en las que, una vez instalados, terminamos viviendo, a transformar las conciencias. Escritos en diferentes momentos, estas reflexiones surgen del inconformismo y la crítica, pero sobre todo de la esperanza, esa esperanza que tiene que ver con esa virtud que nos lleva a responsabilizarnos del futuro y convertirnos en protagonistas y responsables de nuestra historia y de la Historia.</p>

Rústica

ENSAYO PARA UNA VIDA LÚCIDA

SAN PABLO COMUNICACIÓN
