{"id":418321,"date":"2023-04-27T15:55:02","date_gmt":"2023-04-27T13:55:02","guid":{"rendered":"https:\/\/www.claret.cat\/llibre\/ventanas-a-la-sinodalidad-9788490739020\/"},"modified":"2025-11-05T13:15:37","modified_gmt":"2025-11-05T12:15:37","slug":"ventanas-a-la-sinodalidad-9788490739020","status":"publish","type":"product","link":"https:\/\/www.claret.cat\/es\/libro\/ventanas-a-la-sinodalidad-9788490739020\/","title":{"rendered":"VENTANAS A LA SINODALIDAD"},"content":{"rendered":"<p>La sinodalidad, vivida con una profunda actitud de escucha al Esp\u00edritu y de discernimiento comunitario, es verdaderamente un camino de conversi\u00f3n personal y comunitaria. Esto significa crear condiciones de posibilidad para que todos y todas podamos caminar juntos como Pueblo de Dios, y discernir creativamente formas, din\u00e1micas comunicativas, estructuras y procesos que permitan la interacci\u00f3n y vinculaci\u00f3n de todos los sujetos que conforman el Nosotros eclesial.   Este camino es una oportunidad para reconocer e integrar lo que aportan las reflexiones, palabras, experiencias y acciones de las mujeres para la comprensi\u00f3n y el desarrollo de una iglesia sinodal. Un grupo de te\u00f3logas nos hemos puesto a repensar algunas categor\u00edas fundamentales que pueden dar luz en este proceso en el que como Iglesia estamos embarcados: comuni\u00f3n, inclusi\u00f3n, intersubjetividad, cuidado, masculinidad, ciudadan\u00eda, ministerialidad, discernimiento en com\u00fan y misi\u00f3n. Son diferentes ventanas a la sinodalidad: las dos primeras m\u00e1s propiamente teol\u00f3gicas, las tres siguientes son antropol\u00f3gicas, y las cuatro finales, eclesiol\u00f3gicas.<\/p>\n","protected":false},"excerpt":{"rendered":"<p>EST\u00c9VEZ L\u00d3PEZ, MAR\u00cdA ELISA ; DEPALMA, PAULA MARCELA<\/p>\n","protected":false},"featured_media":418322,"template":"","meta":{"_acf_changed":false,"om_disable_all_campaigns":false,"rs_blank_template":"","rs_page_bg_color":"","slide_template_v7":"","inline_featured_image":false,"_monsterinsights_skip_tracking":false,"_monsterinsights_sitenote_active":false,"_monsterinsights_sitenote_note":"","_monsterinsights_sitenote_category":0},"product_brand":[],"product_cat":[285,419],"product_tag":[],"class_list":{"0":"post-418321","1":"product","2":"type-product","3":"status-publish","4":"has-post-thumbnail","6":"product_cat-pastoral-teologia","7":"product_cat-pastoral-teologia-1_espiritualidad","9":"first","10":"instock","11":"taxable","12":"shipping-taxable","13":"purchasable","14":"product-type-simple"},"acf":{"autor":"EST\u00c9VEZ L\u00d3PEZ, MAR\u00cdA ELISA ; DEPALMA, PAULA MARCELA","codart":"849073902","libros-coleccion":"Aletheia","ediciones":"1","encuadernacion":"R\u00fastica","fecha_de_publicacion":"26\/04\/2023","novedad":"1","paginas":"272","subtitulo":"","orden":"0","portada":"0","idioma":"spa","editorial":[{"ID":6390,"post_author":"3","post_date":"2022-07-28 17:51:08","post_date_gmt":"2022-07-28 15:51:08","post_content":"","post_title":"VERBO DIVINO","post_excerpt":"","post_status":"publish","comment_status":"closed","ping_status":"closed","post_password":"","post_name":"verbo-divino","to_ping":"","pinged":"","post_modified":"2022-07-28 17:51:08","post_modified_gmt":"2022-07-28 15:51:08","post_content_filtered":"","post_parent":0,"guid":"http:\/\/dev.claret.cat\/editorial\/verbo-divino\/","menu_order":0,"post_type":"editorial","post_mime_type":"","comment_count":"0","filter":"raw"}],"autores-libros":[{"ID":163607,"post_author":"3","post_date":"2022-10-14 17:40:23","post_date_gmt":"2022-10-14 15:40:23","post_content":"","post_title":"MAR\u00cdA ELISA EST\u00c9VEZ L\u00d3PEZ","post_excerpt":"","post_status":"publish","comment_status":"closed","ping_status":"closed","post_password":"","post_name":"maria-elisa-estevez-lopez","to_ping":"","pinged":"","post_modified":"2022-10-14 17:40:23","post_modified_gmt":"2022-10-14 15:40:23","post_content_filtered":"","post_parent":0,"guid":"http:\/\/dev.claret.cat\/autor\/maria-elisa-estevez-lopez\/","menu_order":0,"post_type":"autor","post_mime_type":"","comment_count":"0","filter":"raw"},{"ID":418320,"post_author":"3","post_date":"2023-04-27 15:50:13","post_date_gmt":"2023-04-27 13:50:13","post_content":"","post_title":"PAULA MARCELA DEPALMA","post_excerpt":"","post_status":"publish","comment_status":"closed","ping_status":"closed","post_password":"","post_name":"paula-marcela-depalma","to_ping":"","pinged":"","post_modified":"2023-04-27 15:50:13","post_modified_gmt":"2023-04-27 13:50:13","post_content_filtered":"","post_parent":0,"guid":"https:\/\/www.claret.cat\/autor\/paula-marcela-depalma\/","menu_order":0,"post_type":"autor","post_mime_type":"","comment_count":"0","filter":"raw"}],"booktrailer":"","resenas":""},"aioseo_notices":[],"_links":{"self":[{"href":"https:\/\/www.claret.cat\/es\/wp-json\/wp\/v2\/product\/418321","targetHints":{"allow":["GET"]}}],"collection":[{"href":"https:\/\/www.claret.cat\/es\/wp-json\/wp\/v2\/product"}],"about":[{"href":"https:\/\/www.claret.cat\/es\/wp-json\/wp\/v2\/types\/product"}],"wp:featuredmedia":[{"embeddable":true,"href":"https:\/\/www.claret.cat\/es\/wp-json\/wp\/v2\/media\/418322"}],"wp:attachment":[{"href":"https:\/\/www.claret.cat\/es\/wp-json\/wp\/v2\/media?parent=418321"}],"wp:term":[{"taxonomy":"product_brand","embeddable":true,"href":"https:\/\/www.claret.cat\/es\/wp-json\/wp\/v2\/product_brand?post=418321"},{"taxonomy":"product_cat","embeddable":true,"href":"https:\/\/www.claret.cat\/es\/wp-json\/wp\/v2\/product_cat?post=418321"},{"taxonomy":"product_tag","embeddable":true,"href":"https:\/\/www.claret.cat\/es\/wp-json\/wp\/v2\/product_tag?post=418321"}],"curies":[{"name":"wp","href":"https:\/\/api.w.org\/{rel}","templated":true}]}}

<p>La sinodalidad, vivida con una profunda actitud de escucha al Espíritu y de discernimiento comunitario, es verdaderamente un camino de conversión personal y comunitaria. Esto significa crear condiciones de posibilidad para que todos y todas podamos caminar juntos como Pueblo de Dios, y discernir creativamente formas, dinámicas comunicativas, estructuras y procesos que permitan la interacción y vinculación de todos los sujetos que conforman el Nosotros eclesial.   Este camino es una oportunidad para reconocer e integrar lo que aportan las reflexiones, palabras, experiencias y acciones de las mujeres para la comprensión y el desarrollo de una iglesia sinodal. Un grupo de teólogas nos hemos puesto a repensar algunas categorías fundamentales que pueden dar luz en este proceso en el que como Iglesia estamos embarcados: comunión, inclusión, intersubjetividad, cuidado, masculinidad, ciudadanía, ministerialidad, discernimiento en común y misión. Son diferentes ventanas a la sinodalidad: las dos primeras más propiamente teológicas, las tres siguientes son antropológicas, y las cuatro finales, eclesiológicas.</p>

<p>ESTÉVEZ LÓPEZ, MARÍA ELISA ; DEPALMA, PAULA MARCELA</p>

ESTÉVEZ LÓPEZ, MARÍA ELISA ; DEPALMA, PAULA MARCELA

Rústica

MARÍA ELISA ESTÉVEZ LÓPEZ
