{"id":418469,"date":"2023-05-02T16:30:18","date_gmt":"2023-05-02T14:30:18","guid":{"rendered":"https:\/\/www.claret.cat\/llibre\/la-vida-es-eterna-9788466675321\/"},"modified":"2023-10-11T02:59:10","modified_gmt":"2023-10-11T00:59:10","slug":"la-vida-es-eterna-9788466675321","status":"publish","type":"product","link":"https:\/\/www.claret.cat\/es\/libro\/la-vida-es-eterna-9788466675321\/","title":{"rendered":"LA VIDA ES ETERNA"},"content":{"rendered":"<p>Mario Amor\u00f3s traza la biograf\u00eda de V\u00edctor Jara, s\u00edmbolo universal de la canci\u00f3n comprometida, a partir de una minuciosa investigaci\u00f3n en los archivos de Chile, Cuba, Per\u00fa y Espa\u00f1a y de abundante documentaci\u00f3n in\u00e9dita.  A lo largo de estas p\u00e1ginas, narra la infancia de V\u00edctor Jara en el mundo rural, cuando su madre, Amanda, le dio a conocer la m\u00fasica de los campesinos; su juventud en la humilde poblaci\u00f3n Los Nogales de Santiago de Chile, los d\u00edas en un seminario cat\u00f3lico, el servicio militar en el ej\u00e9rcito y su incorporaci\u00f3n a la vanguardista Escuela de Teatro de la Universidad de Chile; la consagraci\u00f3n como director teatral, su relaci\u00f3n sentimental con Joan Turner y la vida familiar. Tambi\u00e9n profundiza en su intensa actividad como solista, que alcanz\u00f3 la etapa m\u00e1s f\u00e9rtil cuando apoy\u00f3 a la Unidad Popular y al presidente Salvador Allende como militante comunista. Y relata el d\u00eda tr\u00e1gico del golpe de Estado, la posterior detenci\u00f3n y tortura y sus \u00faltimosinstantes a partir de una f uente excepcional: los miles de p\u00e1ginas del proceso judicial instruido para esclarecer su asesinato. Cuando se cumplen cincuenta a\u00f1os de aquel crimen, la figura de V\u00edctor Jara y sus canciones permanecen vivas. \u00abCanto que ha sido valiente \/ siempre ser\u00e1 canci\u00f3n nueva\u00bb, profetiz\u00f3 en \u00abManifiesto\u00bb, una de sus \u00faltimas composiciones. Mario Amor\u00f3s ha escrito un libro imprescindible<\/p>\n","protected":false},"excerpt":{"rendered":"<p>AMOR\u00d3S, MARIO<\/p>\n","protected":false},"featured_media":418470,"template":"","meta":{"_acf_changed":false,"om_disable_all_campaigns":false,"rs_blank_template":"","rs_page_bg_color":"","slide_template_v7":"","inline_featured_image":false,"_monsterinsights_skip_tracking":false,"_monsterinsights_sitenote_active":false,"_monsterinsights_sitenote_note":"","_monsterinsights_sitenote_category":0},"product_brand":[],"product_cat":[549,99],"product_tag":[],"class_list":{"0":"post-418469","1":"product","2":"type-product","3":"status-publish","4":"has-post-thumbnail","6":"product_cat-biografias","7":"product_cat-biografies","9":"first","10":"instock","11":"taxable","12":"shipping-taxable","13":"purchasable","14":"product-type-simple"},"acf":{"autor":"AMOR\u00d3S, MARIO","codart":"846667532","libros-coleccion":"NO FICCION","ediciones":"1","encuadernacion":"R\u00fastica","fecha_de_publicacion":"01\/05\/2023","novedad":"1","paginas":"401","subtitulo":"BIOGRAF\u00cdA DE V\u00cdCTOR JARA","orden":"0","portada":"1","idioma":"spa","editorial":[{"ID":6200,"post_author":"3","post_date":"2022-07-28 17:47:00","post_date_gmt":"2022-07-28 15:47:00","post_content":"","post_title":"EDICIONES B","post_excerpt":"","post_status":"publish","comment_status":"closed","ping_status":"closed","post_password":"","post_name":"ediciones-b","to_ping":"","pinged":"","post_modified":"2022-07-28 17:47:00","post_modified_gmt":"2022-07-28 15:47:00","post_content_filtered":"","post_parent":0,"guid":"http:\/\/dev.claret.cat\/editorial\/ediciones-b\/","menu_order":0,"post_type":"editorial","post_mime_type":"","comment_count":"0","filter":"raw"}],"autores-libros":[{"ID":163963,"post_author":"3","post_date":"2022-10-14 17:43:15","post_date_gmt":"2022-10-14 15:43:15","post_content":"","post_title":"MARIO AMOROS","post_excerpt":"","post_status":"publish","comment_status":"closed","ping_status":"closed","post_password":"","post_name":"mario-amoros","to_ping":"","pinged":"","post_modified":"2022-10-14 17:43:15","post_modified_gmt":"2022-10-14 15:43:15","post_content_filtered":"","post_parent":0,"guid":"http:\/\/dev.claret.cat\/autor\/mario-amoros\/","menu_order":0,"post_type":"autor","post_mime_type":"","comment_count":"0","filter":"raw"}]},"aioseo_notices":[],"_links":{"self":[{"href":"https:\/\/www.claret.cat\/es\/wp-json\/wp\/v2\/product\/418469","targetHints":{"allow":["GET"]}}],"collection":[{"href":"https:\/\/www.claret.cat\/es\/wp-json\/wp\/v2\/product"}],"about":[{"href":"https:\/\/www.claret.cat\/es\/wp-json\/wp\/v2\/types\/product"}],"wp:featuredmedia":[{"embeddable":true,"href":"https:\/\/www.claret.cat\/es\/wp-json\/wp\/v2\/media\/418470"}],"wp:attachment":[{"href":"https:\/\/www.claret.cat\/es\/wp-json\/wp\/v2\/media?parent=418469"}],"wp:term":[{"taxonomy":"product_brand","embeddable":true,"href":"https:\/\/www.claret.cat\/es\/wp-json\/wp\/v2\/product_brand?post=418469"},{"taxonomy":"product_cat","embeddable":true,"href":"https:\/\/www.claret.cat\/es\/wp-json\/wp\/v2\/product_cat?post=418469"},{"taxonomy":"product_tag","embeddable":true,"href":"https:\/\/www.claret.cat\/es\/wp-json\/wp\/v2\/product_tag?post=418469"}],"curies":[{"name":"wp","href":"https:\/\/api.w.org\/{rel}","templated":true}]}}

<p>Mario Amorós traza la biografía de Víctor Jara, símbolo universal de la canción comprometida, a partir de una minuciosa investigación en los archivos de Chile, Cuba, Perú y España y de abundante documentación inédita.  A lo largo de estas páginas, narra la infancia de Víctor Jara en el mundo rural, cuando su madre, Amanda, le dio a conocer la música de los campesinos; su juventud en la humilde población Los Nogales de Santiago de Chile, los días en un seminario católico, el servicio militar en el ejército y su incorporación a la vanguardista Escuela de Teatro de la Universidad de Chile; la consagración como director teatral, su relación sentimental con Joan Turner y la vida familiar. También profundiza en su intensa actividad como solista, que alcanzó la etapa más fértil cuando apoyó a la Unidad Popular y al presidente Salvador Allende como militante comunista. Y relata el día trágico del golpe de Estado, la posterior detención y tortura y sus últimosinstantes a partir de una f uente excepcional: los miles de páginas del proceso judicial instruido para esclarecer su asesinato. Cuando se cumplen cincuenta años de aquel crimen, la figura de Víctor Jara y sus canciones permanecen vivas. «Canto que ha sido valiente / siempre será canción nueva», profetizó en «Manifiesto», una de sus últimas composiciones. Mario Amorós ha escrito un libro imprescindible</p>

<p>AMORÓS, MARIO</p>

AMORÓS, MARIO

Rústica

BIOGRAFÍA DE VÍCTOR JARA
