{"id":419111,"date":"2023-05-08T09:35:18","date_gmt":"2023-05-08T07:35:18","guid":{"rendered":"https:\/\/www.claret.cat\/llibre\/en-la-memoria-de-la-piel-9788428840057\/"},"modified":"2024-05-24T10:11:49","modified_gmt":"2024-05-24T08:11:49","slug":"en-la-memoria-de-la-piel-9788428840057","status":"publish","type":"product","link":"https:\/\/www.claret.cat\/es\/libro\/en-la-memoria-de-la-piel-9788428840057\/","title":{"rendered":"EN LA MEMORIA DE LA PIEL"},"content":{"rendered":"<p>Dice la autora que los textos que componen este libro surgen de lo que vive, de lo que escucha, de lo que le duele y le alegra. Y la mayor\u00eda de ellos surgen, casi inadvertidamente, como si estuvieran ah\u00ed, esperando ser escritos. De la memoria de la piel, quiz\u00e1. Que es tanto como decir de la memoria del coraz\u00f3n, de la carne, en el sentido m\u00e1s simple y en el m\u00e1s teol\u00f3gico tambi\u00e9n.Cada texto es un retazo de haber vivido. Tambi\u00e9n de lo que se sue\u00f1a, se anhela, se espera. Porque, al final, todo nace y crece en el mismo lugar. En lo que somos. Sin ello ser\u00edamos otra cosa. Otra persona. Otro nombre y otro rostro. Cada texto es un aprendizaje. A veces hecho con mucho tiempo y mucho esfuerzo; pero la mayor\u00eda son aprendizajes regalados, como ocurre con las cosas importantes de la vida.<\/p>\n","protected":false},"excerpt":{"rendered":"<p>RUIZ ARAGONESES, ROSA<\/p>\n","protected":false},"featured_media":419113,"template":"","meta":{"_acf_changed":false,"om_disable_all_campaigns":false,"rs_blank_template":"","rs_page_bg_color":"","slide_template_v7":"","inline_featured_image":false,"_monsterinsights_skip_tracking":false},"product_brand":[],"product_cat":[90,284,418,540,542,92],"product_tag":[],"class_list":["post-419111","product","type-product","status-publish","has-post-thumbnail","product_cat-altres","product_cat-espiritual","product_cat-espiritual-teologia-1_espiritualidad","product_cat-otros","product_cat-vida-religiosa-1_espiritualidad-spa","product_cat-vida-religiosa","first","instock","taxable","shipping-taxable","purchasable","product-type-simple"],"acf":{"autor":"RUIZ ARAGONESES, ROSA","codart":"842884005","libros-coleccion":"Sauce","ediciones":"1","encuadernacion":"R\u00fastica","fecha_de_publicacion":"05\/05\/2023","novedad":"1","paginas":"328","subtitulo":"CONSIDERACIONES ESPIRITUALES QUE NACEN DE LA VIDA","orden":"0","portada":"1","idioma":"spa","editorial":[{"ID":6335,"post_author":"3","post_date":"2022-07-28 17:49:59","post_date_gmt":"2022-07-28 15:49:59","post_content":"","post_title":"PPC altres","post_excerpt":"","post_status":"publish","comment_status":"closed","ping_status":"closed","post_password":"","post_name":"ppc-altres","to_ping":"","pinged":"","post_modified":"2022-07-28 17:49:59","post_modified_gmt":"2022-07-28 15:49:59","post_content_filtered":"","post_parent":0,"guid":"http:\/\/dev.claret.cat\/editorial\/ppc-altres\/","menu_order":0,"post_type":"editorial","post_mime_type":"","comment_count":"0","filter":"raw"}],"autores-libros":[{"ID":419128,"post_author":"3","post_date":"2023-05-08 09:55:08","post_date_gmt":"2023-05-08 07:55:08","post_content":"","post_title":"ROSA RUIZ ARAGONESES","post_excerpt":"","post_status":"publish","comment_status":"closed","ping_status":"closed","post_password":"","post_name":"rosa-ruiz-aragoneses","to_ping":"","pinged":"","post_modified":"2023-05-08 09:55:08","post_modified_gmt":"2023-05-08 07:55:08","post_content_filtered":"","post_parent":0,"guid":"https:\/\/www.claret.cat\/autor\/rosa-ruiz-aragoneses\/","menu_order":0,"post_type":"autor","post_mime_type":"","comment_count":"0","filter":"raw"}]},"_links":{"self":[{"href":"https:\/\/www.claret.cat\/es\/wp-json\/wp\/v2\/product\/419111","targetHints":{"allow":["GET"]}}],"collection":[{"href":"https:\/\/www.claret.cat\/es\/wp-json\/wp\/v2\/product"}],"about":[{"href":"https:\/\/www.claret.cat\/es\/wp-json\/wp\/v2\/types\/product"}],"wp:featuredmedia":[{"embeddable":true,"href":"https:\/\/www.claret.cat\/es\/wp-json\/wp\/v2\/media\/419113"}],"wp:attachment":[{"href":"https:\/\/www.claret.cat\/es\/wp-json\/wp\/v2\/media?parent=419111"}],"wp:term":[{"taxonomy":"product_brand","embeddable":true,"href":"https:\/\/www.claret.cat\/es\/wp-json\/wp\/v2\/product_brand?post=419111"},{"taxonomy":"product_cat","embeddable":true,"href":"https:\/\/www.claret.cat\/es\/wp-json\/wp\/v2\/product_cat?post=419111"},{"taxonomy":"product_tag","embeddable":true,"href":"https:\/\/www.claret.cat\/es\/wp-json\/wp\/v2\/product_tag?post=419111"}],"curies":[{"name":"wp","href":"https:\/\/api.w.org\/{rel}","templated":true}]}}

<p>Dice la autora que los textos que componen este libro surgen de lo que vive, de lo que escucha, de lo que le duele y le alegra. Y la mayoría de ellos surgen, casi inadvertidamente, como si estuvieran ahí, esperando ser escritos. De la memoria de la piel, quizá. Que es tanto como decir de la memoria del corazón, de la carne, en el sentido más simple y en el más teológico también.Cada texto es un retazo de haber vivido. También de lo que se sueña, se anhela, se espera. Porque, al final, todo nace y crece en el mismo lugar. En lo que somos. Sin ello seríamos otra cosa. Otra persona. Otro nombre y otro rostro. Cada texto es un aprendizaje. A veces hecho con mucho tiempo y mucho esfuerzo; pero la mayoría son aprendizajes regalados, como ocurre con las cosas importantes de la vida.</p>

Rústica
