{"id":419417,"date":"2023-05-09T18:26:19","date_gmt":"2023-05-09T16:26:19","guid":{"rendered":"https:\/\/www.claret.cat\/llibre\/anna-kadabra-cuaderno-de-vacaciones-2o-de-primaria-9788408253433\/"},"modified":"2025-05-13T12:41:34","modified_gmt":"2025-05-13T10:41:34","slug":"anna-kadabra-cuaderno-de-vacaciones-2o-de-primaria-9788408253433","status":"publish","type":"product","link":"https:\/\/www.claret.cat\/es\/libro\/anna-kadabra-cuaderno-de-vacaciones-2o-de-primaria-9788408253433\/","title":{"rendered":"ANNA KADABRA. CUADERNO DE VACACIONES. 2\u00ba DE PRIMARIA"},"content":{"rendered":"<p>Refresca los conocimientos adquiridos durante el curso escolar con los cuadernos de vacaciones de Anna Kadabra.<br \/> Con actividades did\u00e1cticas adecuadas a cada edad, y alternando las diferentes \u00e1reas de trabajo, podr\u00e1s repasar de forma l\u00fadica y aprender jugando.<br \/> Al final del libro encontrar\u00e1s un diploma y un solucionario, para que puedas corregir los ejercicios a medida que los vas completando e identificar as\u00ed las \u00e1reas de mejora.<\/p>\n","protected":false},"excerpt":{"rendered":"<p>MA\u00d1AS, PEDRO \/ SIERRA LIST\u00d3N, DAVID<\/p>\n","protected":false},"featured_media":419418,"template":"","meta":{"_acf_changed":false,"om_disable_all_campaigns":false,"rs_blank_template":"","rs_page_bg_color":"","slide_template_v7":"","inline_featured_image":false,"_monsterinsights_skip_tracking":false,"_monsterinsights_sitenote_active":false,"_monsterinsights_sitenote_note":"","_monsterinsights_sitenote_category":0},"product_brand":[],"product_cat":[333,122],"product_tag":[],"class_list":{"0":"post-419417","1":"product","2":"type-product","3":"status-publish","4":"has-post-thumbnail","6":"product_cat-cuadernos-de-vacaciones","7":"product_cat-quaderns-de-vacances","9":"first","10":"instock","11":"taxable","12":"shipping-taxable","13":"purchasable","14":"product-type-simple"},"acf":{"autor":"MA\u00d1AS, PEDRO \/ SIERRA LIST\u00d3N, DAVID","codart":"840825343","libros-coleccion":"Anna Kadabra","ediciones":"1","encuadernacion":"R\u00fastica","fecha_de_publicacion":"01\/05\/2023","novedad":"1","paginas":"112","subtitulo":"","orden":"0","portada":"0","idioma":"spa","editorial":[{"ID":6233,"post_author":"3","post_date":"2022-07-28 17:47:48","post_date_gmt":"2022-07-28 15:47:48","post_content":"","post_title":"EDITORIAL PLANETA","post_excerpt":"","post_status":"publish","comment_status":"closed","ping_status":"closed","post_password":"","post_name":"editorial-planeta","to_ping":"","pinged":"","post_modified":"2022-07-28 17:47:48","post_modified_gmt":"2022-07-28 15:47:48","post_content_filtered":"","post_parent":0,"guid":"http:\/\/dev.claret.cat\/editorial\/editorial-planeta\/","menu_order":0,"post_type":"editorial","post_mime_type":"","comment_count":"0","filter":"raw"}],"autores-libros":[{"ID":5933,"post_author":"3","post_date":"2022-07-28 17:34:36","post_date_gmt":"2022-07-28 15:34:36","post_content":"","post_title":"PEDRO MA\u00d1AS","post_excerpt":"","post_status":"publish","comment_status":"closed","ping_status":"closed","post_password":"","post_name":"pedro-manas","to_ping":"","pinged":"","post_modified":"2022-07-28 17:34:36","post_modified_gmt":"2022-07-28 15:34:36","post_content_filtered":"","post_parent":0,"guid":"http:\/\/dev.claret.cat\/autor\/pedro-manas\/","menu_order":0,"post_type":"autor","post_mime_type":"","comment_count":"0","filter":"raw"},{"ID":5393,"post_author":"3","post_date":"2022-07-28 17:23:01","post_date_gmt":"2022-07-28 15:23:01","post_content":"","post_title":"DAVID SIERRA LIST\u00d3N","post_excerpt":"","post_status":"publish","comment_status":"closed","ping_status":"closed","post_password":"","post_name":"david-sierra-liston","to_ping":"","pinged":"","post_modified":"2022-07-28 17:23:01","post_modified_gmt":"2022-07-28 15:23:01","post_content_filtered":"","post_parent":0,"guid":"http:\/\/dev.claret.cat\/autor\/david-sierra-liston\/","menu_order":0,"post_type":"autor","post_mime_type":"","comment_count":"0","filter":"raw"}],"booktrailer":"","resenas":""},"aioseo_notices":[],"_links":{"self":[{"href":"https:\/\/www.claret.cat\/es\/wp-json\/wp\/v2\/product\/419417","targetHints":{"allow":["GET"]}}],"collection":[{"href":"https:\/\/www.claret.cat\/es\/wp-json\/wp\/v2\/product"}],"about":[{"href":"https:\/\/www.claret.cat\/es\/wp-json\/wp\/v2\/types\/product"}],"wp:featuredmedia":[{"embeddable":true,"href":"https:\/\/www.claret.cat\/es\/wp-json\/wp\/v2\/media\/419418"}],"wp:attachment":[{"href":"https:\/\/www.claret.cat\/es\/wp-json\/wp\/v2\/media?parent=419417"}],"wp:term":[{"taxonomy":"product_brand","embeddable":true,"href":"https:\/\/www.claret.cat\/es\/wp-json\/wp\/v2\/product_brand?post=419417"},{"taxonomy":"product_cat","embeddable":true,"href":"https:\/\/www.claret.cat\/es\/wp-json\/wp\/v2\/product_cat?post=419417"},{"taxonomy":"product_tag","embeddable":true,"href":"https:\/\/www.claret.cat\/es\/wp-json\/wp\/v2\/product_tag?post=419417"}],"curies":[{"name":"wp","href":"https:\/\/api.w.org\/{rel}","templated":true}]}}

ANNA KADABRA. CUADERNO DE VACACIONES. 2º DE PRIMARIA

<p>Refresca los conocimientos adquiridos durante el curso escolar con los cuadernos de vacaciones de Anna Kadabra.<br /> Con actividades didácticas adecuadas a cada edad, y alternando las diferentes áreas de trabajo, podrás repasar de forma lúdica y aprender jugando.<br /> Al final del libro encontrarás un diploma y un solucionario, para que puedas corregir los ejercicios a medida que los vas completando e identificar así las áreas de mejora.</p>

<p>MAÑAS, PEDRO / SIERRA LISTÓN, DAVID</p>

MAÑAS, PEDRO / SIERRA LISTÓN, DAVID

Rústica

PEDRO MAÑAS

DAVID SIERRA LISTÓN
