{"id":42279,"date":"2022-10-02T19:55:43","date_gmt":"2022-10-02T17:55:43","guid":{"rendered":"http:\/\/dev.claret.cat\/producte\/la-princesa-el-drac-i-el-cavaller-desarmat\/"},"modified":"2024-05-03T11:01:13","modified_gmt":"2024-05-03T09:01:13","slug":"la-princesa-el-drac-i-el-cavaller-desarmat-9788418522901","status":"publish","type":"product","link":"https:\/\/www.claret.cat\/es\/libro\/la-princesa-el-drac-i-el-cavaller-desarmat-9788418522901\/","title":{"rendered":"LA PRINCESA, EL DRAC I EL CAVALLER DESARMAT"},"content":{"rendered":"<p>Aquesta llegenda de Sant Jordi no \u00e9s tal com la coneixeu. Segurament us n&#8221;han narrat una versi\u00f3 diferent, un relat esbiaixat i ple de mitges veritats que t\u00e9 poc a veure amb el que realment va passar. Aqu\u00ed no hi apareixen princeses bledes, ni dracs ferotges, ni cavallers armats. <\/p>\n<p> \u00c9s precisament la mirada del cavaller Jordi la que fa canviar el dest\u00ed de la b\u00e8stia alada i de tot el poble. Potser s\u00ed que va passar aix\u00ed&#8230; qui sap.<\/p>\n","protected":false},"excerpt":{"rendered":"<p>TURU, JOAN<\/p>\n","protected":false},"featured_media":58361,"template":"","meta":{"_acf_changed":false,"om_disable_all_campaigns":false,"rs_blank_template":"","rs_page_bg_color":"","slide_template_v7":"","inline_featured_image":false,"_monsterinsights_skip_tracking":false,"_monsterinsights_sitenote_active":false,"_monsterinsights_sitenote_note":"","_monsterinsights_sitenote_category":0},"product_brand":[],"product_cat":[131,361],"product_tag":[],"class_list":{"0":"post-42279","1":"product","2":"type-product","3":"status-publish","4":"has-post-thumbnail","6":"product_cat-contes-per-infants-0-6-anys","7":"product_cat-cuentos-para-ninos-0-6-anos","9":"first","10":"instock","11":"taxable","12":"shipping-taxable","13":"purchasable","14":"product-type-simple"},"acf":{"autor":"TURU, JOAN","codart":"841852290","libros-coleccion":"Tresors","ediciones":"1","encuadernacion":"Carton\u00e9","fecha_de_publicacion":"01\/03\/2022","novedad":"1","paginas":"40","subtitulo":"","orden":"0","portada":"0","idioma":"cat","editorial":[{"ID":148063,"post_author":"3","post_date":"2022-10-14 11:55:21","post_date_gmt":"2022-10-14 09:55:21","post_content":"","post_title":"EL CEP I LA NANSA EDICIONS","post_excerpt":"","post_status":"publish","comment_status":"closed","ping_status":"closed","post_password":"","post_name":"el-cep-i-la-nansa-edicions","to_ping":"","pinged":"","post_modified":"2022-10-14 11:55:21","post_modified_gmt":"2022-10-14 09:55:21","post_content_filtered":"","post_parent":0,"guid":"http:\/\/dev.claret.cat\/editorial\/el-cep-i-la-nansa-edicions\/","menu_order":0,"post_type":"editorial","post_mime_type":"","comment_count":"0","filter":"raw"}],"autores-libros":[{"ID":159442,"post_author":"3","post_date":"2022-10-14 15:44:53","post_date_gmt":"2022-10-14 13:44:53","post_content":"","post_title":"JOAN TURU","post_excerpt":"","post_status":"publish","comment_status":"closed","ping_status":"closed","post_password":"","post_name":"joan-turu","to_ping":"","pinged":"","post_modified":"2022-10-14 15:44:53","post_modified_gmt":"2022-10-14 13:44:53","post_content_filtered":"","post_parent":0,"guid":"http:\/\/dev.claret.cat\/autor\/joan-turu\/","menu_order":0,"post_type":"autor","post_mime_type":"","comment_count":"0","filter":"raw"}]},"aioseo_notices":[],"_links":{"self":[{"href":"https:\/\/www.claret.cat\/es\/wp-json\/wp\/v2\/product\/42279","targetHints":{"allow":["GET"]}}],"collection":[{"href":"https:\/\/www.claret.cat\/es\/wp-json\/wp\/v2\/product"}],"about":[{"href":"https:\/\/www.claret.cat\/es\/wp-json\/wp\/v2\/types\/product"}],"wp:featuredmedia":[{"embeddable":true,"href":"https:\/\/www.claret.cat\/es\/wp-json\/wp\/v2\/media\/58361"}],"wp:attachment":[{"href":"https:\/\/www.claret.cat\/es\/wp-json\/wp\/v2\/media?parent=42279"}],"wp:term":[{"taxonomy":"product_brand","embeddable":true,"href":"https:\/\/www.claret.cat\/es\/wp-json\/wp\/v2\/product_brand?post=42279"},{"taxonomy":"product_cat","embeddable":true,"href":"https:\/\/www.claret.cat\/es\/wp-json\/wp\/v2\/product_cat?post=42279"},{"taxonomy":"product_tag","embeddable":true,"href":"https:\/\/www.claret.cat\/es\/wp-json\/wp\/v2\/product_tag?post=42279"}],"curies":[{"name":"wp","href":"https:\/\/api.w.org\/{rel}","templated":true}]}}

<p>Aquesta llegenda de Sant Jordi no és tal com la coneixeu. Segurament us n&#8221;han narrat una versió diferent, un relat esbiaixat i ple de mitges veritats que té poc a veure amb el que realment va passar. Aquí no hi apareixen princeses bledes, ni dracs ferotges, ni cavallers armats. </p>
<p> És precisament la mirada del cavaller Jordi la que fa canviar el destí de la bèstia alada i de tot el poble. Potser sí que va passar així&#8230; qui sap.</p>

Cartoné
