{"id":430084,"date":"2023-05-17T18:01:48","date_gmt":"2023-05-17T16:01:48","guid":{"rendered":"https:\/\/www.claret.cat\/llibre\/aprender-para-transformar-9788491362241\/"},"modified":"2024-05-23T04:19:37","modified_gmt":"2024-05-23T02:19:37","slug":"aprender-para-transformar-9788491362241","status":"publish","type":"product","link":"https:\/\/www.claret.cat\/es\/libro\/aprender-para-transformar-9788491362241\/","title":{"rendered":"APRENDER PARA TRANSFORMAR"},"content":{"rendered":"<p>Transformar es una de las palabras recurrentes en los documentos que definen el papel de las y los profesionales de la intervenci\u00f3n social y educativa. Es una palabra cargada de perspectiva sociopol\u00edtica, que expresa la voluntad de incidir en los mecanismos que generan injusticia, violencia o desigualdad de oportunidades para vivir con plenitud todas las vidas.<br \/>Aprender es otra de esas palabras que conviene releer de vez en cuando. Cuando aprendemos, aceptamos que no tenemos todas las respuestas y, sobre todo, que no siempre nos hemos formulado las preguntas adecuadas.<\/p>\n","protected":false},"excerpt":{"rendered":"<p>L\u00d3PEZ JIM\u00c9NEZ, PACO; NAVARRO-SEGURA, LISETTE (COORD.)<\/p>\n","protected":false},"featured_media":430085,"template":"","meta":{"_acf_changed":false,"om_disable_all_campaigns":false,"rs_blank_template":"","rs_page_bg_color":"","slide_template_v7":"","inline_featured_image":false,"_monsterinsights_skip_tracking":false,"_monsterinsights_sitenote_active":false,"_monsterinsights_sitenote_note":"","_monsterinsights_sitenote_category":0},"product_brand":[],"product_cat":[434,159,581],"product_tag":[],"class_list":{"0":"post-430084","1":"product","2":"type-product","3":"status-publish","4":"has-post-thumbnail","6":"product_cat-autores-sociologia-2_humanidades","7":"product_cat-autors","8":"product_cat-editorial-claret","10":"first","11":"instock","12":"taxable","13":"shipping-taxable","14":"purchasable","15":"product-type-simple"},"acf":{"autor":"L\u00d3PEZ JIM\u00c9NEZ, PACO; NAVARRO-SEGURA, LISETTE (COORD.)","codart":"849136224","libros-coleccion":"","ediciones":"1","encuadernacion":"R\u00fastica","fecha_de_publicacion":"04\/07\/2019","novedad":"0","paginas":"200","subtitulo":"PROPUESTAS PR\u00c1CTICAS DE DID\u00c1CTICA DE LA ACCI\u00d3N SOCIOEDUCATIVA","orden":"0","portada":"0","idioma":"spa","editorial":[{"ID":6158,"post_author":"3","post_date":"2022-07-28 17:46:08","post_date_gmt":"2022-07-28 15:46:08","post_content":"","post_title":"CLARET","post_excerpt":"","post_status":"publish","comment_status":"closed","ping_status":"closed","post_password":"","post_name":"claret","to_ping":"","pinged":"","post_modified":"2022-07-28 17:46:08","post_modified_gmt":"2022-07-28 15:46:08","post_content_filtered":"","post_parent":0,"guid":"http:\/\/dev.claret.cat\/editorial\/claret\/","menu_order":0,"post_type":"editorial","post_mime_type":"","comment_count":"0","filter":"raw"}],"autores-libros":[{"ID":5915,"post_author":"3","post_date":"2022-07-28 17:34:13","post_date_gmt":"2022-07-28 15:34:13","post_content":"","post_title":"PACO L\u00d3PEZ JIM\u00c9NEZ","post_excerpt":"","post_status":"publish","comment_status":"closed","ping_status":"closed","post_password":"","post_name":"paco-lopez-jimenez","to_ping":"","pinged":"","post_modified":"2022-07-28 17:34:13","post_modified_gmt":"2022-07-28 15:34:13","post_content_filtered":"","post_parent":0,"guid":"http:\/\/dev.claret.cat\/autor\/paco-lopez-jimenez\/","menu_order":0,"post_type":"autor","post_mime_type":"","comment_count":"0","filter":"raw"},{"ID":5729,"post_author":"3","post_date":"2022-07-28 17:30:12","post_date_gmt":"2022-07-28 15:30:12","post_content":"","post_title":"LISETTE (COORD.) NAVARRO-SEGURA","post_excerpt":"","post_status":"publish","comment_status":"closed","ping_status":"closed","post_password":"","post_name":"lisette-coord-navarro-segura","to_ping":"","pinged":"","post_modified":"2022-07-28 17:30:12","post_modified_gmt":"2022-07-28 15:30:12","post_content_filtered":"","post_parent":0,"guid":"http:\/\/dev.claret.cat\/autor\/lisette-coord-navarro-segura\/","menu_order":0,"post_type":"autor","post_mime_type":"","comment_count":"0","filter":"raw"}],"booktrailer":"","linkebook":"","ficha":"849136224_1688645915.pdf","muestra":"","precioebook":"0","presentacion":"","resenas":""},"aioseo_notices":[],"_links":{"self":[{"href":"https:\/\/www.claret.cat\/es\/wp-json\/wp\/v2\/product\/430084","targetHints":{"allow":["GET"]}}],"collection":[{"href":"https:\/\/www.claret.cat\/es\/wp-json\/wp\/v2\/product"}],"about":[{"href":"https:\/\/www.claret.cat\/es\/wp-json\/wp\/v2\/types\/product"}],"wp:featuredmedia":[{"embeddable":true,"href":"https:\/\/www.claret.cat\/es\/wp-json\/wp\/v2\/media\/430085"}],"wp:attachment":[{"href":"https:\/\/www.claret.cat\/es\/wp-json\/wp\/v2\/media?parent=430084"}],"wp:term":[{"taxonomy":"product_brand","embeddable":true,"href":"https:\/\/www.claret.cat\/es\/wp-json\/wp\/v2\/product_brand?post=430084"},{"taxonomy":"product_cat","embeddable":true,"href":"https:\/\/www.claret.cat\/es\/wp-json\/wp\/v2\/product_cat?post=430084"},{"taxonomy":"product_tag","embeddable":true,"href":"https:\/\/www.claret.cat\/es\/wp-json\/wp\/v2\/product_tag?post=430084"}],"curies":[{"name":"wp","href":"https:\/\/api.w.org\/{rel}","templated":true}]}}

<p>Transformar es una de las palabras recurrentes en los documentos que definen el papel de las y los profesionales de la intervención social y educativa. Es una palabra cargada de perspectiva sociopolítica, que expresa la voluntad de incidir en los mecanismos que generan injusticia, violencia o desigualdad de oportunidades para vivir con plenitud todas las vidas.<br />Aprender es otra de esas palabras que conviene releer de vez en cuando. Cuando aprendemos, aceptamos que no tenemos todas las respuestas y, sobre todo, que no siempre nos hemos formulado las preguntas adecuadas.</p>

<p>LÓPEZ JIMÉNEZ, PACO; NAVARRO-SEGURA, LISETTE (COORD.)</p>

LÓPEZ JIMÉNEZ, PACO; NAVARRO-SEGURA, LISETTE (COORD.)

Rústica

PROPUESTAS PRÁCTICAS DE DIDÁCTICA DE LA ACCIÓN SOCIOEDUCATIVA

PACO LÓPEZ JIMÉNEZ
